000
CXUS51 KGYX 020440
CF6CON
PRELIMINARY LOCAL CLIMATOLOGICAL DATA (WS FORM: F-6)
STATION: CONCORD NH
MONTH: MARCH
YEAR: 2020
LATITUDE: 43 12 N
LONGITUDE: 71 30 W
TEMPERATURE IN F: :PCPN: SNOW: WIND :SUNSHINE: SKY :PK WND
================================================================================
1 2 3 4 5 6A 6B 7 8 9 10 11 12 13 14 15 16 17 18
12Z AVG MX 2MIN
DY MAX MIN AVG DEP HDD CDD WTR SNW DPTH SPD SPD DIR MIN PSBL S-S WX SPD DR
================================================================================
1 30 14 22 -6 43 0 0.00 0.0 5 9.8 22 310 M M 1 28 310
2 52 14 33 5 32 0 0.00 0.0 5 5.6 16 170 M M 6 18 22 180
3 62 31 47 18 18 0 0.06 0.0 5 4.9 14 250 M M 5 1 19 130
4 48 38 43 14 22 0 T 0.0 3 15.0 32 270 M M 5 1 47 270
5 49 25 37 8 28 0 0.00 0.0 3 8.9 23 300 M M 1 32 300
6 47 20 34 4 31 0 T 0.0 3 6.4 18 10 M M 4 26 20
7 41 24 33 3 32 0 0.00 0.0 2 13.5 24 320 M M 0 32 320
8 53 19 36 6 29 0 0.00 0.0 2 5.3 17 310 M M 0 23 300
9 71 27 49 18 16 0 0.00 0.0 1 4.1 17 240 M M 1 24 230
10 63 38 51 20 14 0 T 0.0 T 6.2 23 290 M M 5 31 290
11 51 27 39 8 26 0 0.00 0.0 0 10.3 24 330 M M 2 32 330
12 44 24 34 2 31 0 0.00 0.0 0 3.9 12 130 M M 9 16 90
13 53 38 46 14 19 0 0.54 0.0 0 10.1 29 290 M M 7 1 49 290
14 52 29 41 9 24 0 0.00 0.0 0 12.5 24 310 M M 1 37 300
15 43 24 34 1 31 0 0.00 0.0 0 12.0 22 320 M M 0 26 320
16 39 13 26 -7 39 0 0.00 0.0 0 4.5 14 120 M M 0 19 170
17 42 26 34 1 31 0 T T 0 4.6 13 280 M M 8 18 18 290
18 53 31 42 8 23 0 0.00 0.0 0 5.7 14 280 M M 0 19 290
19 42 32 37 3 28 0 0.24 0.5 T 5.1 13 60 M M 9 1 17 90
20 67 36 52 18 13 0 0.08 0.0 0 7.7 29 270 M M 8 1 41 260
21 51 26 39 4 26 0 0.00 0.0 0 13.6 29 330 M M 1 37 340
22 41 15 28 -7 37 0 0.00 0.0 0 3.9 12 330 M M 0 16 330
23 38 20 29 -7 36 0 0.70 6.2 0 5.4 16 160 M M 7 12 24 150
24 44 26 35 -1 30 0 0.08 0.8 6 7.4 20 310 M M 6 1 26 320
25 44 27 36 0 29 0 0.00 0.0 2 4.1 13 90 M M 7 20 170
26 55 24 40 3 25 0 0.00 0.0 1 4.4 12 150 M M 3 1 14 150
27 59 31 45 8 20 0 0.00 0.0 0 9.2 26 300 M M 2 35 340
28 54 24 39 1 26 0 0.01 0.0 0 2.9 10 170 M M 2 14 160
29 43 35 39 1 26 0 0.84 T 0 5.8 18 290 M M 9 138 24 90
30 42 34 38 0 27 0 0.07 0.0 0 5.7 13 80 M M 10 18 17 60
31 50 26 38 -1 27 0 T 0.1 T 5.7 14 40 M M 4 1 21 40
================================================================================
SM 1523 818 839 0 2.62 7.6 224.2 M 123
================================================================================
AV 49.1 26.4 7.2 FASTST M M 4 MAX(MPH)
MISC ----> # 32 270 # 49 290
================================================================================
NOTES:
# LAST OF SEVERAL OCCURRENCES
COLUMN 17 PEAK WIND IN M.P.H.
PRELIMINARY LOCAL CLIMATOLOGICAL DATA (WS FORM: F-6) , PAGE 2
STATION: CONCORD NH
MONTH: MARCH
YEAR: 2020
LATITUDE: 43 12 N
LONGITUDE: 71 30 W
[TEMPERATURE DATA] [PRECIPITATION DATA] SYMBOLS USED IN COLUMN 16
AVERAGE MONTHLY: 37.8 TOTAL FOR MONTH: 2.62 1 = FOG OR MIST
DPTR FM NORMAL: 4.7 DPTR FM NORMAL: -0.65 2 = FOG REDUCING VISIBILITY
HIGHEST: 71 ON 9 GRTST 24HR 0.84 ON 29-29 TO 1/4 MILE OR LESS
LOWEST: 13 ON 16 3 = THUNDER
SNOW, ICE PELLETS, HAIL 4 = ICE PELLETS
TOTAL MONTH: 7.6 INCHES 5 = HAIL
GRTST 24HR 6.2 ON 23-23 6 = FREEZING RAIN OR DRIZZLE
GRTST DEPTH: 6 ON 24 7 = DUSTSTORM OR SANDSTORM:
VSBY 1/2 MILE OR LESS
8 = SMOKE OR HAZE
[NO. OF DAYS WITH] [WEATHER - DAYS WITH] 9 = BLOWING SNOW
X = TORNADO
MAX 32 OR BELOW: 1 0.01 INCH OR MORE: 9
MAX 90 OR ABOVE: 0 0.10 INCH OR MORE: 4
MIN 32 OR BELOW: 25 0.50 INCH OR MORE: 3
MIN 0 OR BELOW: 0 1.00 INCH OR MORE: 0
[HDD (BASE 65) ]
TOTAL THIS MO. 839 CLEAR (SCALE 0-3) 15
DPTR FM NORMAL -148 PTCLDY (SCALE 4-7) 12
TOTAL FM JUL 1 5798 CLOUDY (SCALE 8-10) 4
DPTR FM NORMAL -449
[CDD (BASE 65) ]
TOTAL THIS MO. 0
DPTR FM NORMAL 0 [PRESSURE DATA]
TOTAL FM JAN 1 0 HIGHEST SLP M ON M
DPTR FM NORMAL 0 LOWEST SLP 29.26 ON 4
[REMARKS]
#FINAL-03-20#