000
CXUS51 KGYX 011057
CF6CON
PRELIMINARY LOCAL CLIMATOLOGICAL DATA (WS FORM: F-6)
STATION: CONCORD NH
MONTH: AUGUST
YEAR: 2023
LATITUDE: 43 12 N
LONGITUDE: 71 30 W
TEMPERATURE IN F: :PCPN: SNOW: WIND :SUNSHINE: SKY :PK WND
================================================================================
1 2 3 4 5 6A 6B 7 8 9 10 11 12 13 14 15 16 17 18
12Z AVG MX 2MIN
DY MAX MIN AVG DEP HDD CDD WTR SNW DPTH SPD SPD DIR MIN PSBL S-S WX SPD DR
================================================================================
1 75 50 63 -8 2 0 0.00 0.0 0 5.3 16 320 M M 2 25 290
2 77 45 61 -10 4 0 0.00 0.0 0 2.7 13 290 M M 1 18 320
3 82 48 65 -6 0 0 0.00 0.0 0 5.7 16 210 M M 4 1 23 200
4 72 60 66 -5 0 1 0.23 0.0 0 3.7 17 330 M M 8 13 24 330
5 82 55 69 -2 0 4 0.00 0.0 0 4.3 16 300 M M 4 12 23 320
6 83 50 67 -4 0 2 0.00 0.0 0 3.8 16 260 M M 0 21 260
7 70 56 63 -8 2 0 0.06 0.0 0 3.0 13 160 M M 6 1 18 150
8 81 66 74 3 0 9 1.25 0.0 0 5.0 13 20 M M 9 13 19 350
9 83 61 72 2 0 7 T 0.0 0 8.3 26 300 M M 3 36 310
10 83 56 70 0 0 5 0.21 0.0 0 4.3 13 150 M M 3 1 19 190
11 80 57 69 -1 0 4 0.00 0.0 0 7.8 23 280 M M 1 12 34 270
12 82 52 67 -3 0 2 0.00 0.0 0 3.4 12 150 M M 1 15 150
13 85 61 73 3 0 8 0.05 0.0 0 5.0 17 240 M M 4 13 25 250
14 83 58 71 1 0 6 0.00 0.0 0 3.6 15 280 M M 2 22 280
15 70 64 67 -3 0 2 0.23 0.0 0 3.0 9 20 M M 9 1 13 20
16 71 64 68 -2 0 3 0.00 0.0 0 3.1 13 150 M M 10 17 150
17 72 65 69 -1 0 4 0.00 0.0 0 4.4 10 110 M M 10 1 16 150
18 80 61 71 2 0 6 0.83 0.0 0 4.7 18 330 M M 7 1 24 330
19 72 54 63 -6 2 0 T 0.0 0 5.3 16 280 M M 6 18 26 280
20 84 52 68 -1 0 3 0.00 0.0 0 4.5 14 280 M M 1 20 260
21 85 59 72 3 0 7 0.00 0.0 0 5.2 14 330 M M 6 21 330
22 80 51 66 -3 0 1 0.00 0.0 0 6.0 18 310 M M 0 32 360
23 78 47 63 -6 2 0 0.00 0.0 0 3.1 10 320 M M 0 16 340
24 80 47 64 -4 1 0 0.23 0.0 0 5.4 14 160 M M 4 1 20 180
25 71 58 65 -3 0 0 0.73 0.0 0 5.3 14 160 M M 10 1 23 130
26 83 64 74 6 0 9 T 0.0 0 5.0 13 290 M M 6 1 18 290
27 79 59 69 1 0 4 T 0.0 0 3.6 10 160 M M 6 15 170
28 80 58 69 1 0 4 0.00 0.0 0 3.4 14 190 M M 6 12 19 140
29 82 62 72 5 0 7 0.00 0.0 0 4.3 14 180 M M 6 1 25 200
30 85 61 73 6 0 8 0.67 0.0 0 4.5 16 280 M M 6 123 27 300
31 73 48 61 -6 4 0 0.00 0.0 0 10.2 21 330 M M 0 31 310
================================================================================
SM 2443 1749 17 106 4.49 0.0 146.9 M 141
================================================================================
AV 78.8 56.4 4.7 FASTST M M 5 MAX(MPH)
MISC ----> 26 300 36 310
================================================================================
NOTES:
# LAST OF SEVERAL OCCURRENCES
COLUMN 17 PEAK WIND IN M.P.H.
PRELIMINARY LOCAL CLIMATOLOGICAL DATA (WS FORM: F-6) , PAGE 2
STATION: CONCORD NH
MONTH: AUGUST
YEAR: 2023
LATITUDE: 43 12 N
LONGITUDE: 71 30 W
[TEMPERATURE DATA] [PRECIPITATION DATA] SYMBOLS USED IN COLUMN 16
AVERAGE MONTHLY: 67.6 TOTAL FOR MONTH: 4.49 1 = FOG OR MIST
DPTR FM NORMAL: -1.9 DPTR FM NORMAL: 0.86 2 = FOG REDUCING VISIBILITY
HIGHEST: 85 ON 30,21 GRTST 24HR 1.25 ON 7- 8 TO 1/4 MILE OR LESS
LOWEST: 45 ON 2 3 = THUNDER
SNOW, ICE PELLETS, HAIL 4 = ICE PELLETS
TOTAL MONTH: 0.0 INCH 5 = HAIL
GRTST 24HR 0.0 6 = FREEZING RAIN OR DRIZZLE
GRTST DEPTH: 0 7 = DUSTSTORM OR SANDSTORM:
VSBY 1/2 MILE OR LESS
8 = SMOKE OR HAZE
[NO. OF DAYS WITH] [WEATHER - DAYS WITH] 9 = BLOWING SNOW
X = TORNADO
MAX 32 OR BELOW: 0 0.01 INCH OR MORE: 10
MAX 90 OR ABOVE: 0 0.10 INCH OR MORE: 8
MIN 32 OR BELOW: 0 0.50 INCH OR MORE: 4
MIN 0 OR BELOW: 0 1.00 INCH OR MORE: 1
[HDD (BASE 65) ]
TOTAL THIS MO. 17 CLEAR (SCALE 0-3) 12
DPTR FM NORMAL -4 PTCLDY (SCALE 4-7) 14
TOTAL FM JUL 1 18 CLOUDY (SCALE 8-10) 5
DPTR FM NORMAL -11
[CDD (BASE 65) ]
TOTAL THIS MO. 106
DPTR FM NORMAL -53 [PRESSURE DATA]
TOTAL FM JAN 1 468 HIGHEST SLP 30.24 ON 2
DPTR FM NORMAL -7 LOWEST SLP 29.48 ON 9
[REMARKS]
#FINAL-08-23#