000
CXUS56 KLOX 020027
CF6CQT
PRELIMINARY LOCAL CLIMATOLOGICAL DATA (WS FORM: F-6)
STATION: DOWNTOWN LOS ANGELES (USC) CA
MONTH: NOVEMBER
YEAR: 2021
LATITUDE: 34 1 N
LONGITUDE: 118 17 W
TEMPERATURE IN F: :PCPN: SNOW: WIND :SUNSHINE: SKY :PK WND
================================================================================
1 2 3 4 5 6A 6B 7 8 9 10 11 12 13 14 15 16 17 18
12Z AVG MX 2MIN
DY MAX MIN AVG DEP HDD CDD WTR SNW DPTH SPD SPD DIR MIN PSBL S-S WX SPD DR
================================================================================
1 66 55 61 -6 4 0 0.00 M M 0.5 9 270 M M 0 18 15 270
2 68 54 61 -5 4 0 0.00 M M 0.6 6 270 M M 4 18 11 270
3 71 56 64 -2 1 0 0.00 M M 1.0 8 270 M M 6 18 13 260
4 71 57 64 -2 1 0 0.00 M M 0.8 7 270 M M 4 128 12 260
5 72 56 64 -2 1 0 0.00 M M 1.1 7 260 M M 6 128 10 260
6 69 56 63 -3 2 0 0.00 M M 1.6 7 260 M M 7 18 11 270
7 66 54 60 -5 5 0 0.00 M M 1.4 8 260 M M 5 18 12 270
8 69 55 62 -3 3 0 0.00 M M 1.7 7 260 M M 4 18 11 270
9 66 55 61 -4 4 0 0.00 M M 1.6 9 260 M M 6 18 14 260
10 74 59 67 3 0 2 0.00 M M 0.9 7 270 M M 3 18 11 270
11 85 56 71 7 0 6 0.00 M M 0.4 8 260 M M 0 11 260
12 90 58 74 10 0 9 0.00 M M 0.5 7 270 M M 0 13 260
13 90 62 76 12 0 11 0.00 M M 1.2 7 260 M M 0 11 260
14 89 56 73 10 0 8 0.00 M M 0.8 7 270 M M 0 11 260
15 81 56 69 6 0 4 0.00 M M 1.0 7 270 M M 2 1 11 260
16 67 56 62 -1 3 0 0.00 M M 1.0 7 260 M M 6 18 11 270
17 68 55 62 -1 3 0 0.00 M M 1.4 8 260 M M 4 18 12 260
18 66 52 59 -3 6 0 0.00 M M 0.8 7 260 M M 5 18 10 260
19 67 56 62 0 3 0 0.00 M M 0.7 7 260 M M 6 18 13 260
20 65 54 60 -2 5 0 0.00 M M 0.8 8 260 M M 5 18 12 270
21 84 50 67 5 0 2 0.00 M M 0.6 6 100 M M 0 18 9 90
22 83 53 68 7 0 3 0.00 M M 1.1 7 10 M M 0 10 20
23 74 56 65 4 0 0 0.00 M M 0.3 6 120 M M 0 8 11 260
24 72 52 62 1 3 0 0.00 M M 2.0 7 40 M M 0 13 10
25 76 47 62 2 3 0 0.00 M M 0.2 7 260 M M 0 11 270
26 76 47 62 2 3 0 0.00 M M 0.9 8 270 M M 0 12 260
27 77 49 63 3 2 0 0.00 M M 0.9 6 260 M M 0 10 270
28 76 49 63 3 2 0 0.00 M M 0.6 6 260 M M 0 1 9 270
29 76 50 63 3 2 0 0.00 M M 0.7 7 260 M M 0 18 10 270
30 68 49 59 0 6 0 0.00 M M 0.2 6 260 M M 0 18 9 260
================================================================================
SM 2222 1620 66 45 0.00 M 27.3 M 73
================================================================================
AV 74.1 54.0 0.9 FASTST M M 2 MAX(MPH)
MISC ----> # 9 270 15 270
================================================================================
NOTES:
# LAST OF SEVERAL OCCURRENCES
COLUMN 17 PEAK WIND IN M.P.H.
PRELIMINARY LOCAL CLIMATOLOGICAL DATA (WS FORM: F-6) , PAGE 2
STATION: DOWNTOWN LOS ANGELES (USC) CA
MONTH: NOVEMBER
YEAR: 2021
LATITUDE: 34 1 N
LONGITUDE: 118 17 W
[TEMPERATURE DATA] [PRECIPITATION DATA] SYMBOLS USED IN COLUMN 16
AVERAGE MONTHLY: 64.0 TOTAL FOR MONTH: 0.00 1 = FOG OR MIST
DPTR FM NORMAL: 1.0 DPTR FM NORMAL: -0.78 2 = FOG REDUCING VISIBILITY
HIGHEST: 90 ON 13,12 GRTST 24HR 0.00 ON 1- 1 TO 1/4 MILE OR LESS
LOWEST: 47 ON 26,25 3 = THUNDER
SNOW, ICE PELLETS, HAIL 4 = ICE PELLETS
TOTAL MONTH: M 5 = HAIL
GRTST 24HR M ON M 6 = FREEZING RAIN OR DRIZZLE
GRTST DEPTH: M ON M 7 = DUSTSTORM OR SANDSTORM:
VSBY 1/2 MILE OR LESS
8 = SMOKE OR HAZE
[NO. OF DAYS WITH] [WEATHER - DAYS WITH] 9 = BLOWING SNOW
X = TORNADO
MAX 32 OR BELOW: 0 0.01 INCH OR MORE: 0
MAX 90 OR ABOVE: 2 0.10 INCH OR MORE: 0
MIN 32 OR BELOW: 0 0.50 INCH OR MORE: 0
MIN 0 OR BELOW: 0 1.00 INCH OR MORE: 0
[HDD (BASE 65) ]
TOTAL THIS MO. 66 CLEAR (SCALE 0-3) 17
DPTR FM NORMAL -34 PTCLDY (SCALE 4-7) 13
TOTAL FM JUL 1 100 CLOUDY (SCALE 8-10) 0
DPTR FM NORMAL -18
[CDD (BASE 65) ]
TOTAL THIS MO. 45
DPTR FM NORMAL 5 [PRESSURE DATA]
TOTAL FM JAN 1 1275 HIGHEST SLP M ON M
DPTR FM NORMAL -19 LOWEST SLP 29.88 ON 23
[REMARKS]
#FINAL-11-21#