000
CXUS52 KFFC 011010
CF6CSG
PRELIMINARY LOCAL CLIMATOLOGICAL DATA (WS FORM: F-6)
STATION: COLUMBUS
MONTH: MARCH
YEAR: 2024
LATITUDE: 32 31 N
LONGITUDE: 84 56 W
TEMPERATURE IN F: :PCPN: SNOW: WIND :SUNSHINE: SKY :PK WND
================================================================================
1 2 3 4 5 6A 6B 7 8 9 10 11 12 13 14 15 16 17 18
12Z AVG MX 2MIN
DY MAX MIN AVG DEP HDD CDD WTR SNW DPTH SPD SPD DIR MIN PSBL S-S WX SPD DR
================================================================================
1 53 45 49 -7 16 0 2.10 0.0 M 8.1 23 100 M M 10 13 31 110
2 68 48 58 2 7 0 0.01 M M 3.8 9 110 M M 10 1 13 110
3 72 58 65 9 0 0 0.00 0.0 M 5.9 10 90 M M 8 1 15 90
4 71 60 66 10 0 1 0.00 0.0 M 7.3 13 110 M M 7 1 17 140
5 65 61 63 7 2 0 0.20 0.0 M 6.5 12 90 M M 9 1 15 110
6 74 58 66 9 0 1 0.22 0.0 M 7.6 20 320 M M 9 1 27 310
7 78 50 64 7 1 0 0.00 0.0 M 2.8 9 160 M M 1 15 220
8 73 60 67 10 0 2 3.11 0.0 M 10.0 23 150 M M 4 13 32 150
9 72 58 65 8 0 0 0.73 0.0 M 7.6 18 330 M M 7 13 27 340
10 66 49 58 0 7 0 0.00 0.0 M 11.9 21 330 M M 2 30 320
11 68 41 55 -3 10 0 0.00 0.0 M 4.1 12 20 M M 0 16 30
12 74 38 56 -2 9 0 0.00 0.0 M 1.9 10 260 M M 0 15 230
13 77 43 60 2 5 0 0.00 0.0 M 1.4 13 280 M M 0 17 260
14 83 49 66 8 0 1 0.00 0.0 M 2.5 13 220 M M 0 18 220
15 71 60 66 7 0 1 0.65 0.0 M 3.0 10 340 M M 8 13 16 360
16 76 61 69 10 0 4 0.00 0.0 M 6.6 15 270 M M 8 22 250
17 62 55 59 0 6 0 0.66 0.0 M 5.0 12 310 M M 8 13 14 330
18 67 44 56 -3 9 0 0.00 0.0 M 11.6 26 340 M M 4 36 340
19 63 37 50 -10 15 0 0.00 0.0 M 6.8 14 240 M M 0 23 10
20 73 37 55 -5 10 0 0.00 0.0 M 3.1 14 290 M M 0 19 250
21 80 43 62 2 3 0 0.00 0.0 M 2.1 13 150 M M 1 16 160
22 63 57 60 0 5 0 1.22 0.0 M 8.1 20 110 M M 9 1 28 100
23 73 56 65 5 0 0 T 0.0 M 7.7 22 40 M M 8 1 35 30
24 70 44 57 -3 8 0 0.00 0.0 M 8.6 23 100 M M 0 32 100
25 71 50 61 0 4 0 0.00 0.0 M 14.9 25 130 M M 4 38 130
26 68 60 64 3 1 0 0.53 0.0 M 9.0 22 160 M M 10 13 37 180
27 78 58 68 7 0 3 0.00 0.0 M 6.9 16 330 M M 3 1 30 340
28 73 53 63 2 2 0 0.00 0.0 M 10.1 21 350 M M 0 34 340
29 75 41 58 -4 7 0 0.00 0.0 M 2.4 9 220 M M 0 17 170
30 79 47 63 1 2 0 0.00 0.0 M 4.4 17 230 M M 0 25 270
31 80 53 67 5 0 2 0.00 0.0 M 4.3 15 220 M M 1 28 250
================================================================================
SM 2216 1574 129 15 9.43 0.0 196.0 M 131
================================================================================
AV 71.5 50.8 6.3 FASTST M M 4 MAX(MPH)
MISC ----> 26 340 38 130
================================================================================
NOTES:
# LAST OF SEVERAL OCCURRENCES
COLUMN 17 PEAK WIND IN M.P.H.
PRELIMINARY LOCAL CLIMATOLOGICAL DATA (WS FORM: F-6) , PAGE 2
STATION: COLUMBUS
MONTH: MARCH
YEAR: 2024
LATITUDE: 32 31 N
LONGITUDE: 84 56 W
[TEMPERATURE DATA] [PRECIPITATION DATA] SYMBOLS USED IN COLUMN 16
AVERAGE MONTHLY: 61.1 TOTAL FOR MONTH: 9.43 1 = FOG OR MIST
DPTR FM NORMAL: 2.2 DPTR FM NORMAL: 4.51 2 = FOG REDUCING VISIBILITY
HIGHEST: 83 ON 14 GRTST 24HR 3.84 ON 8- 9 TO 1/4 MILE OR LESS
LOWEST: 37 ON 20,19 3 = THUNDER
SNOW, ICE PELLETS, HAIL 4 = ICE PELLETS
TOTAL MONTH: 0.0 INCH 5 = HAIL
GRTST 24HR 0.0 6 = FREEZING RAIN OR DRIZZLE
GRTST DEPTH: M ON M 7 = DUSTSTORM OR SANDSTORM:
VSBY 1/2 MILE OR LESS
8 = SMOKE OR HAZE
[NO. OF DAYS WITH] [WEATHER - DAYS WITH] 9 = BLOWING SNOW
X = TORNADO
MAX 32 OR BELOW: 0 0.01 INCH OR MORE: 10
MAX 90 OR ABOVE: 0 0.10 INCH OR MORE: 9
MIN 32 OR BELOW: 0 0.50 INCH OR MORE: 7
MIN 0 OR BELOW: 0 1.00 INCH OR MORE: 3
[HDD (BASE 65) ]
TOTAL THIS MO. 129 CLEAR (SCALE 0-3) 15
DPTR FM NORMAL -93 PTCLDY (SCALE 4-7) 9
TOTAL FM JUL 1 1691 CLOUDY (SCALE 8-10) 7
DPTR FM NORMAL -175
[CDD (BASE 65) ]
TOTAL THIS MO. 15
DPTR FM NORMAL -16 [PRESSURE DATA]
TOTAL FM JAN 1 25 HIGHEST SLP 30.35 ON 1
DPTR FM NORMAL -15 LOWEST SLP 29.66 ON 9
[REMARKS]
#FINAL-03-24#