000
CXUS52 KFFC 011010
CF6CSG
PRELIMINARY LOCAL CLIMATOLOGICAL DATA (WS FORM: F-6)
STATION: COLUMBUS
MONTH: JUNE
YEAR: 2021
LATITUDE: 32 31 N
LONGITUDE: 84 56 W
TEMPERATURE IN F: :PCPN: SNOW: WIND :SUNSHINE: SKY :PK WND
================================================================================
1 2 3 4 5 6A 6B 7 8 9 10 11 12 13 14 15 16 17 18
12Z AVG MX 2MIN
DY MAX MIN AVG DEP HDD CDD WTR SNW DPTH SPD SPD DIR MIN PSBL S-S WX SPD DR
================================================================================
1 85 61 73 -5 0 8 0.00 0.0 M 6.7 14 120 M M 1 24 110
2 87 63 75 -3 0 10 0.00 0.0 M 5.2 12 210 M M 1 17 180
3 88 67 78 0 0 13 0.00 0.0 M 3.9 15 230 M M 2 21 220
4 89 71 80 2 0 15 0.13 0.0 M 2.2 13 240 M M 2 1 17 300
5 90 70 80 1 0 15 T 0.0 M 4.2 15 260 M M 2 3 22 250
6 88 72 80 1 0 15 0.11 0.0 M 4.4 26 170 M M 4 13 34 160
7 83 71 77 -2 0 12 0.30 0.0 M 5.1 16 180 M M 5 13 22 170
8 90 71 81 2 0 16 0.06 0.0 M 5.5 23 200 M M 5 13 30 190
9 89 69 79 0 0 14 0.15 0.0 M 5.3 22 290 M M 4 13 29 290
10 84 71 78 -2 0 13 0.38 0.0 M 4.3 21 240 M M 4 13 31 250
11 88 71 80 0 0 15 0.36 0.0 M 5.3 31 330 M M 6 138 45 330
12 92 71 82 2 0 17 0.19 0.0 M 5.3 20 30 M M 4 13 30 40
13 92 71 82 2 0 17 0.00 0.0 M 4.6 14 90 M M 2 17 70
14 94 71 83 3 0 18 0.02 0.0 M 2.6 21 350 M M 1 3 32 330
15 96 72 84 4 0 19 0.00 0.0 M 5.3 17 290 M M 0 24 340
16 89 67 78 -3 0 13 0.00 0.0 M 6.2 14 330 M M 1 21 350
17 92 65 79 -2 0 14 0.00 0.0 M 3.3 12 340 M M 0 16 330
18 91 67 79 -2 0 14 T 0.0 M 4.9 21 240 M M 3 29 240
19 76 72 74 -7 0 9 1.15 0.0 M 7.9 21 190 M M 8 13 32 200
20 87 70 79 -2 0 14 0.60 0.0 M 11.0 21 280 M M 6 13 32 240
21 85 73 79 -2 0 14 T 0.0 M 8.8 21 240 M M 7 1 29 230
22 85 70 78 -3 0 13 0.13 0.0 M 7.8 16 360 M M 6 18 23 10
23 86 64 75 -7 0 10 T 0.0 M 2.8 9 100 M M 4 14 210
24 87 71 79 -3 0 14 0.00 0.0 M 8.2 17 110 M M 5 27 110
25 87 66 77 -5 0 12 0.00 0.0 M 6.0 14 120 M M 2 19 130
26 87 68 78 -4 0 13 0.13 0.0 M 5.6 16 240 M M 4 1 21 170
27 90 72 81 -1 0 16 0.11 0.0 M 7.3 33 140 M M 5 13 46 150
28 88 72 80 -2 0 15 T 0.0 M 5.6 14 80 M M 2 21 80
29 89 72 81 -1 0 16 0.15 0.0 M 4.2 15 190 M M 6 13 22 190
30 89 71 80 -2 0 15 0.04 0.0 M 4.6 17 170 M M 4 38 23 180
================================================================================
SM 2643 2082 0 419 4.01 0.0 164.1 M 106
================================================================================
AV 88.1 69.4 5.5 FASTST M M 4 MAX(MPH)
MISC ----> 33 140 46 150
================================================================================
NOTES:
# LAST OF SEVERAL OCCURRENCES
COLUMN 17 PEAK WIND IN M.P.H.
PRELIMINARY LOCAL CLIMATOLOGICAL DATA (WS FORM: F-6) , PAGE 2
STATION: COLUMBUS
MONTH: JUNE
YEAR: 2021
LATITUDE: 32 31 N
LONGITUDE: 84 56 W
[TEMPERATURE DATA] [PRECIPITATION DATA] SYMBOLS USED IN COLUMN 16
AVERAGE MONTHLY: 78.8 TOTAL FOR MONTH: 4.01 1 = FOG OR MIST
DPTR FM NORMAL: -1.7 DPTR FM NORMAL: -0.02 2 = FOG REDUCING VISIBILITY
HIGHEST: 96 ON 15 GRTST 24HR 1.71 ON 19-20 TO 1/4 MILE OR LESS
LOWEST: 61 ON 1 3 = THUNDER
SNOW, ICE PELLETS, HAIL 4 = ICE PELLETS
TOTAL MONTH: 0.0 INCH 5 = HAIL
GRTST 24HR 0.0 6 = FREEZING RAIN OR DRIZZLE
GRTST DEPTH: M ON M 7 = DUSTSTORM OR SANDSTORM:
VSBY 1/2 MILE OR LESS
8 = SMOKE OR HAZE
[NO. OF DAYS WITH] [WEATHER - DAYS WITH] 9 = BLOWING SNOW
X = TORNADO
MAX 32 OR BELOW: 0 0.01 INCH OR MORE: 16
MAX 90 OR ABOVE: 9 0.10 INCH OR MORE: 13
MIN 32 OR BELOW: 0 0.50 INCH OR MORE: 2
MIN 0 OR BELOW: 0 1.00 INCH OR MORE: 1
[HDD (BASE 65) ]
TOTAL THIS MO. 0 CLEAR (SCALE 0-3) 12
DPTR FM NORMAL 0 PTCLDY (SCALE 4-7) 18
TOTAL FM JUL 1 1790 CLOUDY (SCALE 8-10) 0
DPTR FM NORMAL -153
[CDD (BASE 65) ]
TOTAL THIS MO. 419
DPTR FM NORMAL -41 [PRESSURE DATA]
TOTAL FM JAN 1 732 HIGHEST SLP 30.24 ON 1
DPTR FM NORMAL -153 LOWEST SLP 29.73 ON 12
[REMARKS]
#FINAL-06-21#