000
CXUS54 KOUN 010810
CF6CSM
PRELIMINARY LOCAL CLIMATOLOGICAL DATA (WS FORM: F-6)
STATION: CLINTON
MONTH: OCTOBER
YEAR: 2022
LATITUDE: 35 20 N
LONGITUDE: 99 12 W
TEMPERATURE IN F: :PCPN: SNOW: WIND :SUNSHINE: SKY :PK WND
================================================================================
1 2 3 4 5 6A 6B 7 8 9 10 11 12 13 14 15 16 17 18
12Z AVG MX 2MIN
DY MAX MIN AVG DEP HDD CDD WTR SNW DPTH SPD SPD DIR MIN PSBL S-S WX SPD DR
================================================================================
1 85 54 70 3 0 5 0.00 0.0 0 9.4 18 170 M M 0 22 170
2 83 49 66 -1 0 1 0.00 0.0 M 5.0 13 140 M M 0 15 170
3 82 50 66 0 0 1 0.00 0.0 M 9.3 20 160 M M 0 24 200
4 83 51 67 1 0 2 0.00 0.0 M 11.3 22 190 M M 0 26 190
5 85 59 72 6 0 7 0.00 0.0 M 5.6 14 10 M M 1 17 10
6 81 63 72 7 0 7 T M M 4.3 10 360 M M 8 12 360
7 72 50 61 -4 4 0 0.21 M M 10.8 21 10 M M 9 24 10
8 55 45 50 -14 15 0 0.22 M M 6.2 17 20 M M 10 20 20
9 71 53 62 -2 3 0 T M M 10.7 21 190 M M 5 25 210
10 72 59 66 2 0 1 0.18 M M 11.5 22 210 M M 7 27 190
11 77 58 68 5 0 3 0.00 M M 19.1 30 180 M M 1 38 190
12 79 53 66 3 0 1 0.00 M M 12.6 26 360 M M 0 32 350
13 73 43 58 -4 7 0 0.00 M M 8.6 15 330 M M 0 18 350
14 83 51 67 5 0 2 0.00 M M 14.5 25 220 M M 0 32 230
15 87 52 70 9 0 5 0.48 M M 10.4 25 330 M M 1 3 32 330
16 64 56 60 -1 5 0 0.82 M M 10.5 26 40 M M 7 3 31 40
17 60 43 52 -8 13 0 0.00 M M 8.4 18 10 M M 2 22 10
18 56 37 47 -13 18 0 0.00 M M 6.2 14 40 M M 2 16 30
19 67 37 52 -8 13 0 0.00 M M 11.5 21 210 M M 0 25 210
20 79 45 62 3 3 0 0.00 M M 8.9 16 330 M M 0 20 350
21 86 51 69 10 0 4 0.00 M M 16.8 32 200 M M 0 41 190
22 88 58 73 15 0 8 0.00 M M 19.5 33 210 M M 0 41 220
23 80 63 72 14 0 7 0.00 M M 22.9 33 160 M M 0 41 160
24 73 46 60 3 5 0 0.83 M M 16.4 30 20 M M 9 3 36 20
25 66 43 55 -2 10 0 0.05 M M 11.0 26 10 M M 2 8 35 350
26 65 40 53 -3 12 0 0.00 M M 11.6 25 150 M M 0 30 150
27 67 48 58 2 7 0 T M M 19.5 38 110 M M 2 3 47 110
28 56 49 53 -3 12 0 0.05 M M 10.6 23 10 M M 10 13 29 10
29 63 47 55 0 10 0 T M M 8.5 15 20 M M 7 18 19 20
30 69 42 56 1 9 0 0.00 M M 6.6 15 360 M M 0 18 360
31 71 41 56 2 9 0 0.00 M M 8.0 16 180 M M 0 8 20 190
================================================================================
SM 2278 1536 155 54 2.84 0.0 346.2 M 83
================================================================================
AV 73.5 49.5 11.2 FASTST M M 3 MAX(MPH)
MISC ----> 38 110 47 110
================================================================================
NOTES:
# LAST OF SEVERAL OCCURRENCES
COLUMN 17 PEAK WIND IN M.P.H.
PRELIMINARY LOCAL CLIMATOLOGICAL DATA (WS FORM: F-6) , PAGE 2
STATION: CLINTON
MONTH: OCTOBER
YEAR: 2022
LATITUDE: 35 20 N
LONGITUDE: 99 12 W
[TEMPERATURE DATA] [PRECIPITATION DATA] SYMBOLS USED IN COLUMN 16
AVERAGE MONTHLY: 61.5 TOTAL FOR MONTH: 2.84 1 = FOG OR MIST
DPTR FM NORMAL: 0.6 DPTR FM NORMAL: 0.51 2 = FOG REDUCING VISIBILITY
HIGHEST: 88 ON 22 GRTST 24HR 1.30 ON 15-16 TO 1/4 MILE OR LESS
LOWEST: 37 ON 19,18 3 = THUNDER
SNOW, ICE PELLETS, HAIL 4 = ICE PELLETS
TOTAL MONTH: 0.0 INCH 5 = HAIL
GRTST 24HR 0.0 6 = FREEZING RAIN OR DRIZZLE
GRTST DEPTH: 0 7 = DUSTSTORM OR SANDSTORM:
VSBY 1/2 MILE OR LESS
8 = SMOKE OR HAZE
[NO. OF DAYS WITH] [WEATHER - DAYS WITH] 9 = BLOWING SNOW
X = TORNADO
MAX 32 OR BELOW: 0 0.01 INCH OR MORE: 8
MAX 90 OR ABOVE: 0 0.10 INCH OR MORE: 6
MIN 32 OR BELOW: 0 0.50 INCH OR MORE: 2
MIN 0 OR BELOW: 0 1.00 INCH OR MORE: 0
[HDD (BASE 65) ]
TOTAL THIS MO. 155 CLEAR (SCALE 0-3) 22
DPTR FM NORMAL -35 PTCLDY (SCALE 4-7) 5
TOTAL FM JUL 1 155 CLOUDY (SCALE 8-10) 4
DPTR FM NORMAL -52
[CDD (BASE 65) ]
TOTAL THIS MO. 54
DPTR FM NORMAL -8 [PRESSURE DATA]
TOTAL FM JAN 1 2499 HIGHEST SLP M ON M
DPTR FM NORMAL 522 LOWEST SLP 29.46 ON 22
[REMARKS]
#FINAL-10-22#