000
CXUS56 KTFX 161542
CF6CTB
PRELIMINARY LOCAL CLIMATOLOGICAL DATA (WS FORM: F-6)
STATION: CUT BANK MT
MONTH: JANUARY
YEAR: 2024
LATITUDE: 48 37 N
LONGITUDE: 112 23 W
TEMPERATURE IN F: :PCPN: SNOW: WIND :SUNSHINE: SKY :PK WND
================================================================================
1 2 3 4 5 6A 6B 7 8 9 10 11 12 13 14 15 16 17 18
12Z AVG MX 2MIN
DY MAX MIN AVG DEP HDD CDD WTR SNW DPTH SPD SPD DIR MIN PSBL S-S WX SPD DR
================================================================================
1 45 22 34 13 31 0 0.00 M M 13.2 25 270 M M 4 33 240
2 44 19 32 11 33 0 0.00 M M 8.9 22 250 M M 1 29 260
3 31 13 22 1 43 0 0.00 M M 4.5 12 140 M M 1 12 15 160
4 43 14 29 8 36 0 0.00 M M 14.4 28 250 M M 1 12 34 250
5 39 26 33 12 32 0 0.00 M M 17.7 39 250 M M 2 48 260
6 37 21 29 8 36 0 T M M 16.4 35 250 M M 5 1 45 240
7 21 3 12 -9 53 0 T M M 14.4 29 350 M M 9 18 38 340
8 29 -1 14 -7 51 0 0.00 M M 16.0 35 250 M M 2 45 250
9 40 8 24 2 41 0 T M M 21.7 44 250 M M 3 1 56 240
10 9 -8 1 -21 64 0 T M T 15.5 24 330 M M 8 18 31 350
11 -8 -25 -16 -38 81 0 T M T 16.1 23 350 M M 10 8 28 360
12 -25 -38 -31 -53 96 0 T M 1 10.4 21 340 M M 5 8 26 350
13 -14 -41 -27 -49 92 0 0.00 M M 3.5 10 70 M M 0 11 70
14 -12 -30 -21 -43 86 0 T M 1 5.0 14 320 M M 7 8 16 350
15 10 -40 -15 -37 80 0 0.00 M M 3.5 18 270 M M 1 8 23 270
16 26 10 18 -4 47 0 0.01 M M 17.3 28 250 M M 6 18 35 270
17 16 -4 6 -16 59 0 0.02 M 3 11.5 23 340 M M 10 1 29 340
18 1 -20 -9 -31 74 0 T M M 10.6 23 330 M M 5 18 27 330
19 1 -24 -11 -33 76 0 T M M 6.9 15 130 M M 5 1 18 140
20 42 1 22 0 43 0 0.00 M M 5.6 17 260 M M 4 20 260
21 42 11 27 5 38 0 0.00 M M 12.8 22 360 M M 7 1 26 360
22 17 7 12 -10 53 0 0.00 M M 7.1 17 360 M M 8 18 20 360
23 41 14 28 6 37 0 0.00 M M 12.0 23 250 M M 2 1 28 240
24 43 20 32 10 33 0 0.00 M M 8.5 26 240 M M 3 32 240
25 42 30 36 14 29 0 0.00 M M 16.0 25 250 M M 0 33 260
26 44 32 38 16 27 0 0.00 M M 19.9 33 260 M M 0 44 250
27 49 31 40 18 25 0 0.00 M M 22.9 36 250 M M 2 45 240
28 55 37 46 24 19 0 0.00 M M 19.6 39 250 M M 0 50 260
29 62 38 50 28 15 0 0.00 M M 17.3 31 250 M M 0 38 240
30 63 38 51 29 14 0 0.00 M M 12.5 32 240 M M 0 40 250
31 60 27 44 22 21 0 0.00 M M 3.5 14 130 M M 0 16 130
================================================================================
SM 893 191 1465 0 0.03 M 385.2 M 111
================================================================================
AV 28.8 6.2 12.4 FASTST M M 4 MAX(MPH)
MISC ----> 44 250 56 240
================================================================================
NOTES:
# LAST OF SEVERAL OCCURRENCES
COLUMN 17 PEAK WIND IN M.P.H.
PRELIMINARY LOCAL CLIMATOLOGICAL DATA (WS FORM: F-6) , PAGE 2
STATION: CUT BANK MT
MONTH: JANUARY
YEAR: 2024
LATITUDE: 48 37 N
LONGITUDE: 112 23 W
[TEMPERATURE DATA] [PRECIPITATION DATA] SYMBOLS USED IN COLUMN 16
AVERAGE MONTHLY: 17.5 TOTAL FOR MONTH: 0.03 1 = FOG OR MIST
DPTR FM NORMAL: -4.3 DPTR FM NORMAL: -0.19 2 = FOG REDUCING VISIBILITY
HIGHEST: 63 ON 30 GRTST 24HR 0.15 ON 10-10 TO 1/4 MILE OR LESS
LOWEST: -41 ON 13 3 = THUNDER
SNOW, ICE PELLETS, HAIL 4 = ICE PELLETS
TOTAL MONTH: M 5 = HAIL
GRTST 24HR M ON M 6 = FREEZING RAIN OR DRIZZLE
GRTST DEPTH: 3 ON 17 7 = DUSTSTORM OR SANDSTORM:
VSBY 1/2 MILE OR LESS
8 = SMOKE OR HAZE
[NO. OF DAYS WITH] [WEATHER - DAYS WITH] 9 = BLOWING SNOW
X = TORNADO
MAX 32 OR BELOW: 14 0.01 INCH OR MORE: 2
MAX 90 OR ABOVE: 0 0.10 INCH OR MORE: 0
MIN 32 OR BELOW: 28 0.50 INCH OR MORE: 0
MIN 0 OR BELOW: 10 1.00 INCH OR MORE: 0
[HDD (BASE 65) ]
TOTAL THIS MO. 1465 CLEAR (SCALE 0-3) 16
DPTR FM NORMAL 126 PTCLDY (SCALE 4-7) 11
TOTAL FM JUL 1 4288 CLOUDY (SCALE 8-10) 4
DPTR FM NORMAL -615
[CDD (BASE 65) ]
TOTAL THIS MO. 0
DPTR FM NORMAL 0 [PRESSURE DATA]
TOTAL FM JAN 1 0 HIGHEST SLP 30.84 ON 15
DPTR FM NORMAL 0 LOWEST SLP 29.21 ON 9
[REMARKS]
#FINAL-01-24#