000
CXUS56 KTFX 041833
CF6CTB
PRELIMINARY LOCAL CLIMATOLOGICAL DATA (WS FORM: F-6)
STATION: CUT BANK MT
MONTH: FEBRUARY
YEAR: 2020
LATITUDE: 48 37 N
LONGITUDE: 112 23 W
TEMPERATURE IN F: :PCPN: SNOW: WIND :SUNSHINE: SKY :PK WND
================================================================================
1 2 3 4 5 6A 6B 7 8 9 10 11 12 13 14 15 16 17 18
12Z AVG MX 2MIN
DY MAX MIN AVG DEP HDD CDD WTR SNW DPTH SPD SPD DIR MIN PSBL S-S WX SPD DR
================================================================================
1 55 34 45 22 20 0 0.02 M 0 36.4 64 240 M M 3 18 78 240
2 34 13 24 1 41 0 0.01 M 1 9.5 26 240 M M 4 1 32 240
3 24 8 16 -7 49 0 T M T 10.0 25 340 M M 3 8 29 350
4 31 4 18 -5 47 0 0.00 M T 23.1 47 260 M M 2 56 250
5 40 22 31 8 34 0 0.00 M T 26.4 38 260 M M 1 49 260
6 40 20 30 7 35 0 T M 0 10.9 32 270 M M 6 39 260
7 36 14 25 2 40 0 0.00 M 0 6.8 16 340 M M 7 18 340
8 31 13 22 -1 43 0 T M 0 15.7 32 350 M M 7 18 39 330
9 34 6 20 -3 45 0 0.02 M 1 18.0 36 240 M M 4 1 43 250
10 29 15 22 -1 43 0 0.01 M 2 11.6 29 260 M M 5 1 33 260
11 40 25 33 9 32 0 0.04 M T 28.6 52 250 M M 5 128 58 250
12 28 11 20 -4 45 0 0.03 M 1 9.9 32 360 M M 10 128 38 360
13 41 6 24 0 41 0 T M 1 15.2 48 240 M M 5 12 58 240
14 37 21 29 5 36 0 0.00 M T 23.1 39 260 M M 1 45 260
15 39 19 29 5 36 0 0.00 M T 18.4 41 260 M M 2 48 260
16 39 19 29 5 36 0 0.00 M 0 10.6 26 360 M M 3 33 270
17 34 6 20 -4 45 0 0.01 M 0 11.8 26 10 M M 5 18 31 330
18 21 -1 10 -14 55 0 0.01 M 1 5.5 12 20 M M 5 18 13 190
19 36 -7 15 -10 50 0 0.00 M 1 7.6 20 270 M M 0 27 240
20 46 10 28 3 37 0 0.00 M 1 18.5 41 250 M M 0 47 260
21 46 30 38 13 27 0 0.00 M 0 25.5 44 250 M M 0 52 250
22 50 18 34 9 31 0 0.00 M 0 20.7 37 250 M M 1 44 250
23 48 18 33 8 32 0 0.00 M 0 12.3 38 240 M M 5 46 240
24 34 16 25 -1 40 0 0.10 M T 13.2 37 320 M M 10 128 45 320
25 32 6 19 -7 46 0 0.00 M 3 11.3 32 260 M M 2 18 38 260
26 42 28 35 9 30 0 0.00 M 1 20.0 39 260 M M 2 47 260
27 46 30 38 12 27 0 0.00 M T 23.0 40 250 M M 0 47 260
28 56 36 46 20 19 0 0.00 M 0 19.7 41 250 M M 0 50 260
29 48 27 38 11 27 0 T M 0 28.6 46 240 M M 2 53 240
================================================================================
SM 1117 467 1089 0 0.25 M 491.9 M 100
================================================================================
AV 38.5 16.1 17.0 FASTST M M 3 MAX(MPH)
MISC ----> 64 240 78 240
================================================================================
NOTES:
# LAST OF SEVERAL OCCURRENCES
COLUMN 17 PEAK WIND IN M.P.H.
PRELIMINARY LOCAL CLIMATOLOGICAL DATA (WS FORM: F-6) , PAGE 2
STATION: CUT BANK MT
MONTH: FEBRUARY
YEAR: 2020
LATITUDE: 48 37 N
LONGITUDE: 112 23 W
[TEMPERATURE DATA] [PRECIPITATION DATA] SYMBOLS USED IN COLUMN 16
AVERAGE MONTHLY: 27.3 TOTAL FOR MONTH: 0.25 1 = FOG OR MIST
DPTR FM NORMAL: 3.1 DPTR FM NORMAL: 0.04 2 = FOG REDUCING VISIBILITY
HIGHEST: 56 ON 28 GRTST 24HR 0.10 ON 24-24 TO 1/4 MILE OR LESS
LOWEST: -7 ON 19 3 = THUNDER
SNOW, ICE PELLETS, HAIL 4 = ICE PELLETS
TOTAL MONTH: M 5 = HAIL
GRTST 24HR M ON M 6 = FREEZING RAIN OR DRIZZLE
GRTST DEPTH: 3 ON 25 7 = DUSTSTORM OR SANDSTORM:
VSBY 1/2 MILE OR LESS
8 = SMOKE OR HAZE
[NO. OF DAYS WITH] [WEATHER - DAYS WITH] 9 = BLOWING SNOW
X = TORNADO
MAX 32 OR BELOW: 7 0.01 INCH OR MORE: 9
MAX 90 OR ABOVE: 0 0.10 INCH OR MORE: 1
MIN 32 OR BELOW: 27 0.50 INCH OR MORE: 0
MIN 0 OR BELOW: 2 1.00 INCH OR MORE: 0
[HDD (BASE 65) ]
TOTAL THIS MO. 1089 CLEAR (SCALE 0-3) 15
DPTR FM NORMAL -53 PTCLDY (SCALE 4-7) 12
TOTAL FM JUL 1 6240 CLOUDY (SCALE 8-10) 2
DPTR FM NORMAL 103
[CDD (BASE 65) ]
TOTAL THIS MO. 0
DPTR FM NORMAL 0 [PRESSURE DATA]
TOTAL FM JAN 1 0 HIGHEST SLP 30.65 ON 25
DPTR FM NORMAL 0 LOWEST SLP 29.51 ON 1
[REMARKS]
#FINAL-02-20#