000
CXUS52 KTAE 010900
CF6CTY
PRELIMINARY LOCAL CLIMATOLOGICAL DATA (WS FORM: F-6)
STATION: CROSS CITY
MONTH: FEBRUARY
YEAR: 2022
LATITUDE: 29 37 N
LONGITUDE: 83 6 W
TEMPERATURE IN F: :PCPN: SNOW: WIND :SUNSHINE: SKY :PK WND
================================================================================
1 2 3 4 5 6A 6B 7 8 9 10 11 12 13 14 15 16 17 18
12Z AVG MX 2MIN
DY MAX MIN AVG DEP HDD CDD WTR SNW DPTH SPD SPD DIR MIN PSBL S-S WX SPD DR
================================================================================
1 71 33 52 -3 13 0 0.00 0.0 0 3.5 8 110 M M 1 M M
2 79 42 61 6 4 0 0.00 0.0 0 4.7 14 170 M M 0 1 18 150
3 83 60 72 17 0 7 0.00 0.0 0 8.1 18 170 M M 4 24 170
4 80 56 68 12 0 3 0.39 0.0 0 9.1 22 190 M M 6 1 28 190
5 58 46 52 -4 13 0 0.01 0.0 0 9.1 15 360 M M 9 21 20
6 52 44 48 -8 17 0 0.01 0.0 0 8.9 13 20 M M 10 1 17 30
7 49 44 47 -9 18 0 0.06 0.0 0 5.1 M M M M 10 1 M M
8 56 43 50 -6 15 0 0.65 0.0 0 3.6 M M M M 5 1 M M
9 63 32 48 -8 17 0 0.00 0.0 0 3.7 M M M M 0 M M
10 70 30 50 -7 15 0 0.00 0.0 0 2.3 8 30 M M 0 M M
11 73 37 55 -2 10 0 0.00 0.0 0 2.1 10 190 M M 0 M M
12 74 46 60 3 5 0 0.05 0.0 0 2.5 6 310 M M 7 1 M M
13 70 38 54 -3 11 0 0.15 0.0 0 5.3 13 310 M M 5 1 21 310
14 61 30 46 -11 19 0 0.00 0.0 0 5.4 13 20 M M 0 17 20
15 68 31 50 -8 15 0 0.00 0.0 M 4.8 12 40 M M 0 18 40
16 80 45 63 5 2 0 0.00 0.0 M 6.5 13 110 M M 2 1 20 120
17 83 58 71 13 0 6 0.00 0.0 M 8.3 17 170 M M 2 1 23 170
18 75 63 69 11 0 4 0.07 0.0 0 7.9 14 220 M M 10 1 20 220
19 67 38 53 -5 12 0 0.00 0.0 M 7.2 13 10 M M 4 20 350
20 76 32 54 -4 11 0 0.00 0.0 M 3.9 10 120 M M 0 17 130
21 81 47 64 5 1 0 0.00 0.0 0 2.9 10 210 M M 1 17 150
22 84 53 69 10 0 4 0.00 0.0 0 4.0 12 220 M M 0 20 170
23 84 53 69 10 0 4 0.00 0.0 0 3.2 10 220 M M 2 1 M M
24 83 56 70 11 0 5 0.00 0.0 0 3.4 12 210 M M 5 12 16 250
25 83 53 68 9 0 3 0.00 0.0 0 3.9 13 280 M M 3 1 20 270
26 86 53 70 11 0 5 0.00 0.0 0 3.3 14 30 M M 4 12 M M
27 83 56 70 10 0 5 0.00 0.0 0 5.5 13 270 M M 3 12 20 250
28 64 55 60 0 5 0 0.05 0.0 0 6.6 16 30 M M 10 1 18 30
================================================================================
SM 2036 1274 203 46 1.44 0.0 144.8 M 103
================================================================================
AV 72.7 45.5 5.2 FASTST M M 4 MAX(MPH)
MISC ----> 22 190 28 190
================================================================================
NOTES:
# LAST OF SEVERAL OCCURRENCES
COLUMN 17 PEAK WIND IN M.P.H.
PRELIMINARY LOCAL CLIMATOLOGICAL DATA (WS FORM: F-6) , PAGE 2
STATION: CROSS CITY
MONTH: FEBRUARY
YEAR: 2022
LATITUDE: 29 37 N
LONGITUDE: 83 6 W
[TEMPERATURE DATA] [PRECIPITATION DATA] SYMBOLS USED IN COLUMN 16
AVERAGE MONTHLY: 59.1 TOTAL FOR MONTH: 1.44 1 = FOG OR MIST
DPTR FM NORMAL: 1.7 DPTR FM NORMAL: -1.52 2 = FOG REDUCING VISIBILITY
HIGHEST: 86 ON 26 GRTST 24HR 0.65 ON 8- 8 TO 1/4 MILE OR LESS
LOWEST: 30 ON 14,10 3 = THUNDER
SNOW, ICE PELLETS, HAIL 4 = ICE PELLETS
TOTAL MONTH: 0.0 INCH 5 = HAIL
GRTST 24HR 0.0 6 = FREEZING RAIN OR DRIZZLE
GRTST DEPTH: 0 7 = DUSTSTORM OR SANDSTORM:
VSBY 1/2 MILE OR LESS
8 = SMOKE OR HAZE
[NO. OF DAYS WITH] [WEATHER - DAYS WITH] 9 = BLOWING SNOW
X = TORNADO
MAX 32 OR BELOW: 0 0.01 INCH OR MORE: 9
MAX 90 OR ABOVE: 0 0.10 INCH OR MORE: 3
MIN 32 OR BELOW: 5 0.50 INCH OR MORE: 1
MIN 0 OR BELOW: 0 1.00 INCH OR MORE: 0
[HDD (BASE 65) ]
TOTAL THIS MO. 203 CLEAR (SCALE 0-3) 15
DPTR FM NORMAL -32 PTCLDY (SCALE 4-7) 8
TOTAL FM JUL 1 875 CLOUDY (SCALE 8-10) 5
DPTR FM NORMAL -198
[CDD (BASE 65) ]
TOTAL THIS MO. 46
DPTR FM NORMAL 24 [PRESSURE DATA]
TOTAL FM JAN 1 69 HIGHEST SLP M ON M
DPTR FM NORMAL 31 LOWEST SLP M ON M
[REMARKS]
#FINAL-02-22#