000
CXUS52 KTAE 010900
CF6CTY
PRELIMINARY LOCAL CLIMATOLOGICAL DATA (WS FORM: F-6)
STATION: CROSS CITY
MONTH: DECEMBER
YEAR: 2023
LATITUDE: 29 37 N
LONGITUDE: 83 6 W
TEMPERATURE IN F: :PCPN: SNOW: WIND :SUNSHINE: SKY :PK WND
================================================================================
1 2 3 4 5 6A 6B 7 8 9 10 11 12 13 14 15 16 17 18
12Z AVG MX 2MIN
DY MAX MIN AVG DEP HDD CDD WTR SNW DPTH SPD SPD DIR MIN PSBL S-S WX SPD DR
================================================================================
1 81 54 68 9 0 3 0.00 0.0 0 2.9 9 180 M M 2 8 M M
2 79 64 72 14 0 7 0.00 M M 5.4 17 190 M M 6 8 21 190
3 73 66 70 12 0 5 0.80 M M 4.7 8 210 M M 8 1 M M
4 72 52 62 4 3 0 0.00 M M 4.0 9 270 M M 4 18 M M
5 68 45 57 -1 8 0 0.00 0.0 M 3.8 9 260 M M 0 M M
6 63 36 50 -8 15 0 0.00 0.0 M 6.9 14 M M M 0 21 340
7 66 30 48 -10 17 0 0.00 M M 1.6 6 170 M M 0 M M
8 72 46 59 1 6 0 0.00 0.0 M 2.7 8 280 M M 2 M M
9 81 52 67 10 0 2 0.00 0.0 M 3.5 12 190 M M 1 18 M M
10 75 52 64 7 1 0 1.06 0.0 0 7.8 27 290 M M 6 138 33 290
11 61 36 49 -8 16 0 0.00 0.0 0 5.5 13 320 M M 0 17 320
12 66 32 49 -8 16 0 0.00 0.0 0 5.4 13 20 M M 0 M M
13 66 48 57 0 8 0 0.00 0.0 0 10.1 16 30 M M 3 25 30
14 70 50 60 3 5 0 0.00 0.0 0 11.8 17 50 M M 5 27 50
15 68 50 59 3 6 0 0.00 0.0 0 10.2 15 40 M M 2 21 40
16 64 54 59 3 6 0 2.60 0.0 0 8.4 21 40 M M 7 1 25 40
17 68 59 64 8 1 0 3.19 0.0 0 13.6 24 10 M M 9 1 36 10
18 63 43 53 -3 12 0 0.00 0.0 0 7.0 12 300 M M 1 17 300
19 54 36 45 -11 20 0 0.00 0.0 M 7.5 13 10 M M 0 18 10
20 61 30 46 -10 19 0 0.00 0.0 M 6.3 10 30 M M 0 M M
21 68 43 56 0 9 0 0.00 0.0 M 5.7 12 50 M M 2 M M
22 72 43 58 3 7 0 0.00 0.0 M 3.0 9 340 M M 2 1 M M
23 75 46 61 6 4 0 0.00 0.0 M 4.0 10 90 M M 3 12 M M
24 73 48 61 6 4 0 0.00 0.0 0 5.4 12 90 M M 3 21 100
25 70 64 67 12 0 2 0.36 0.0 M 5.9 12 150 M M 7 1 21 150
26 70 59 65 10 0 0 0.00 0.0 M 2.1 8 250 M M 7 128 M M
27 63 54 59 4 6 0 0.00 0.0 M 3.9 8 220 M M 3 M M
28 63 45 54 0 11 0 0.00 0.0 M 1.5 7 290 M M 7 M M
29 55 32 44 -10 21 0 0.00 0.0 M 7.7 21 290 M M 0 1 26 290
30 59 30 45 -9 20 0 0.00 0.0 M 3.9 17 290 M M 1 21 260
31 64 30 47 -7 18 0 0.00 0.0 0 2.4 12 270 M M 0 1 16 300
================================================================================
SM 2103 1429 259 19 8.01 0.0 174.8 M 91
================================================================================
AV 67.8 46.1 5.6 FASTST M M 3 MAX(MPH)
MISC ----> 27 290 36 10
================================================================================
NOTES:
# LAST OF SEVERAL OCCURRENCES
COLUMN 17 PEAK WIND IN M.P.H.
PRELIMINARY LOCAL CLIMATOLOGICAL DATA (WS FORM: F-6) , PAGE 2
STATION: CROSS CITY
MONTH: DECEMBER
YEAR: 2023
LATITUDE: 29 37 N
LONGITUDE: 83 6 W
[TEMPERATURE DATA] [PRECIPITATION DATA] SYMBOLS USED IN COLUMN 16
AVERAGE MONTHLY: 57.0 TOTAL FOR MONTH: 8.01 1 = FOG OR MIST
DPTR FM NORMAL: 0.7 DPTR FM NORMAL: 5.06 2 = FOG REDUCING VISIBILITY
HIGHEST: 81 ON 9, 1 GRTST 24HR 3.19 ON 17-17 TO 1/4 MILE OR LESS
LOWEST: 30 ON 31,30 3 = THUNDER
SNOW, ICE PELLETS, HAIL 4 = ICE PELLETS
TOTAL MONTH: 0.0 INCH 5 = HAIL
GRTST 24HR 0.0 6 = FREEZING RAIN OR DRIZZLE
GRTST DEPTH: 0 7 = DUSTSTORM OR SANDSTORM:
VSBY 1/2 MILE OR LESS
8 = SMOKE OR HAZE
[NO. OF DAYS WITH] [WEATHER - DAYS WITH] 9 = BLOWING SNOW
X = TORNADO
MAX 32 OR BELOW: 0 0.01 INCH OR MORE: 5
MAX 90 OR ABOVE: 0 0.10 INCH OR MORE: 5
MIN 32 OR BELOW: 6 0.50 INCH OR MORE: 4
MIN 0 OR BELOW: 0 1.00 INCH OR MORE: 3
[HDD (BASE 65) ]
TOTAL THIS MO. 259 CLEAR (SCALE 0-3) 20
DPTR FM NORMAL -36 PTCLDY (SCALE 4-7) 10
TOTAL FM JUL 1 408 CLOUDY (SCALE 8-10) 1
DPTR FM NORMAL -70
[CDD (BASE 65) ]
TOTAL THIS MO. 19
DPTR FM NORMAL -6 [PRESSURE DATA]
TOTAL FM JAN 1 2936 HIGHEST SLP M ON M
DPTR FM NORMAL 242 LOWEST SLP M ON M
[REMARKS]
#FINAL-12-23#