000
CXUS52 KCAE 011500
CF6CUB
PRELIMINARY LOCAL CLIMATOLOGICAL DATA (WS FORM: F-6)
STATION: HAMILTON - OWENS AIRPORT SC
MONTH: NOVEMBER
YEAR: 2022
LATITUDE: 33 58 N
LONGITUDE: 80 59 W
TEMPERATURE IN F: :PCPN: SNOW: WIND :SUNSHINE: SKY :PK WND
================================================================================
1 2 3 4 5 6A 6B 7 8 9 10 11 12 13 14 15 16 17 18
12Z AVG MX 2MIN
DY MAX MIN AVG DEP HDD CDD WTR SNW DPTH SPD SPD DIR MIN PSBL S-S WX SPD DR
================================================================================
1 72 57 65 5 0 0 0.00 M M 2.8 9 270 M M 5 1 13 310
2 78 55 67 8 0 2 0.01 M M 1.2 8 60 M M 2 1 12 360
3 76 56 66 7 0 1 0.00 M M 2.1 9 20 M M 0 18 13 30
4 81 54 68 9 0 3 0.00 M M 2.1 9 60 M M 2 1 14 110
5 84 64 74 16 0 9 0.02 M M 2.9 15 160 M M 8 1 21 160
6 82 69 76 18 0 11 0.02 M M 2.1 13 170 M M 8 13 16 190
7 85 66 76 18 0 11 0.00 M M 1.4 7 310 M M 4 1 12 320
8 78 57 68 11 0 3 0.00 M M 5.3 13 70 M M 0 22 40
9 71 52 62 5 3 0 0.00 M M 6.7 13 20 M M 5 23 30
10 72 59 66 9 0 1 0.62 M M 7.8 15 70 M M 9 18 23 70
11 75 68 72 16 0 7 0.86 M M 8.3 24 210 M M 9 18 37 200
12 79 64 72 16 0 7 0.08 M M 6.2 15 220 M M 7 1 22 230
13 64 42 53 -3 12 0 0.00 M M 5.8 16 260 M M 1 21 270
14 57 37 47 -9 18 0 0.00 M M 4.8 9 70 M M 3 18 70
15 53 48 51 -4 14 0 0.06 M M 3.0 9 320 M M 10 1 12 300
16 57 47 52 -3 13 0 T M M 4.9 13 290 M M 7 17 300
17 53 35 44 -11 21 0 0.00 M M 2.1 10 270 M M 0 1 15 320
18 56 30 43 -12 22 0 0.00 M M 1.2 8 260 M M 0 18 10 260
19 63 32 48 -6 17 0 0.00 M M 4.2 13 240 M M 0 1 17 250
20 52 35 44 -10 21 0 0.00 M M 3.0 15 270 M M 0 19 270
21 60 30 45 -9 20 0 0.00 M M 2.1 8 40 M M 0 8 12 40
22 63 42 53 -1 12 0 0.00 M M 0.8 7 70 M M 4 10 30
23 71 48 60 7 5 0 0.00 M M 0.9 8 30 M M 6 12 350
24 61 47 54 1 11 0 0.13 M M 3.1 10 70 M M 8 1 16 50
25 64 50 57 4 8 0 0.10 M M 1.4 9 310 M M 6 1 12 350
26 67 39 53 0 12 0 0.00 M M 0.9 9 170 M M 1 18 17 150
27 M 59 M M M M 0.16 M M 7.7 23 250 M M 6 8 36 230
28 M 46 M M M M 0.00 M M 3.9 14 250 M M 0 20 250
29 69 41 55 3 10 0 0.00 M M 1.5 9 170 M M 1 1 13 150
30 68 49 59 7 6 0 0.70 M M 6.6 17 260 M M 5 13 24 330
================================================================================
SM 1911 1478 225 55 2.76 M 106.8 M 117
================================================================================
AV 68.3 49.3 3.6 FASTST M M 4 MAX(MPH)
MISC ----> 24 210 37 200
================================================================================
NOTES:
# LAST OF SEVERAL OCCURRENCES
COLUMN 17 PEAK WIND IN M.P.H.
PRELIMINARY LOCAL CLIMATOLOGICAL DATA (WS FORM: F-6) , PAGE 2
STATION: HAMILTON - OWENS AIRPORT SC
MONTH: NOVEMBER
YEAR: 2022
LATITUDE: 33 58 N
LONGITUDE: 80 59 W
[TEMPERATURE DATA] [PRECIPITATION DATA] SYMBOLS USED IN COLUMN 16
AVERAGE MONTHLY: 58.8 TOTAL FOR MONTH: 2.76 1 = FOG OR MIST
DPTR FM NORMAL: 3.4 DPTR FM NORMAL: -0.02 2 = FOG REDUCING VISIBILITY
HIGHEST: 85 ON 7 GRTST 24HR 1.40 ON 10-11 TO 1/4 MILE OR LESS
LOWEST: 30 ON 21,18 3 = THUNDER
SNOW, ICE PELLETS, HAIL 4 = ICE PELLETS
TOTAL MONTH: M 5 = HAIL
GRTST 24HR M ON M 6 = FREEZING RAIN OR DRIZZLE
GRTST DEPTH: M ON M 7 = DUSTSTORM OR SANDSTORM:
VSBY 1/2 MILE OR LESS
8 = SMOKE OR HAZE
[NO. OF DAYS WITH] [WEATHER - DAYS WITH] 9 = BLOWING SNOW
X = TORNADO
MAX 32 OR BELOW: 0 0.01 INCH OR MORE: 11
MAX 90 OR ABOVE: 0 0.10 INCH OR MORE: 6
MIN 32 OR BELOW: 3 0.50 INCH OR MORE: 3
MIN 0 OR BELOW: 0 1.00 INCH OR MORE: 0
[HDD (BASE 65) ]
TOTAL THIS MO. 225 CLEAR (SCALE 0-3) 14
DPTR FM NORMAL -75 PTCLDY (SCALE 4-7) 13
TOTAL FM JUL 1 324 CLOUDY (SCALE 8-10) 3
DPTR FM NORMAL -56
[CDD (BASE 65) ]
TOTAL THIS MO. 55
DPTR FM NORMAL 41 [PRESSURE DATA]
TOTAL FM JAN 1 2520 HIGHEST SLP 30.51 ON 21
DPTR FM NORMAL 106 LOWEST SLP 29.62 ON 11
[REMARKS]
#FINAL-11-22#