000
CXUS52 KCAE 011400
CF6CUB
PRELIMINARY LOCAL CLIMATOLOGICAL DATA (WS FORM: F-6)
STATION: HAMILTON - OWENS AIRPORT SC
MONTH: MAY
YEAR: 2022
LATITUDE: 33 58 N
LONGITUDE: 80 59 W
TEMPERATURE IN F: :PCPN: SNOW: WIND :SUNSHINE: SKY :PK WND
================================================================================
1 2 3 4 5 6A 6B 7 8 9 10 11 12 13 14 15 16 17 18
12Z AVG MX 2MIN
DY MAX MIN AVG DEP HDD CDD WTR SNW DPTH SPD SPD DIR MIN PSBL S-S WX SPD DR
================================================================================
1 86 60 73 4 0 8 0.03 M M 5.2 14 200 M M 2 3 17 170
2 89 63 76 6 0 11 0.00 M M 3.8 14 250 M M 1 19 220
3 90 67 79 9 0 14 0.04 M M 4.4 18 270 M M 1 3 27 260
4 91 67 79 9 0 14 0.00 M M 5.1 17 260 M M 1 22 270
5 89 69 79 9 0 14 0.00 M M 3.3 12 260 M M 0 16 290
6 87 70 79 8 0 14 T M M 8.5 28 220 M M 5 138 39 220
7 77 62 70 -1 0 5 T M M 9.0 20 260 M M 6 26 280
8 68 55 62 -9 3 0 0.00 M M 5.5 12 70 M M 8 20 70
9 76 50 63 -8 2 0 0.00 M M 3.9 10 60 M M 2 17 40
10 82 48 65 -7 0 0 0.00 M M 3.4 13 60 M M 0 23 40
11 83 55 69 -3 0 4 0.00 M M 3.9 14 30 M M 0 21 20
12 80 62 71 -1 0 6 0.17 M M 4.8 13 30 M M 6 1 24 80
13 80 65 73 1 0 8 0.35 M M 2.7 13 140 M M 8 13 23 160
14 84 63 74 1 0 9 0.00 M M 1.2 8 200 M M 4 1 13 250
15 87 63 75 2 0 10 0.00 M M 2.6 13 170 M M 1 17 200
16 91 67 79 6 0 14 0.00 M M 5.4 15 260 M M 1 21 250
17 87 65 76 3 0 11 0.00 M M 3.2 14 270 M M 0 19 330
18 92 58 75 1 0 10 0.00 M M 3.8 14 180 M M 0 8 18 200
19 97 71 84 10 0 19 0.00 M M 7.3 17 260 M M 0 8 24 240
20 96 73 85 11 0 20 0.00 M M 6.9 18 200 M M 0 25 210
21 89 68 79 5 0 14 1.75 M M 4.5 43 160 M M 3 123 50 160
22 89 70 80 5 0 15 T M M 4.8 15 260 M M 3 1 21 270
23 84 69 77 2 0 12 0.36 M M 5.3 21 210 M M 2 138 33 190
24 88 67 78 3 0 13 0.00 M M 3.8 10 70 M M 7 18 70
25 82 65 74 -1 0 9 0.00 M M 4.3 9 70 M M 7 14 60
26 86 71 79 3 0 14 0.36 M M 4.7 14 130 M M 6 1238 23 130
27 86 72 79 3 0 14 0.05 M M 6.7 14 220 M M 7 13 19 210
28 89 68 79 3 0 14 0.00 M M 2.2 10 270 M M 2 15 280
29 91 67 79 3 0 14 0.00 M M 2.6 12 170 M M 1 17 150
30 91 70 81 4 0 16 0.00 M M 3.2 15 160 M M 2 1 19 150
31 92 68 80 3 0 15 0.00 M M 2.5 10 170 M M 3 13 24 200
================================================================================
SM 2679 2008 5 341 3.11 M 138.5 M 89
================================================================================
AV 86.4 64.8 4.5 FASTST M M 3 MAX(MPH)
MISC ----> 43 160 50 160
================================================================================
NOTES:
# LAST OF SEVERAL OCCURRENCES
COLUMN 17 PEAK WIND IN M.P.H.
PRELIMINARY LOCAL CLIMATOLOGICAL DATA (WS FORM: F-6) , PAGE 2
STATION: HAMILTON - OWENS AIRPORT SC
MONTH: MAY
YEAR: 2022
LATITUDE: 33 58 N
LONGITUDE: 80 59 W
[TEMPERATURE DATA] [PRECIPITATION DATA] SYMBOLS USED IN COLUMN 16
AVERAGE MONTHLY: 75.6 TOTAL FOR MONTH: 3.11 1 = FOG OR MIST
DPTR FM NORMAL: 2.5 DPTR FM NORMAL: 0.16 2 = FOG REDUCING VISIBILITY
HIGHEST: 97 ON 19 GRTST 24HR 1.75 ON 21-21 TO 1/4 MILE OR LESS
LOWEST: 48 ON 10 3 = THUNDER
SNOW, ICE PELLETS, HAIL 4 = ICE PELLETS
TOTAL MONTH: M 5 = HAIL
GRTST 24HR M ON M 6 = FREEZING RAIN OR DRIZZLE
GRTST DEPTH: M ON M 7 = DUSTSTORM OR SANDSTORM:
VSBY 1/2 MILE OR LESS
8 = SMOKE OR HAZE
[NO. OF DAYS WITH] [WEATHER - DAYS WITH] 9 = BLOWING SNOW
X = TORNADO
MAX 32 OR BELOW: 0 0.01 INCH OR MORE: 8
MAX 90 OR ABOVE: 9 0.10 INCH OR MORE: 5
MIN 32 OR BELOW: 0 0.50 INCH OR MORE: 1
MIN 0 OR BELOW: 0 1.00 INCH OR MORE: 1
[HDD (BASE 65) ]
TOTAL THIS MO. 5 CLEAR (SCALE 0-3) 20
DPTR FM NORMAL -6 PTCLDY (SCALE 4-7) 11
TOTAL FM JUL 1 1877 CLOUDY (SCALE 8-10) 0
DPTR FM NORMAL -328
[CDD (BASE 65) ]
TOTAL THIS MO. 341
DPTR FM NORMAL 79 [PRESSURE DATA]
TOTAL FM JAN 1 471 HIGHEST SLP 30.26 ON 22
DPTR FM NORMAL 80 LOWEST SLP 29.59 ON 7
[REMARKS]
#FINAL-05-22#