000
CXUS52 KCAE 011921
CLMCUB
CLIMATE REPORT
NATIONAL WEATHER SERVICE COLUMBIA SC
221 PM EST THU FEB 01 2024
...................................
...THE HAMILTON - OWENS AIRPORT SC CLIMATE SUMMARY FOR THE MONTH OF JANUARY 2024...
CLIMATE NORMAL PERIOD: 1991 TO 2020
CLIMATE RECORD PERIOD: 9999 TO 9999
WEATHER OBSERVED NORMAL DEPART LAST YEAR`S
VALUE DATE(S) VALUE FROM VALUE
NORMAL
..............................................................
TEMPERATURE (F)
HIGHEST 78 01/26 MM MM
LOWEST 17 01/21 MM MM
AVG. MAXIMUM 58.7 57.2 1.5
AVG. MINIMUM 37.2 37.0 0.2
MEAN 47.9 47.1 0.8
DAYS MAX >= 90 0 0.0 0.0
DAYS MAX <= 32 0 0.2 -0.2
DAYS MIN <= 32 11 12.1 -1.1
DAYS MIN <= 0 0 0.0 0.0
PRECIPITATION (INCHES)
TOTALS 2.49R 3.41 -0.92
DAYS >= .01 8 9.1 -1.1
DAYS >= .10 5 5.2 -0.2
DAYS >= .50 2 2.1 -0.1
DAYS >= 1.00 0 0.7 -0.7
GREATEST
24 HR. TOTAL 0.95 01/09 TO 01/09
01/09 TO 01/10
DAYS >= TRACE MM
DEGREE DAYS
HEATING TOTAL 498 557 -59
SINCE 7/1 1315 1427 -112
COOLING TOTAL 9 3 6
SINCE 1/1 9 3 6
..............................................................
WIND (MPH)
AVERAGE WIND SPEED 4.8
RESULTANT WIND SPEED/DIRECTION 2/240
HIGHEST WIND SPEED/DIRECTION 30/260 DATE 01/10
HIGHEST GUST SPEED/DIRECTION 45/260 DATE 01/10
SKY COVER
POSSIBLE SUNSHINE (PERCENT) MM
AVERAGE SKY COVER 0.31
NUMBER OF DAYS FAIR 20
NUMBER OF DAYS PC 4
NUMBER OF DAYS CLOUDY 5
AVERAGE RH (PERCENT) 66
WEATHER CONDITIONS. NUMBER OF DAYS WITH
THUNDERSTORM 3 MIXED PRECIP 0
HEAVY RAIN 4 RAIN 5
LIGHT RAIN 12 FREEZING RAIN 0
LT FREEZING RAIN 0 HAIL 0
HEAVY SNOW 0 SNOW 0
LIGHT SNOW 0 SLEET 0
FOG 9 FOG W/VIS <= 1/4 MILE 0
HAZE 2
- INDICATES NEGATIVE NUMBERS.
R INDICATES RECORD WAS SET OR TIED.
MM INDICATES DATA IS MISSING.
T INDICATES TRACE AMOUNT.
$$