000
CXUS53 KUNR 010930
CF6CUT
PRELIMINARY LOCAL CLIMATOLOGICAL DATA (WS FORM: F-6)
STATION: CUSTER COUNTY AIRPORT SD
MONTH: JUNE
YEAR: 2023
LATITUDE: 43 43 N
LONGITUDE: 103 37 W
TEMPERATURE IN F: :PCPN: SNOW: WIND :SUNSHINE: SKY :PK WND
================================================================================
1 2 3 4 5 6A 6B 7 8 9 10 11 12 13 14 15 16 17 18
12Z AVG MX 2MIN
DY MAX MIN AVG DEP HDD CDD WTR SNW DPTH SPD SPD DIR MIN PSBL S-S WX SPD DR
================================================================================
1 67 49 58 4 7 0 0.67 M M 7.4 17 100 M M 5 13 26 130
2 66 47 57 3 8 0 0.00 M M 5.0 16 90 M M 4 12 24 90
3 67 44 56 1 9 0 0.02 M M 5.5 15 110 M M 4 23 110
4 70 52 61 6 4 0 T M M 5.5 16 120 M M 4 24 110
5 72 51 62 7 3 0 0.00 M M 4.9 14 130 M M 2 23 130
6 75 48 62 6 3 0 0.00 M M 4.1 14 110 M M 1 24 110
7 77 50 64 8 1 0 0.00 M M 4.4 16 130 M M 1 23 120
8 78 51 65 9 0 0 T M M 3.3 14 150 M M 4 3 20 130
9 74 55 65 8 0 0 0.09 M M 5.0 12 20 M M 2 13 16 30
10 57 51 54 -3 11 0 0.37 M M M M M M M 5 1 M M
11 60 45 53 -4 12 0 0.00 M M M M M M M 3 18 M M
12 65 39 52 -6 13 0 T M M 5.4 13 120 M M 4 1 20 120
13 67 43 55 -3 10 0 0.06 M M 4.4 13 80 M M 5 1 18 100
14 74 45 60 2 5 0 0.03 M M 4.8 14 210 M M 3 3 24 200
15 65 50 58 -1 7 0 0.16 M M 5.0 13 360 M M 5 13 22 20
16 56 38 47 -12 18 0 0.06 M M 5.1 16 360 M M 9 18 27 340
17 71 38 55 -4 10 0 0.00 M M 6.0 16 270 M M 1 18 27 280
18 78 44 61 1 4 0 0.00 M M 5.5 18 230 M M 2 32 230
19 82 53 68 8 0 3 0.00 M M 7.1 15 150 M M 0 26 160
20 79 55 67 7 0 2 0.21 M M 6.0 20 240 M M 1 13 30 220
21 71 53 62 1 3 0 0.13 M M 6.3 18 60 M M 6 1238 26 60
22 68 51 60 -1 5 0 0.63 M M 5.8 17 70 M M 6 13 26 50
23 66 49 58 -4 7 0 0.20 M M 5.3 26 280 M M 7 13 40 280
24 63 46 55 -7 10 0 0.01 M M 7.2 20 270 M M 7 12 32 310
25 69 40 55 -7 10 0 0.00 M M 5.7 15 110 M M 2 20 100
26 68 45 57 -5 8 0 0.76 M M 5.7 20 280 M M 5 13 32 330
27 72 52 62 -1 3 0 0.03 M M 6.2 17 290 M M 6 13 27 280
28 75 45 60 -3 5 0 0.12 M M 5.5 16 230 M M 3 138 29 240
29 73 47 60 -3 5 0 T M M 4.8 16 60 M M 5 3 24 50
30 69 49 59 -5 6 0 1.32 M M 4.1 21 360 M M 6 13 34 350
================================================================================
SM 2094 1425 187 5 4.87 M 151.0 M 118
================================================================================
AV 69.8 47.5 5.4 FASTST M M 4 MAX(MPH)
MISC ----> 26 280 40 280
================================================================================
NOTES:
# LAST OF SEVERAL OCCURRENCES
COLUMN 17 PEAK WIND IN M.P.H.
PRELIMINARY LOCAL CLIMATOLOGICAL DATA (WS FORM: F-6) , PAGE 2
STATION: CUSTER COUNTY AIRPORT SD
MONTH: JUNE
YEAR: 2023
LATITUDE: 43 43 N
LONGITUDE: 103 37 W
[TEMPERATURE DATA] [PRECIPITATION DATA] SYMBOLS USED IN COLUMN 16
AVERAGE MONTHLY: 58.7 TOTAL FOR MONTH: 4.87 1 = FOG OR MIST
DPTR FM NORMAL: -0.2 DPTR FM NORMAL: 1.71 2 = FOG REDUCING VISIBILITY
HIGHEST: 82 ON 19 GRTST 24HR 1.32 ON 29-30 TO 1/4 MILE OR LESS
LOWEST: 38 ON 17,16 3 = THUNDER
SNOW, ICE PELLETS, HAIL 4 = ICE PELLETS
TOTAL MONTH: M 5 = HAIL
GRTST 24HR M ON M 6 = FREEZING RAIN OR DRIZZLE
GRTST DEPTH: M ON M 7 = DUSTSTORM OR SANDSTORM:
VSBY 1/2 MILE OR LESS
8 = SMOKE OR HAZE
[NO. OF DAYS WITH] [WEATHER - DAYS WITH] 9 = BLOWING SNOW
X = TORNADO
MAX 32 OR BELOW: 0 0.01 INCH OR MORE: 17
MAX 90 OR ABOVE: 0 0.10 INCH OR MORE: 10
MIN 32 OR BELOW: 0 0.50 INCH OR MORE: 4
MIN 0 OR BELOW: 0 1.00 INCH OR MORE: 1
[HDD (BASE 65) ]
TOTAL THIS MO. 187 CLEAR (SCALE 0-3) 11
DPTR FM NORMAL -22 PTCLDY (SCALE 4-7) 18
TOTAL FM JUL 1 8220 CLOUDY (SCALE 8-10) 1
DPTR FM NORMAL 68
[CDD (BASE 65) ]
TOTAL THIS MO. 5
DPTR FM NORMAL -21 [PRESSURE DATA]
TOTAL FM JAN 1 5 HIGHEST SLP 30.12 ON 26
DPTR FM NORMAL -22 LOWEST SLP 29.53 ON 18
[REMARKS]
#FINAL-06-23#