000
CXUS53 KUNR 071514
CF6CUT
PRELIMINARY LOCAL CLIMATOLOGICAL DATA (WS FORM: F-6)
STATION: CUSTER COUNTY AIRPORT SD
MONTH: JULY
YEAR: 2022
LATITUDE: 43 43 N
LONGITUDE: 103 37 W
TEMPERATURE IN F: :PCPN: SNOW: WIND :SUNSHINE: SKY :PK WND
================================================================================
1 2 3 4 5 6A 6B 7 8 9 10 11 12 13 14 15 16 17 18
12Z AVG MX 2MIN
DY MAX MIN AVG DEP HDD CDD WTR SNW DPTH SPD SPD DIR MIN PSBL S-S WX SPD DR
================================================================================
1 76 50 63 -1 2 0 0.14 M M 5.1 20 330 M M 3 13 35 340
2 80 47 64 0 1 0 0.13 M M 4.7 28 270 M M 1 3 46 260
3 86 52 69 4 0 4 0.02 M M 4.6 13 190 M M 1 13 21 200
4 87 55 71 6 0 6 0.07 M M 7.8 20 40 M M 2 13 29 40
5 83 56 70 5 0 5 T M M 7.1 20 50 M M 1 13 29 60
6 79 55 67 2 0 2 0.04 M M 4.4 13 80 M M 4 13 20 80
7 78 53 66 0 0 1 1.27 M M 5.8 24 270 M M 2 13 35 260
8 81 53 67 1 0 2 0.00 M M 4.9 14 110 M M 0 3 22 130
9 91 59 75 9 0 10 0.00 M M 5.7 15 100 M M 0 21 80
10 85 57 71 5 0 6 T M M 8.3 21 30 M M 1 3 32 20
11 75 51 63 -3 2 0 T M M 6.2 18 350 M M 5 3 34 340
12 81 47 64 -2 1 0 0.00 M M 6.1 15 70 M M 1 20 70
13 85 53 69 2 0 4 0.00 M M 6.5 16 110 M M 0 23 120
14 91 63 77 10 0 12 0.00 M M 5.3 15 10 M M 0 23 350
15 86 58 72 5 0 7 0.18 M M 5.0 13 130 M M 3 13 22 150
16 85 59 72 5 0 7 0.11 M M 4.6 16 100 M M 2 13 22 100
17 92 57 75 8 0 10 0.00 M M 5.5 15 100 M M 0 21 60
18 96 65 81 14 0 16 0.00 M M 8.6 22 280 M M 0 33 260
19 80 52 66 -1 0 1 0.00 M M 11.0 31 280 M M 0 50 280
20 89 51 70 3 0 5 0.00 M M 7.1 20 270 M M 0 30 270
21 91 51 71 4 0 6 0.00 M M 7.0 20 270 M M 0 32 270
22 91 53 72 5 0 7 0.00 M M 5.1 16 190 M M 0 27 210
23 81 62 72 5 0 7 0.00 M M 6.9 20 360 M M 1 31 360
24 80 55 68 1 0 3 0.88 M M 7.4 21 50 M M 6 13 30 60
25 75 52 64 -3 1 0 0.03 M M 4.4 13 110 M M 5 1 17 110
26 73 52 63 -4 2 0 0.01 M M 4.0 13 80 M M 4 3 24 320
27 79 51 65 -2 0 0 0.00 M M 7.0 17 260 M M 3 26 270
28 72 47 60 -7 5 0 0.00 M M 2.9 14 80 M M 5 19 100
29 79 47 63 -4 2 0 0.00 M M 4.6 22 100 M M 2 29 100
30 85 55 70 3 0 5 T M M 4.8 15 70 M M 1 21 60
31 M M M M M M 0.00 M M M M M M M 0 3 M M
================================================================================
SM 2492 1618 16 126 2.88 M 178.4 M 53
================================================================================
AV 83.1 53.9 5.9 FASTST M M 2 MAX(MPH)
MISC ----> 31 280 50 280
================================================================================
NOTES:
# LAST OF SEVERAL OCCURRENCES
COLUMN 17 PEAK WIND IN M.P.H.
PRELIMINARY LOCAL CLIMATOLOGICAL DATA (WS FORM: F-6) , PAGE 2
STATION: CUSTER COUNTY AIRPORT SD
MONTH: JULY
YEAR: 2022
LATITUDE: 43 43 N
LONGITUDE: 103 37 W
[TEMPERATURE DATA] [PRECIPITATION DATA] SYMBOLS USED IN COLUMN 16
AVERAGE MONTHLY: 68.5 TOTAL FOR MONTH: 2.88 1 = FOG OR MIST
DPTR FM NORMAL: 2.0 DPTR FM NORMAL: -0.41 2 = FOG REDUCING VISIBILITY
HIGHEST: 96 ON 18 GRTST 24HR 1.27 ON 6- 7 TO 1/4 MILE OR LESS
LOWEST: 47 ON 29,28 3 = THUNDER
SNOW, ICE PELLETS, HAIL 4 = ICE PELLETS
TOTAL MONTH: M 5 = HAIL
GRTST 24HR M ON M 6 = FREEZING RAIN OR DRIZZLE
GRTST DEPTH: M ON M 7 = DUSTSTORM OR SANDSTORM:
VSBY 1/2 MILE OR LESS
8 = SMOKE OR HAZE
[NO. OF DAYS WITH] [WEATHER - DAYS WITH] 9 = BLOWING SNOW
X = TORNADO
MAX 32 OR BELOW: 0 0.01 INCH OR MORE: 11
MAX 90 OR ABOVE: 6 0.10 INCH OR MORE: 6
MIN 32 OR BELOW: 0 0.50 INCH OR MORE: 2
MIN 0 OR BELOW: 0 1.00 INCH OR MORE: 1
[HDD (BASE 65) ]
TOTAL THIS MO. 16 CLEAR (SCALE 0-3) 24
DPTR FM NORMAL -34 PTCLDY (SCALE 4-7) 7
TOTAL FM JUL 1 16 CLOUDY (SCALE 8-10) 0
DPTR FM NORMAL -30
[CDD (BASE 65) ]
TOTAL THIS MO. 126
DPTR FM NORMAL 31 [PRESSURE DATA]
TOTAL FM JAN 1 157 HIGHEST SLP 30.16 ON 12
DPTR FM NORMAL 35 LOWEST SLP 29.60 ON 18
[REMARKS]
#FINAL-07-22#