000
CXUS52 KCHS 051444
CF6CXM
PRELIMINARY LOCAL CLIMATOLOGICAL DATA (WS FORM: F-6)
STATION: DOWNTOWN CHARLESTON SC
MONTH: JULY
YEAR: 2020
LATITUDE: 32 46 N
LONGITUDE: 79 56 W
TEMPERATURE IN F: :PCPN: SNOW: WIND :SUNSHINE: SKY :PK WND
================================================================================
1 2 3 4 5 6A 6B 7 8 9 10 11 12 13 14 15 16 17 18
12Z AVG MX 2MIN
DY MAX MIN AVG DEP HDD CDD WTR SNW DPTH SPD SPD DIR MIN PSBL S-S WX SPD DR
================================================================================
1 91 75 83 1 0 18 0.02 M M 4.6 12 120 M M M 19 270
2 86 76 81 -1 0 16 0.01 M M 4.8 14 120 M M M 20 120
3 87 77 82 0 0 17 0.00 M M 5.9 12 140 M M M 13 140
4 90 77 84 2 0 19 0.00 M M 5.0 10 170 M M M 13 150
5 87 78 83 1 0 18 0.01 M M 6.1 14 120 M M M 21 180
6 86 76 81 -1 0 16 0.15 M M 6.2 15 190 M M M 19 240
7 80 75 78 -4 0 13 1.45 M M 5.3 14 100 M M M 16 120
8 86 77 82 0 0 17 0.21 M M 3.8 11 90 M M M 15 90
9 87 76 82 0 0 17 0.00 M M 5.3 10 360 M M M 15 120
10 88 78 83 1 0 18 0.01 M M 5.1 10 190 M M M 14 210
11 90 79 85 3 0 20 0.02 M M 4.9 12 180 M M M 16 160
12 93 81 87 5 0 22 0.00 M M 5.6 11 200 M M M 15 210
13 89 77 83 1 0 18 0.00 M M 7.3 18 80 M M M 28 60
14 88 79 84 2 0 19 0.00 M M 5.2 10 140 M M M 13 130
15 91 82 87 5 0 22 0.00 M M 5.7 10 120 M M M 13 120
16 90 81 86 3 0 21 0.00 M M 7.0 12 100 M M M 15 120
17 88 80 84 1 0 19 0.00 M M 5.9 11 130 M M M 14 150
18 90 80 85 2 0 20 0.00 M M 5.1 11 170 M M M 16 190
19 92 81 87 4 0 22 0.00 M M 5.6 12 180 M M M 15 180
20 90 81 86 3 0 21 0.00 M M 6.6 14 180 M M M 17 180
21 88 81 85 2 0 20 0.00 M M 7.4 16 180 M M M 19 180
22 88 82 85 2 0 20 0.00 M M 6.9 15 180 M M M 17 180
23 87 82 85 2 0 20 0.00 M M 6.0 13 170 M M M 15 170
24 86 80 83 0 0 18 0.00 M M 4.8 12 360 M M M 16 180
25 90 80 85 3 0 20 0.02 M M 3.4 10 120 M M M 15 220
26 88 77 83 1 0 18 0.00 M M 5.1 10 120 M M M 12 130
27 88 80 84 2 0 19 0.00 M M 6.4 12 190 M M M 16 210
28 93 79 86 4 0 21 0.00 M M 6.7 16 190 M M M 20 200
29 88 77 83 1 0 18 0.06 M M 7.0 14 220 M M M 19 220
30 86 78 82 0 0 17 0.10 M M 7.2 15 200 M M M 19 200
31 91 79 85 3 0 20 0.00 M M 8.7 17 200 M M M 22 210
================================================================================
SM 2742 2441 0 584 2.06 M 180.6 M M
================================================================================
AV 88.5 78.7 5.8 FASTST M M M MAX(MPH)
MISC ----> 18 80 28 60
================================================================================
NOTES:
# LAST OF SEVERAL OCCURRENCES
COLUMN 17 PEAK WIND IN M.P.H.
PRELIMINARY LOCAL CLIMATOLOGICAL DATA (WS FORM: F-6) , PAGE 2
STATION: DOWNTOWN CHARLESTON SC
MONTH: JULY
YEAR: 2020
LATITUDE: 32 46 N
LONGITUDE: 79 56 W
[TEMPERATURE DATA] [PRECIPITATION DATA] SYMBOLS USED IN COLUMN 16
AVERAGE MONTHLY: 83.6 TOTAL FOR MONTH: 2.06 1 = FOG OR MIST
DPTR FM NORMAL: 1.4 DPTR FM NORMAL: -3.34 2 = FOG REDUCING VISIBILITY
HIGHEST: 93 ON 28,12 GRTST 24HR 1.45 ON 7- 7 TO 1/4 MILE OR LESS
LOWEST: 75 ON 7, 1 3 = THUNDER
SNOW, ICE PELLETS, HAIL 4 = ICE PELLETS
TOTAL MONTH: M 5 = HAIL
GRTST 24HR M ON M 6 = FREEZING RAIN OR DRIZZLE
GRTST DEPTH: M ON M 7 = DUSTSTORM OR SANDSTORM:
VSBY 1/2 MILE OR LESS
8 = SMOKE OR HAZE
[NO. OF DAYS WITH] [WEATHER - DAYS WITH] 9 = BLOWING SNOW
X = TORNADO
MAX 32 OR BELOW: 0 0.01 INCH OR MORE: 11
MAX 90 OR ABOVE: 12 0.10 INCH OR MORE: 4
MIN 32 OR BELOW: 0 0.50 INCH OR MORE: 1
MIN 0 OR BELOW: 0 1.00 INCH OR MORE: 1
[HDD (BASE 65) ]
TOTAL THIS MO. 0 CLEAR (SCALE 0-3) 0
DPTR FM NORMAL 0 PTCLDY (SCALE 4-7) 0
TOTAL FM JUL 1 0 CLOUDY (SCALE 8-10) 31
DPTR FM NORMAL 0
[CDD (BASE 65) ]
TOTAL THIS MO. 584
DPTR FM NORMAL 49 [PRESSURE DATA]
TOTAL FM JAN 1 1441 HIGHEST SLP M ON M
DPTR FM NORMAL 120 LOWEST SLP 29.63 ON 12
[REMARKS]
#FINAL-07-20#