000
CXUS54 KHGX 011410
CF6CXO
PRELIMINARY LOCAL CLIMATOLOGICAL DATA (WS FORM: F-6)
STATION: CONROE
MONTH: APRIL
YEAR: 2022
LATITUDE: 30 21 N
LONGITUDE: 95 25 W
TEMPERATURE IN F: :PCPN: SNOW: WIND :SUNSHINE: SKY :PK WND
================================================================================
1 2 3 4 5 6A 6B 7 8 9 10 11 12 13 14 15 16 17 18
12Z AVG MX 2MIN
DY MAX MIN AVG DEP HDD CDD WTR SNW DPTH SPD SPD DIR MIN PSBL S-S WX SPD DR
================================================================================
1 79 42 61 -3 4 0 0.00 0.0 0 4.3 14 120 M M 0 22 140
2 84 51 68 4 0 3 0.00 0.0 0 4.0 16 280 M M 3 23 300
3 84 52 68 3 0 3 0.00 0.0 0 5.4 20 180 M M 2 12 26 170
4 75 55 65 0 0 0 0.03 0.0 0 6.2 13 140 M M 10 1 19 140
5 89 69 79 14 0 14 0.02 0.0 0 8.1 15 200 M M 10 18 21 200
6 79 56 68 3 0 3 0.00 0.0 0 11.7 22 340 M M 4 18 32 340
7 75 42 59 -6 6 0 0.00 0.0 0 9.7 25 330 M M 1 37 310
8 73 40 57 -9 8 0 0.00 0.0 0 7.6 25 300 M M 3 8 38 300
9 84 36 60 -6 5 0 0.00 0.0 0 7.3 20 210 M M 0 30 220
10 83 58 71 5 0 6 T 0.0 0 15.9 30 150 M M 5 1 44 160
11 82 68 75 9 0 10 0.04 0.0 0 15.1 30 180 M M 8 1 42 190
12 81 71 76 10 0 11 T 0.0 0 13.6 24 170 M M 10 18 35 180
13 83 62 73 7 0 8 0.02 0.0 0 11.3 22 170 M M 8 18 32 160
14 80 48 64 -3 1 0 0.00 0.0 0 5.1 15 80 M M 0 21 80
15 81 53 67 0 0 2 0.02 0.0 0 6.0 15 150 M M 7 18 21 170
16 84 68 76 9 0 11 T 0.0 0 6.1 15 180 M M 7 18 22 180
17 86 68 77 10 0 12 0.11 0.0 0 4.6 12 350 M M 7 13 18 360
18 76 54 65 -2 0 0 0.00 0.0 0 5.0 14 20 M M 1 1 24 20
19 78 51 65 -3 0 0 0.00 0.0 0 11.3 24 150 M M 3 1 33 150
20 83 64 74 6 0 9 T 0.0 0 13.4 25 170 M M 10 1 35 170
21 84 71 78 10 0 13 T 0.0 0 10.4 20 140 M M 9 18 28 140
22 86 67 77 9 0 12 0.00 0.0 0 12.1 22 150 M M 7 32 170
23 84 66 75 7 0 10 0.00 0.0 0 13.0 24 160 M M 9 34 150
24 87 60 74 5 0 9 T 0.0 0 9.6 25 150 M M 6 1 33 150
25 85 60 73 4 0 8 2.10 0.0 0 6.9 20 20 M M 9 13 31 40
26 77 59 68 -1 0 3 0.00 0.0 0 5.3 14 80 M M 6 1 20 70
27 80 54 67 -2 0 2 0.00 0.0 0 4.1 12 110 M M 0 18 130
28 85 55 70 0 0 5 0.00 0.0 0 6.4 18 160 M M 2 1 25 150
29 86 64 75 5 0 10 0.00 0.0 0 10.8 22 160 M M 4 29 170
30 89 69 79 9 0 14 0.51 0.0 0 6.8 18 150 M M 7 13 24 190
================================================================================
SM 2462 1733 24 178 2.85 0.0 257.1 M 158
================================================================================
AV 82.1 57.8 8.6 FASTST M M 5 MAX(MPH)
MISC ----> # 30 150 44 160
================================================================================
NOTES:
# LAST OF SEVERAL OCCURRENCES
COLUMN 17 PEAK WIND IN M.P.H.
PRELIMINARY LOCAL CLIMATOLOGICAL DATA (WS FORM: F-6) , PAGE 2
STATION: CONROE
MONTH: APRIL
YEAR: 2022
LATITUDE: 30 21 N
LONGITUDE: 95 25 W
[TEMPERATURE DATA] [PRECIPITATION DATA] SYMBOLS USED IN COLUMN 16
AVERAGE MONTHLY: 69.9 TOTAL FOR MONTH: 2.85 1 = FOG OR MIST
DPTR FM NORMAL: 2.9 DPTR FM NORMAL: -0.25 2 = FOG REDUCING VISIBILITY
HIGHEST: 89 ON 30, 5 GRTST 24HR 2.10 ON 25-26 TO 1/4 MILE OR LESS
LOWEST: 36 ON 9 3 = THUNDER
SNOW, ICE PELLETS, HAIL 4 = ICE PELLETS
TOTAL MONTH: 0.0 INCH 5 = HAIL
GRTST 24HR 0.0 6 = FREEZING RAIN OR DRIZZLE
GRTST DEPTH: 0 7 = DUSTSTORM OR SANDSTORM:
VSBY 1/2 MILE OR LESS
8 = SMOKE OR HAZE
[NO. OF DAYS WITH] [WEATHER - DAYS WITH] 9 = BLOWING SNOW
X = TORNADO
MAX 32 OR BELOW: 0 0.01 INCH OR MORE: 8
MAX 90 OR ABOVE: 0 0.10 INCH OR MORE: 3
MIN 32 OR BELOW: 0 0.50 INCH OR MORE: 2
MIN 0 OR BELOW: 0 1.00 INCH OR MORE: 1
[HDD (BASE 65) ]
TOTAL THIS MO. 24 CLEAR (SCALE 0-3) 11
DPTR FM NORMAL -38 PTCLDY (SCALE 4-7) 12
TOTAL FM JUL 1 1653 CLOUDY (SCALE 8-10) 7
DPTR FM NORMAL -48
[CDD (BASE 65) ]
TOTAL THIS MO. 178
DPTR FM NORMAL 55 [PRESSURE DATA]
TOTAL FM JAN 1 233 HIGHEST SLP 30.30 ON 26
DPTR FM NORMAL 23 LOWEST SLP 29.53 ON 5
[REMARKS]
#FINAL-04-22#