000
CXUS52 KMLB 010622
CF6DAB
PRELIMINARY LOCAL CLIMATOLOGICAL DATA (WS FORM: F-6)
STATION: DAYTONA BEACH
MONTH: OCTOBER
YEAR: 2022
LATITUDE: 29 10 N
LONGITUDE: 81 3 W
TEMPERATURE IN F: :PCPN: SNOW: WIND :SUNSHINE: SKY :PK WND
================================================================================
1 2 3 4 5 6A 6B 7 8 9 10 11 12 13 14 15 16 17 18
12Z AVG MX 2MIN
DY MAX MIN AVG DEP HDD CDD WTR SNW DPTH SPD SPD DIR MIN PSBL S-S WX SPD DR
================================================================================
1 83 64 74 -4 0 9 0.00 0.0 0 3.5 14 260 M M 1 16 250
2 87 66 77 -1 0 12 0.00 0.0 0 8.1 15 20 M M 0 22 280
3 80 66 73 -5 0 8 T 0.0 0 11.5 22 10 M M 4 30 340
4 77 63 70 -8 0 5 T 0.0 0 10.5 24 10 M M 6 30 20
5 80 61 71 -6 0 6 0.00 0.0 0 4.1 13 60 M M 2 16 70
6 82 61 72 -5 0 7 0.00 0.0 0 3.0 14 70 M M 0 18 17 330
7 85 63 74 -3 0 9 0.00 0.0 0 2.9 13 60 M M 1 1 14 70
8 84 63 74 -3 0 9 0.00 0.0 0 3.8 13 40 M M 1 1 16 50
9 85 64 75 -1 0 10 0.00 0.0 0 6.0 15 40 M M 3 1 20 40
10 84 69 77 1 0 12 0.00 0.0 0 7.9 18 20 M M 4 23 20
11 86 68 77 1 0 12 0.00 0.0 0 3.9 14 40 M M 6 1 17 40
12 84 73 79 3 0 14 T 0.0 0 4.4 14 60 M M 9 16 60
13 87 71 79 4 0 14 T 0.0 0 5.4 14 270 M M 7 20 300
14 83 70 77 2 0 12 0.00 0.0 0 7.7 16 40 M M 2 21 30
15 84 69 77 2 0 12 0.00 0.0 0 5.7 17 30 M M 2 1 22 30
16 84 66 75 0 0 10 0.00 0.0 0 3.5 13 70 M M 3 18 18 80
17 88 68 78 4 0 13 T 0.0 0 3.9 18 200 M M 4 1 26 200
18 79 60 70 -4 0 5 0.00 0.0 0 6.9 16 330 M M 6 23 50
19 68 52 60 -14 5 0 0.00 0.0 0 11.5 22 10 M M 5 29 10
20 74 53 64 -9 1 0 0.00 0.0 0 7.7 15 30 M M 5 18 30
21 75 57 66 -7 0 1 0.00 0.0 0 9.0 18 20 M M 2 26 20
22 80 57 69 -4 0 4 0.00 0.0 0 8.9 23 10 M M 3 28 20
23 81 59 70 -3 0 5 0.00 0.0 0 7.2 17 10 M M 2 22 20
24 82 64 73 1 0 8 0.00 0.0 0 6.0 15 30 M M 4 20 40
25 83 60 72 0 0 7 0.00 0.0 0 3.4 13 60 M M 1 1 18 60
26 87 62 75 3 0 10 0.00 0.0 0 4.9 16 240 M M 3 1 19 240
27 81 68 75 4 0 10 T 0.0 0 6.0 17 20 M M 6 18 21 20
28 81 69 75 4 0 10 0.31 0.0 0 5.7 15 40 M M 9 1 17 40
29 82 70 76 5 0 11 0.04 0.0 0 6.9 15 10 M M 7 1 21 40
30 82 66 74 3 0 9 0.00 0.0 0 4.6 14 60 M M 4 12 19 60
31 83 70 77 7 0 12 0.01 0.0 0 2.8 12 80 M M 4 1 14 80
================================================================================
SM 2541 1992 6 266 0.36 0.0 187.3 M 116
================================================================================
AV 82.0 64.3 6.0 FASTST M M 4 MAX(MPH)
MISC ----> 24 10 # 30 340
================================================================================
NOTES:
# LAST OF SEVERAL OCCURRENCES
COLUMN 17 PEAK WIND IN M.P.H.
PRELIMINARY LOCAL CLIMATOLOGICAL DATA (WS FORM: F-6) , PAGE 2
STATION: DAYTONA BEACH
MONTH: OCTOBER
YEAR: 2022
LATITUDE: 29 10 N
LONGITUDE: 81 3 W
[TEMPERATURE DATA] [PRECIPITATION DATA] SYMBOLS USED IN COLUMN 16
AVERAGE MONTHLY: 73.1 TOTAL FOR MONTH: 0.36 1 = FOG OR MIST
DPTR FM NORMAL: -1.3 DPTR FM NORMAL: -4.49 2 = FOG REDUCING VISIBILITY
HIGHEST: 88 ON 17 GRTST 24HR 0.35 ON 28-29 TO 1/4 MILE OR LESS
LOWEST: 52 ON 19 3 = THUNDER
SNOW, ICE PELLETS, HAIL 4 = ICE PELLETS
TOTAL MONTH: 0.0 INCH 5 = HAIL
GRTST 24HR 0.0 6 = FREEZING RAIN OR DRIZZLE
GRTST DEPTH: 0 7 = DUSTSTORM OR SANDSTORM:
VSBY 1/2 MILE OR LESS
8 = SMOKE OR HAZE
[NO. OF DAYS WITH] [WEATHER - DAYS WITH] 9 = BLOWING SNOW
X = TORNADO
MAX 32 OR BELOW: 0 0.01 INCH OR MORE: 3
MAX 90 OR ABOVE: 0 0.10 INCH OR MORE: 1
MIN 32 OR BELOW: 0 0.50 INCH OR MORE: 0
MIN 0 OR BELOW: 0 1.00 INCH OR MORE: 0
[HDD (BASE 65) ]
TOTAL THIS MO. 6 CLEAR (SCALE 0-3) 13
DPTR FM NORMAL -2 PTCLDY (SCALE 4-7) 16
TOTAL FM JUL 1 6 CLOUDY (SCALE 8-10) 2
DPTR FM NORMAL 0
[CDD (BASE 65) ]
TOTAL THIS MO. 266
DPTR FM NORMAL -35 [PRESSURE DATA]
TOTAL FM JAN 1 3317 HIGHEST SLP M ON M
DPTR FM NORMAL 389 LOWEST SLP 29.76 ON 18
[REMARKS]
#FINAL-10-22#