000
CXUS52 KMLB 011642
CLMDAB
CLIMATE REPORT
NATIONAL WEATHER SERVICE MELBOURNE FL
1142 AM EST THU FEB 01 2024
...................................
...THE DAYTONA BEACH CLIMATE SUMMARY FOR THE MONTH OF JANUARY 2024...
CLIMATE NORMAL PERIOD 1991 TO 2020
CLIMATE RECORD PERIOD 1923 TO 2024
WEATHER OBSERVED NORMAL DEPART LAST YEAR`S
VALUE DATE(S) VALUE FROM VALUE
NORMAL
..............................................................
TEMPERATURE (F)
MONTHLY RECORD
HOTTEST 70.2 1937
COLDEST 48.6 1940
DAILY RECORD
HIGH 87 01/30/1991
01/25/1937
LOW 15 01/21/1985
JANUARY 2024
HIGHEST 83 01/27 85
LOWEST 36 01/21 32
AVG. MAXIMUM 69.8 69.0 0.8 73.8
AVG. MINIMUM 50.2 48.5 1.7 50.6
MEAN 60.0 58.8 1.2 62.2
DAYS MAX >= 90 0 0.0 0.0 0
DAYS MAX <= 32 0 0.0 0.0 0
DAYS MIN <= 32 0 1.5 -1.5 1
DAYS MIN <= 0 0 0.0 0.0 0
PRECIPITATION (INCHES)
MONTHLY RECORD
MAXIMUM 7.16 1986
MINIMUM 0.07 2012
DAILY RECORD
MAXIUMUM 5.67 01/22/1989
JANUARY 2024
TOTALS 2.87 2.73 0.14 1.01
DAYS >= .01 11 8.0 3.0 8
DAYS >= .10 7 4.5 2.5 3
DAYS >= .50 2 1.6 0.4 0
DAYS >= 1.00 0 0.7 -0.7 0
GREATEST
24 HR. TOTAL 0.93 01/09 TO 01/09
SNOWFALL (INCHES)
TOTALS 0.0 MM MM 0.0
SINCE 7/1 0.0 MM MM MM
DAYS >= TRACE 0 0
DEGREE DAYS
HEATING TOTAL 195 226 -31 152
SINCE 7/1 354 460 -106 MM
COOLING TOTAL 48 32 16 73
SINCE 1/1 48 32 16 MM
..............................................................
WIND (MPH)
AVERAGE WIND SPEED 7.3
HIGHEST WIND SPEED/DIRECTION 35/260 DATE 01/09
HIGHEST GUST SPEED/DIRECTION 43/160 DATE 01/09
SKY COVER
POSSIBLE SUNSHINE (PERCENT) MM
AVERAGE SKY COVER 0.57
NUMBER OF DAYS FAIR 9
NUMBER OF DAYS PC 13
NUMBER OF DAYS CLOUDY 9
AVERAGE RH (PERCENT) 76
WEATHER CONDITIONS. NUMBER OF DAYS WITH
THUNDERSTORM 3 MIXED PRECIP 0
HEAVY RAIN 6 RAIN 7
LIGHT RAIN 15 LT FREEZING RAIN 0
HAIL 0 LIGHT SNOW 0
SLEET 0 FOG 17
FOG W/VIS <= 1/4 MILE 2 HAZE 1
- INDICATES NEGATIVE NUMBERS.
R INDICATES RECORD WAS SET OR TIED.
MM INDICATES DATA IS MISSING.
T INDICATES TRACE AMOUNT.
$$