000
CXUS52 KMLB 011256
CLMDAB
CLIMATE REPORT
NATIONAL WEATHER SERVICE MELBOURNE FL
856 AM EDT SAT APR 01 2023
...................................
...THE DAYTONA BEACH CLIMATE SUMMARY FOR THE MONTH OF MARCH 2023...
CLIMATE NORMAL PERIOD 1991 TO 2020
CLIMATE RECORD PERIOD 1923 TO 2023
WEATHER OBSERVED NORMAL DEPART LAST YEAR`S
VALUE DATE(S) VALUE FROM VALUE
NORMAL
..............................................................
TEMPERATURE (F)
MONTHLY RECORD
HOTTEST 71.0 2020
COLDEST 57.9 1969
DAILY RECORD
HIGH 92 03/28/1994
03/28/1935
03/24/1935
LOW 26 03/03/1980
MARCH 2023
HIGHEST 91 03/26 88
LOWEST 43 03/16 39
03/20
03/21
AVG. MAXIMUM 80.3 75.5 4.8 79.5
AVG. MINIMUM 57.8 54.8 3.0 58.3
MEAN 69.1 65.2 3.9 68.9
DAYS MAX >= 90 4 0.2 3.8 0
DAYS MAX <= 32 0 0.0 0.0 0
DAYS MIN <= 32 0 0.2 -0.2 0
DAYS MIN <= 0 0 0.0 0.0 0
PRECIPITATION (INCHES)
MONTHLY RECORD
MAXIMUM 12.15 1996
MINIMUM 0.08 2006
DAILY RECORD
MAXIMUM 4.98 03/22/1953
MARCH 2023
TOTALS 1.61 3.63 -2.02 5.70
DAYS >= .01 4 7.6 -3.6 10
DAYS >= .10 1 4.6 -3.6 9
DAYS >= .50 1 2.3 -1.3 6
DAYS >= 1.00 1 1.1 -0.1 1
GREATEST
24 HR. TOTAL 1.50 03/13 TO 03/13
SNOWFALL (INCHES)
TOTALS 0.0 MM MM 0.0
SINCE 7/1 0.0 MM MM MM
DAYS >= TRACE 0 0
DEGREE DAYS
HEATING TOTAL 48 85 -37 26
SINCE 7/1 421 689 -268 MM
COOLING TOTAL 180 90 90 158
SINCE 1/1 386 167 219 MM
..............................................................
WIND (MPH)
AVERAGE WIND SPEED 7.5
HIGHEST WIND SPEED/DIRECTION 24/230 DATE 03/04
24/050 03/08
24/020 03/28
HIGHEST GUST SPEED/DIRECTION 31/200 DATE 03/03
SKY COVER
POSSIBLE SUNSHINE (PERCENT) MM
AVERAGE SKY COVER 0.42
NUMBER OF DAYS FAIR 14
NUMBER OF DAYS PC 14
NUMBER OF DAYS CLOUDY 3
AVERAGE RH (PERCENT) 69
WEATHER CONDITIONS. NUMBER OF DAYS WITH
THUNDERSTORM 2 MIXED PRECIP 0
HEAVY RAIN 1 RAIN 1
LIGHT RAIN 8 LT FREEZING RAIN 0
HAIL 0 LIGHT SNOW 0
SLEET 0 FOG 17
FOG W/VIS <= 1/4 MILE 1 HAZE 4
- INDICATES NEGATIVE NUMBERS.
R INDICATES RECORD WAS SET OR TIED.
MM INDICATES DATA IS MISSING.
T INDICATES TRACE AMOUNT.
$$