000
CXUS52 KMLB 011601
CLMDAB
CLIMATE REPORT
NATIONAL WEATHER SERVICE MELBOURNE FL
1101 AM EST MON JAN 01 2024
...................................
...THE DAYTONA BEACH CLIMATE SUMMARY FOR THE MONTH OF DECEMBER 2023...
CLIMATE NORMAL PERIOD 1991 TO 2020
CLIMATE RECORD PERIOD 1923 TO 2023
WEATHER OBSERVED NORMAL DEPART LAST YEAR`S
VALUE DATE(S) VALUE FROM VALUE
NORMAL
..............................................................
TEMPERATURE (F)
MONTHLY RECORD
WARMEST 73.7 2015
COLDEST 67.5 1940
DAILY RECORD
HIGH 88 12/31/1990
LOW 19 12/26/1983
DECEMBER 2023
HIGHEST 83 12/02 83
12/03
LOWEST 39 12/31 27
AVG. MAXIMUM 71.3 71.5 -0.2 71.2
AVG. MINIMUM 55.5 52.1 3.4 52.3
MEAN 63.4 61.8 1.6 61.8
DAYS MAX >= 90 0 0.0 0.0 0
DAYS MAX <= 32 0 0.0 0.0 0
DAYS MIN <= 32 0 0.6 -0.6 2
DAYS MIN <= 0 0 0.0 0.0 0
PRECIPITATION (INCHES)
MONTHLY RECORD
MAXIMUM 11.98 1983
MINIMUM T 1933
DAILY RECORD
MAXIMUM 3.65 12/11/1983
DECEMBER 2023
TOTALS 4.65 2.34 2.31 1.10
DAYS >= .01 12 7.6 4.4 6
DAYS >= .10 5 3.7 1.3 3
DAYS >= .50 2 1.5 0.5 1
DAYS >= 1.00 2 0.8 1.2 0
GREATEST
24 HR. TOTAL 3.88 12/16 TO 12/17
SNOWFALL (INCHES)
TOTALS 0.0 MM MM 0.0
SINCE 7/1 0.0 MM MM MM
DAYS >= TRACE 0 0
DEGREE DAYS
HEATING TOTAL 112 161 -49 154
SINCE 7/1 159 230 -71 MM
COOLING TOTAL 69 62 7 60
SINCE 1/1 3642 3111 531 MM
..............................................................
WIND (MPH)
AVERAGE WIND SPEED 7.8
HIGHEST WIND SPEED/DIRECTION 30/060 DATE 12/14
HIGHEST GUST SPEED/DIRECTION 43/070 DATE 12/14
43/300 12/17
SKY COVER
POSSIBLE SUNSHINE (PERCENT) MM
AVERAGE SKY COVER 0.63
NUMBER OF DAYS FAIR 7
NUMBER OF DAYS PC 10
NUMBER OF DAYS CLOUDY 14
AVERAGE RH (PERCENT) 77
WEATHER CONDITIONS. NUMBER OF DAYS WITH
THUNDERSTORM 1 MIXED PRECIP 0
HEAVY RAIN 4 RAIN 4
LIGHT RAIN 16 LT FREEZING RAIN 0
HAIL 0 LIGHT SNOW 0
SLEET 0 FOG 19
FOG W/VIS <= 1/4 MILE 1 HAZE 2
- INDICATES NEGATIVE NUMBERS.
R INDICATES RECORD WAS SET OR TIED.
MM INDICATES DATA IS MISSING.
T INDICATES TRACE AMOUNT.
$$