000
CXUS52 KMLB 012324
CLMDAB
CLIMATE REPORT
NATIONAL WEATHER SERVICE MELBOURNE FL
624 PM EST FRI DEC 01 2023
...................................
...THE DAYTONA BEACH CLIMATE SUMMARY FOR THE MONTH OF NOVEMBER 2023...
CLIMATE NORMAL PERIOD 1991 TO 2020
CLIMATE RECORD PERIOD 1923 TO 2023
WEATHER OBSERVED NORMAL DEPART LAST YEAR`S
VALUE DATE(S) VALUE FROM VALUE
NORMAL
..............................................................
TEMPERATURE (F)
MONTHLY RECORD
HOTTEST 73.4 2015
COLDEST 60.5 1976
DAILY RECORD
HIGH 90 11/02/2015
LOW 25 11/17/1940
NOVEMBER 2023
HIGHEST 84 11/10 87
LOWEST 44 11/29 49
11/30
AVG. MAXIMUM 75.1 76.1 -1.0 78.2
AVG. MINIMUM 59.7 57.9 1.8 64.3
MEAN 67.4 67.0 0.4 71.3
DAYS MAX >= 90 0 0.0 0.0 0
DAYS MAX <= 32 0 0.0 0.0 0
DAYS MIN <= 32 0 0.0 0.0 0
DAYS MIN <= 0 0 0.0 0.0 0
PRECIPITATION (INCHES)
MONTHLY RECORD
MAXIMUM 12.91 1994
MINIMUM T 1967
DAILY RECORD
MAXIMUM 8.99 11/16/1994
NOVEMBER 2023
TOTALS 9.17 2.76 6.41 4.05
DAYS >= .01 7 7.2 -0.2 12
DAYS >= .10 6 4.0 2.0 7
DAYS >= .50 2 1.3 0.7 4
DAYS >= 1.00 2 0.5 1.5 2
GREATEST
24 HR. TOTAL 7.67 11/16 TO 11/17
SNOWFALL (INCHES)
TOTALS 0.0 MM MM 0.0
SINCE 7/1 0.0 MM MM MM
DAYS >= TRACE 0 0
DEGREE DAYS
HEATING TOTAL 43 61 -18 25
SINCE 7/1 47 68 -21 MM
COOLING TOTAL 121 121 0 220
SINCE 1/1 3573 3049 524 MM
..............................................................
WIND (MPH)
AVERAGE WIND SPEED 8.0
HIGHEST WIND SPEED/DIRECTION 33/060 DATE 11/16
HIGHEST GUST SPEED/DIRECTION 44/060 DATE 11/16
SKY COVER
POSSIBLE SUNSHINE (PERCENT) MM
AVERAGE SKY COVER 0.60
NUMBER OF DAYS FAIR 7
NUMBER OF DAYS PC 13
NUMBER OF DAYS CLOUDY 10
AVERAGE RH (PERCENT) 77
WEATHER CONDITIONS. NUMBER OF DAYS WITH
THUNDERSTORM 0 MIXED PRECIP 0
HEAVY RAIN 5 RAIN 7
LIGHT RAIN 15 LT FREEZING RAIN 0
HAIL 0 LIGHT SNOW 0
SLEET 0 FOG 19
FOG W/VIS <= 1/4 MILE 1 HAZE 0
- INDICATES NEGATIVE NUMBERS.
R INDICATES RECORD WAS SET OR TIED.
MM INDICATES DATA IS MISSING.
T INDICATES TRACE AMOUNT.
$$