000
CXUS51 KRNK 011300
CF6DAN
PRELIMINARY LOCAL CLIMATOLOGICAL DATA (WS FORM: F-6)
STATION: DANVILLE VA
MONTH: JANUARY
YEAR: 2023
LATITUDE: 36 34 N
LONGITUDE: 79 20 W
TEMPERATURE IN F: :PCPN: SNOW: WIND :SUNSHINE: SKY :PK WND
================================================================================
1 2 3 4 5 6A 6B 7 8 9 10 11 12 13 14 15 16 17 18
12Z AVG MX 2MIN
DY MAX MIN AVG DEP HDD CDD WTR SNW DPTH SPD SPD DIR MIN PSBL S-S WX SPD DR
================================================================================
1 64 44 54 15 11 0 0.00 0.0 0 5.2 10 240 M M 5 12 12 250
2 66 40 53 14 12 0 0.00 0.0 0 3.0 7 190 M M 6 12 12 190
3 70 49 60 21 5 0 0.04 0.0 0 7.2 17 220 M M 5 1 25 230
4 62 56 59 20 6 0 0.29 0.0 0 6.2 14 270 M M 8 13 19 220
5 66 42 54 15 11 0 0.00 0.0 0 5.0 18 240 M M 2 12 25 230
6 57 33 45 7 20 0 0.00 0.0 0 5.4 14 270 M M 0 20 290
7 53 29 41 3 24 0 0.00 0.0 0 0.7 8 270 M M 4 10 280
8 37 29 33 -5 32 0 0.14 0.0 0 2.8 9 50 M M 8 1 12 60
9 53 27 40 2 25 0 0.00 0.0 0 6.0 16 330 M M 4 12 22 330
10 51 25 38 0 27 0 0.00 0.0 0 2.5 8 250 M M 2 12 230
11 55 27 41 3 24 0 0.00 0.0 0 2.9 8 30 M M 4 10 80
12 61 43 52 14 13 0 0.46 0.0 0 4.2 28 280 M M 9 13 35 280
13 53 39 46 8 19 0 0.09 0.0 0 10.5 21 350 M M 6 1 29 360
14 45 29 37 -1 28 0 T T 0 13.2 22 320 M M 5 30 320
15 51 27 39 1 26 0 0.00 0.0 0 8.5 18 320 M M 0 24 330
16 57 22 40 2 25 0 0.00 0.0 0 3.2 8 230 M M 1 9 230
17 49 40 45 7 20 0 0.08 0.0 0 6.3 15 240 M M 8 1 18 240
18 67 43 55 17 10 0 0.00 0.0 0 6.7 17 250 M M 4 1 21 250
19 66 43 55 17 10 0 0.02 0.0 0 6.8 18 230 M M 7 1 29 220
20 58 40 49 11 16 0 0.00 0.0 0 10.6 20 280 M M 1 27 290
21 47 28 38 0 27 0 0.00 0.0 0 3.6 14 350 M M 3 18 350
22 40 31 36 -2 29 0 0.25 0.0 0 3.2 9 50 M M 8 1 12 30
23 50 30 40 2 25 0 T 0.0 0 9.8 20 310 M M 7 30 310
24 53 25 39 1 26 0 0.00 0.0 0 3.1 10 240 M M 0 13 250
25 40 32 36 -2 29 0 0.40 0.0 0 4.3 17 290 M M 9 13 22 290
26 49 35 42 3 23 0 0.00 0.0 0 8.4 18 240 M M 5 1 24 280
27 47 27 37 -2 28 0 0.00 0.0 0 5.1 17 240 M M 2 24 230
28 58 25 42 3 23 0 0.00 0.0 0 4.4 15 240 M M 0 20 230
29 46 31 39 0 26 0 0.04 0.0 0 2.8 6 220 M M 7 1 9 300
30 63 40 52 13 13 0 0.04 0.0 0 0.8 7 320 M M 7 12 8 330
31 55 39 47 8 18 0 0.04 0.0 0 3.3 14 30 M M 9 12 19 40
================================================================================
SM 1689 1070 631 0 1.89 T 165.7 M 146
================================================================================
AV 54.5 34.5 5.3 FASTST M M 5 MAX(MPH)
MISC ----> 28 280 35 280
================================================================================
NOTES:
# LAST OF SEVERAL OCCURRENCES
COLUMN 17 PEAK WIND IN M.P.H.
PRELIMINARY LOCAL CLIMATOLOGICAL DATA (WS FORM: F-6) , PAGE 2
STATION: DANVILLE VA
MONTH: JANUARY
YEAR: 2023
LATITUDE: 36 34 N
LONGITUDE: 79 20 W
[TEMPERATURE DATA] [PRECIPITATION DATA] SYMBOLS USED IN COLUMN 16
AVERAGE MONTHLY: 44.5 TOTAL FOR MONTH: 1.89 1 = FOG OR MIST
DPTR FM NORMAL: 6.0 DPTR FM NORMAL: -1.52 2 = FOG REDUCING VISIBILITY
HIGHEST: 70 ON 3 GRTST 24HR 0.55 ON 12-13 TO 1/4 MILE OR LESS
LOWEST: 22 ON 16 3 = THUNDER
SNOW, ICE PELLETS, HAIL 4 = ICE PELLETS
TOTAL MONTH: T 5 = HAIL
GRTST 24HR T ON 14-14 6 = FREEZING RAIN OR DRIZZLE
GRTST DEPTH: 0 7 = DUSTSTORM OR SANDSTORM:
VSBY 1/2 MILE OR LESS
8 = SMOKE OR HAZE
[NO. OF DAYS WITH] [WEATHER - DAYS WITH] 9 = BLOWING SNOW
X = TORNADO
MAX 32 OR BELOW: 0 0.01 INCH OR MORE: 12
MAX 90 OR ABOVE: 0 0.10 INCH OR MORE: 5
MIN 32 OR BELOW: 16 0.50 INCH OR MORE: 0
MIN 0 OR BELOW: 0 1.00 INCH OR MORE: 0
[HDD (BASE 65) ]
TOTAL THIS MO. 631 CLEAR (SCALE 0-3) 10
DPTR FM NORMAL -190 PTCLDY (SCALE 4-7) 14
TOTAL FM JUL 1 2161 CLOUDY (SCALE 8-10) 7
DPTR FM NORMAL -166
[CDD (BASE 65) ]
TOTAL THIS MO. 0
DPTR FM NORMAL 0 [PRESSURE DATA]
TOTAL FM JAN 1 0 HIGHEST SLP 30.40 ON 28
DPTR FM NORMAL 0 LOWEST SLP 29.62 ON 13
[REMARKS]
#FINAL-01-23#