000
CXUS51 KRNK 010737 RRA
CF6DAN
PRELIMINARY LOCAL CLIMATOLOGICAL DATA (WS FORM: F-6)
STATION: DANVILLE VA
MONTH: DECEMBER
YEAR: 2021
LATITUDE: 36 34 N
LONGITUDE: 79 20 W
TEMPERATURE IN F: :PCPN: SNOW: WIND :SUNSHINE: SKY :PK WND
================================================================================
1 2 3 4 5 6A 6B 7 8 9 10 11 12 13 14 15 16 17 18
12Z AVG MX 2MIN
DY MAX MIN AVG DEP HDD CDD WTR SNW DPTH SPD SPD DIR MIN PSBL S-S WX SPD DR
================================================================================
1 63 26 45 1 20 0 0.00 0.0 0 1.1 6 210 M M 2 9 190
2 72 36 54 10 11 0 0.00 0.0 0 7.1 22 230 M M 1 28 230
3 71 45 58 15 7 0 0.00 0.0 0 3.4 10 230 M M 0 14 340
4 69 38 54 11 11 0 0.00 0.0 0 2.8 9 50 M M 0 11 50
5 61 42 52 9 13 0 0.00 0.0 0 3.7 10 60 M M 7 16 80
6 73 47 60 17 5 0 0.00 0.0 0 9.6 24 340 M M 5 33 340
7 50 32 41 -1 24 0 0.00 0.0 0 3.9 15 340 M M 3 20 330
8 49 25 37 -5 28 0 T 0.0 0 2.6 8 10 M M 5 11 360
9 46 23 35 -7 30 0 0.00 0.0 0 2.6 7 210 M M 1 12 170
10 59 37 48 6 17 0 T 0.0 0 3.7 9 220 M M 10 14 230
11 73 51 62 20 3 0 0.42 0.0 0 8.1 24 280 M M 10 1 32 260
12 51 27 39 -3 26 0 0.00 0.0 0 5.7 18 330 M M 1 24 340
13 59 23 41 0 24 0 0.00 0.0 0 3.6 13 250 M M 0 17 270
14 61 28 45 4 20 0 0.00 0.0 0 2.6 10 60 M M 0 14 60
15 59 27 43 2 22 0 0.00 0.0 0 1.1 7 50 M M 1 10 50
16 70 29 50 9 15 0 0.00 0.0 0 5.3 20 230 M M 0 27 240
17 67 50 59 18 6 0 0.00 0.0 0 3.8 9 230 M M 6 1 13 250
18 64 46 55 14 10 0 0.04 0.0 0 4.2 10 230 M M 9 12 14 240
19 64 32 48 8 17 0 0.17 0.0 0 7.0 20 350 M M 7 1 25 330
20 42 23 33 -7 32 0 0.00 0.0 0 3.1 12 50 M M 0 16 50
21 41 26 34 -6 31 0 T 0.0 0 2.3 10 30 M M 5 14 30
22 57 30 44 4 21 0 T 0.0 0 6.2 18 330 M M 2 26 330
23 52 23 38 -2 27 0 0.00 0.0 0 2.4 8 200 M M 0 14 220
24 60 34 47 7 18 0 0.00 0.0 0 7.2 15 230 M M 2 20 230
25 73 50 62 22 3 0 0.00 0.0 0 9.9 21 240 M M 1 26 240
26 73 44 59 19 6 0 0.00 0.0 0 3.9 13 310 M M 1 1 18 320
27 58 43 51 12 14 0 0.00 0.0 0 2.5 10 40 M M 5 14 60
28 74 47 61 22 4 0 0.00 0.0 0 4.1 14 220 M M 5 19 240
29 73 59 66 27 0 1 T 0.0 0 7.7 17 360 M M 9 26 340
30 65 57 61 22 4 0 0.02 0.0 0 3.2 10 320 M M 10 1 12 60
31 67 54 61 22 4 0 T 0.0 0 2.8 8 220 M M 8 12 13 190
================================================================================
SM 1916 1154 473 1 0.65 0.0 137.2 M 116
================================================================================
AV 61.8 37.2 4.4 FASTST M M 4 MAX(MPH)
MISC ----> # 24 340 33 340
================================================================================
NOTES:
# LAST OF SEVERAL OCCURRENCES
COLUMN 17 PEAK WIND IN M.P.H.
PRELIMINARY LOCAL CLIMATOLOGICAL DATA (WS FORM: F-6) , PAGE 2
STATION: DANVILLE VA
MONTH: DECEMBER
YEAR: 2021
LATITUDE: 36 34 N
LONGITUDE: 79 20 W
[TEMPERATURE DATA] [PRECIPITATION DATA] SYMBOLS USED IN COLUMN 16
AVERAGE MONTHLY: 49.5 TOTAL FOR MONTH: 0.65 1 = FOG OR MIST
DPTR FM NORMAL: 8.5 DPTR FM NORMAL: -2.41 2 = FOG REDUCING VISIBILITY
HIGHEST: 74 ON 28 GRTST 24HR 0.42 ON 11-11 TO 1/4 MILE OR LESS
LOWEST: 23 ON 23,20 3 = THUNDER
SNOW, ICE PELLETS, HAIL 4 = ICE PELLETS
TOTAL MONTH: 0.0 INCH 5 = HAIL
GRTST 24HR 0.0 6 = FREEZING RAIN OR DRIZZLE
GRTST DEPTH: 0 7 = DUSTSTORM OR SANDSTORM:
VSBY 1/2 MILE OR LESS
8 = SMOKE OR HAZE
[NO. OF DAYS WITH] [WEATHER - DAYS WITH] 9 = BLOWING SNOW
X = TORNADO
MAX 32 OR BELOW: 0 0.01 INCH OR MORE: 4
MAX 90 OR ABOVE: 0 0.10 INCH OR MORE: 2
MIN 32 OR BELOW: 14 0.50 INCH OR MORE: 0
MIN 0 OR BELOW: 0 1.00 INCH OR MORE: 0
[HDD (BASE 65) ]
TOTAL THIS MO. 473 CLEAR (SCALE 0-3) 16
DPTR FM NORMAL -270 PTCLDY (SCALE 4-7) 9
TOTAL FM JUL 1 1139 CLOUDY (SCALE 8-10) 6
DPTR FM NORMAL -366
[CDD (BASE 65) ]
TOTAL THIS MO. 1
DPTR FM NORMAL 1 [PRESSURE DATA]
TOTAL FM JAN 1 1604 HIGHEST SLP 30.57 ON 15
DPTR FM NORMAL 221 LOWEST SLP 29.67 ON 25
[REMARKS]
#FINAL-12-21#