000
CXUS51 KRNK 010539
CLMDAN
CLIMATE REPORT
NATIONAL WEATHER SERVICE BLACKSBURG, VA
139 AM EDT SAT APR 01 2023
...................................
...THE DANVILLE VA CLIMATE SUMMARY FOR THE MONTH OF MARCH 2023...
CLIMATE NORMAL PERIOD: 1991 TO 2020
CLIMATE RECORD PERIOD: 1916 TO 2023
WEATHER OBSERVED NORMAL DEPART LAST YEAR`S
VALUE DATE(S) VALUE FROM VALUE
NORMAL
..............................................................
TEMPERATURE (F)
RECORD
HIGH 91 03/13/1990
LOW 8 03/06/1960
HIGHEST 87 03/24 80
LOWEST 23 03/21 19
AVG. MAXIMUM 61.9 61.1 0.8 65.5
AVG. MINIMUM 38.6 36.8 1.8 39.2
MEAN 50.3 49.0 1.3 52.4
DAYS MAX >= 90 0 0.0 0.0 0
DAYS MAX <= 32 0 0.0 0.0 0
DAYS MIN <= 32 11 11.6 -0.6 11
DAYS MIN <= 0 0 0.0 0.0 0
PRECIPITATION (INCHES)
RECORD
MAXIMUM 10.43 1975
MINIMUM 0.56 2006
TOTALS 1.90 3.53 -1.63 4.39
DAYS >= .01 10 11.1 -1.1 9
DAYS >= .10 8 6.8 1.2 8
DAYS >= .50 0 2.0 -2.0 5
DAYS >= 1.00 0 0.6 -0.6 0
GREATEST
24 HR. TOTAL 0.46 1.06
SNOWFALL (INCHES)
TOTALS 0.5 1.5 -1.0 T
DAYS >= TRACE 1 0.7 0.3 1
DAYS >= 1.0 0 0.3 -0.3 0
GREATEST
24 HR TOTAL MM MM
DEGREE DAYS
HEATING TOTAL 457 502 -45 399
COOLING TOTAL 7 5 2 14
..............................................................
WIND (MPH)
AVERAGE WIND SPEED 6.0
RESULTANT WIND SPEED/DIRECTION 2/300
HIGHEST WIND SPEED/DIRECTION 24/330 DATE 03/07
24/320 03/14
HIGHEST GUST SPEED/DIRECTION 35/350 DATE 03/07
35/330 03/14
SKY COVER
AVERAGE SKY COVER 0.31
AVERAGE RH (PERCENT) 60
WEATHER CONDITIONS. NUMBER OF DAYS WITH
THUNDERSTORM 2 MIXED PRECIP 0
HEAVY RAIN 2 RAIN 4
LIGHT RAIN 11 FREEZING RAIN 0
LT FREEZING RAIN 0 HAIL 0
HEAVY SNOW 0 SNOW 0
LIGHT SNOW 1 SLEET 0
FOG 10 FOG W/VIS <= 1/4 MILE 0
HAZE 0
- INDICATES NEGATIVE NUMBERS.
R INDICATES RECORD WAS SET OR TIED.
MM INDICATES DATA IS MISSING.
T INDICATES TRACE AMOUNT.
$$