000
CXUS53 KDDC 281100
CF6DDC
PRELIMINARY LOCAL CLIMATOLOGICAL DATA (WS FORM: F-6)
STATION: DODGE CITY KS
MONTH: MARCH
YEAR: 2024
LATITUDE: 37 46 N
LONGITUDE: 99 58 W
TEMPERATURE IN F: :PCPN: SNOW: WIND :SUNSHINE: SKY :PK WND
================================================================================
1 2 3 4 5 6A 6B 7 8 9 10 11 12 13 14 15 16 17 18
12Z AVG MX 2MIN
DY MAX MIN AVG DEP HDD CDD WTR SNW DPTH SPD SPD DIR MIN PSBL S-S WX SPD DR
================================================================================
1 66 33 50 10 15 0 0.00 0.0 0 15.2 21 160 M M 5 18 27 190
2 82 31 57 17 8 0 0.00 0.0 0 13.9 30 190 M M 2 12 38 190
3 68 42 55 14 10 0 0.00 0.0 0 12.5 26 320 M M 0 36 320
4 62 33 48 7 17 0 0.00 0.0 0 16.7 38 20 M M 0 51 20
5 56 27 42 0 23 0 0.00 0.0 0 11.7 23 20 M M 0 30 40
6 64 29 47 5 18 0 0.00 0.0 0 9.5 17 160 M M 1 128 25 170
7 51 38 45 3 20 0 T 0.0 0 12.9 23 360 M M 10 128 29 360
8 42 27 35 -8 30 0 0.01 0.0 0 22.9 32 360 M M 10 16 42 360
9 55 22 39 -4 26 0 0.00 0.0 0 7.4 16 320 M M 0 21 320
10 70 28 49 6 16 0 0.00 0.0 0 11.6 24 210 M M 0 33 200
11 77 36 57 13 8 0 0.00 0.0 0 17.1 32 210 M M 0 42 200
12 75 40 58 14 7 0 0.00 0.0 0 14.2 24 310 M M 0 33 340
13 75 37 56 12 9 0 T 0.0 0 10.2 20 360 M M 1 27 230
14 58 42 50 5 15 0 0.00 0.0 0 18.2 28 20 M M 7 36 20
15 59 37 48 3 17 0 0.00 0.0 0 12.6 25 20 M M 3 1 34 20
16 64 32 48 2 17 0 0.00 0.0 0 8.5 18 20 M M 2 8 26 270
17 60 28 44 -2 21 0 0.00 0.0 0 9.3 25 360 M M 2 32 360
18 58 18 38 -8 27 0 0.00 0.0 0 6.0 14 200 M M 2 20 320
19 75 39 57 10 8 0 0.00 0.0 0 9.8 20 250 M M 0 25 250
20 71 40 56 9 9 0 0.00 0.0 0 11.5 26 360 M M 0 8 36 360
21 70 29 50 3 15 0 0.00 0.0 0 8.1 14 180 M M 1 8 18 170
22 59 29 44 -4 21 0 0.00 0.0 0 17.0 33 20 M M 0 42 10
23 57 24 41 -7 24 0 T 0.0 0 16.5 29 160 M M 2 18 39 160
24 68 47 58 10 7 0 T 0.0 0 23.4 39 170 M M 6 38 51 170
25 47 24 36 -13 29 0 0.24 1.6 0 22.4 38 350 M M 9 128 53 360
26 44 17 31 -18 34 0 0.00 0.0 1 12.0 23 320 M M 0 31 320
27 56 20 38 -11 27 0 0.00 0.0 0 9.6 18 190 M M 3 27 210
================================================================================
SM 1689 849 478 0 0.25 1.6 360.7 M 66
================================================================================
AV 62.6 31.4 13.4 FASTST M M 2 MAX(MPH)
MISC ----> 39 170 53 360
================================================================================
NOTES:
# LAST OF SEVERAL OCCURRENCES
COLUMN 17 PEAK WIND IN M.P.H.
PRELIMINARY LOCAL CLIMATOLOGICAL DATA (WS FORM: F-6) , PAGE 2
STATION: DODGE CITY KS
MONTH: MARCH
YEAR: 2024
LATITUDE: 37 46 N
LONGITUDE: 99 58 W
[TEMPERATURE DATA] [PRECIPITATION DATA] SYMBOLS USED IN COLUMN 16
AVERAGE MONTHLY: 47.0 TOTAL FOR MONTH: 0.25 1 = FOG OR MIST
DPTR FM NORMAL: 2.2 DPTR FM NORMAL: -0.89 2 = FOG REDUCING VISIBILITY
HIGHEST: 82 ON 2 GRTST 24HR 0.24 ON 24-25 TO 1/4 MILE OR LESS
LOWEST: 17 ON 26 3 = THUNDER
SNOW, ICE PELLETS, HAIL 4 = ICE PELLETS
TOTAL MONTH: 1.6 INCHES 5 = HAIL
GRTST 24HR 1.6 ON 25-25 6 = FREEZING RAIN OR DRIZZLE
GRTST DEPTH: 1 ON 26 7 = DUSTSTORM OR SANDSTORM:
VSBY 1/2 MILE OR LESS
8 = SMOKE OR HAZE
[NO. OF DAYS WITH] [WEATHER - DAYS WITH] 9 = BLOWING SNOW
X = TORNADO
MAX 32 OR BELOW: 0 0.01 INCH OR MORE: 2
MAX 90 OR ABOVE: 0 0.10 INCH OR MORE: 1
MIN 32 OR BELOW: 15 0.50 INCH OR MORE: 0
MIN 0 OR BELOW: 0 1.00 INCH OR MORE: 0
[HDD (BASE 65) ]
TOTAL THIS MO. 478 CLEAR (SCALE 0-3) 21
DPTR FM NORMAL -68 PTCLDY (SCALE 4-7) 3
TOTAL FM JUL 1 3822 CLOUDY (SCALE 8-10) 3
DPTR FM NORMAL -467
[CDD (BASE 65) ]
TOTAL THIS MO. 0
DPTR FM NORMAL 0 [PRESSURE DATA]
TOTAL FM JAN 1 0 HIGHEST SLP M ON M
DPTR FM NORMAL 0 LOWEST SLP 29.11 ON 24
[REMARKS]