000
CXUS53 KILX 011428
CF6DEC
PRELIMINARY LOCAL CLIMATOLOGICAL DATA (WS FORM: F-6)
STATION: DECATUR IL AIRPORT
MONTH: NOVEMBER
YEAR: 2021
LATITUDE: 39 49 N
LONGITUDE: 88 51 W
TEMPERATURE IN F: :PCPN: SNOW: WIND :SUNSHINE: SKY :PK WND
================================================================================
1 2 3 4 5 6A 6B 7 8 9 10 11 12 13 14 15 16 17 18
12Z AVG MX 2MIN
DY MAX MIN AVG DEP HDD CDD WTR SNW DPTH SPD SPD DIR MIN PSBL S-S WX SPD DR
================================================================================
1 44 36 40 -9 25 0 T M M 6.1 14 320 M M 5 20 300
2 48 30 39 -9 26 0 0.00 M M 7.2 16 310 M M 2 23 320
3 49 26 38 -10 27 0 0.00 M M 3.1 13 240 M M 2 17 240
4 52 26 39 -8 26 0 0.00 M M 1.0 7 100 M M 0 8 8 80
5 52 27 40 -7 25 0 0.00 M M 4.8 16 150 M M 0 21 150
6 58 28 43 -4 22 0 0.00 M M 6.8 15 210 M M 0 20 210
7 66 34 50 4 15 0 0.00 M M 9.3 18 200 M M 0 23 200
8 69 42 56 10 9 0 0.00 M M 9.3 18 230 M M 0 18 24 240
9 60 43 52 7 13 0 0.00 M M 5.3 9 30 M M 4 128 12 260
10 64 38 51 6 14 0 0.00 M M 9.2 17 170 M M 7 12 24 170
11 56 42 49 5 16 0 0.39 M M 13.9 25 280 M M 5 1 36 280
12 44 35 40 -4 25 0 T M M 15.5 26 240 M M 7 1 40 250
13 39 35 37 -7 28 0 T M M 12.3 20 300 M M 10 1 32 270
14 42 31 37 -6 28 0 0.09 M M 14.7 26 280 M M 9 41 290
15 46 29 38 -5 27 0 T M M 8.1 18 140 M M 5 24 130
16 63 30 47 5 18 0 0.00 M M 11.9 26 200 M M 1 36 200
17 66 43 55 13 10 0 0.10 M M 15.0 24 210 M M 9 1 32 210
18 43 29 36 -6 29 0 0.00 M M 11.6 25 260 M M 1 36 280
19 41 22 32 -9 33 0 0.00 M M 7.0 15 160 M M 0 20 160
20 55 36 46 5 19 0 0.02 M M 10.4 18 200 M M 4 24 220
21 58 33 46 6 19 0 0.16 M M 9.3 28 330 M M 4 1 38 320
22 38 25 32 -8 33 0 0.00 M M 8.8 16 320 M M 0 22 320
23 44 20 32 -8 33 0 0.00 M M 9.8 20 180 M M 0 28 160
24 57 37 47 8 18 0 0.02 M M 18.2 26 190 M M 3 37 180
25 51 23 37 -2 28 0 0.08 M M 13.9 25 310 M M 6 1 36 310
26 33 19 26 -13 39 0 0.00 M M 8.1 15 170 M M 3 21 160
27 47 30 39 1 26 0 0.00 M M 10.0 18 340 M M 3 25 350
28 42 24 33 -5 32 0 0.00 M M 9.6 23 330 M M 0 31 310
29 46 21 34 -4 31 0 T M M 11.3 22 180 M M 3 30 190
30 56 31 44 7 21 0 0.00 M M 5.7 14 240 M M 0 18 330
================================================================================
SM 1529 925 715 0 0.86 M 287.2 M 93
================================================================================
AV 51.0 30.8 9.6 FASTST M M 3 MAX(MPH)
MISC ----> 28 330 41 290
================================================================================
NOTES:
# LAST OF SEVERAL OCCURRENCES
COLUMN 17 PEAK WIND IN M.P.H.
PRELIMINARY LOCAL CLIMATOLOGICAL DATA (WS FORM: F-6) , PAGE 2
STATION: DECATUR IL AIRPORT
MONTH: NOVEMBER
YEAR: 2021
LATITUDE: 39 49 N
LONGITUDE: 88 51 W
[TEMPERATURE DATA] [PRECIPITATION DATA] SYMBOLS USED IN COLUMN 16
AVERAGE MONTHLY: 40.9 TOTAL FOR MONTH: 0.86 1 = FOG OR MIST
DPTR FM NORMAL: -1.8 DPTR FM NORMAL: -2.11 2 = FOG REDUCING VISIBILITY
HIGHEST: 69 ON 8 GRTST 24HR 0.39 ON 11-11 TO 1/4 MILE OR LESS
LOWEST: 19 ON 26 3 = THUNDER
SNOW, ICE PELLETS, HAIL 4 = ICE PELLETS
TOTAL MONTH: M 5 = HAIL
GRTST 24HR M ON M 6 = FREEZING RAIN OR DRIZZLE
GRTST DEPTH: M ON M 7 = DUSTSTORM OR SANDSTORM:
VSBY 1/2 MILE OR LESS
8 = SMOKE OR HAZE
[NO. OF DAYS WITH] [WEATHER - DAYS WITH] 9 = BLOWING SNOW
X = TORNADO
MAX 32 OR BELOW: 0 0.01 INCH OR MORE: 7
MAX 90 OR ABOVE: 0 0.10 INCH OR MORE: 3
MIN 32 OR BELOW: 18 0.50 INCH OR MORE: 0
MIN 0 OR BELOW: 0 1.00 INCH OR MORE: 0
[HDD (BASE 65) ]
TOTAL THIS MO. 715 CLEAR (SCALE 0-3) 17
DPTR FM NORMAL 47 PTCLDY (SCALE 4-7) 10
TOTAL FM JUL 1 929 CLOUDY (SCALE 8-10) 3
DPTR FM NORMAL -133
[CDD (BASE 65) ]
TOTAL THIS MO. 0
DPTR FM NORMAL -1 [PRESSURE DATA]
TOTAL FM JAN 1 1323 HIGHEST SLP 30.58 ON 19
DPTR FM NORMAL 218 LOWEST SLP 29.61 ON 11
[REMARKS]
#FINAL-11-21#