000
CXUS53 KILX 011725
CLSDEC
CLIMATE REPORT
NATIONAL WEATHER SERVICE LINCOLN IL
1125 AM CST TUE MAR 01 2022
...................................
...THE DECATUR IL AIRPORT CLIMATE SUMMARY FOR THE WINTER SEASON, FROM
12/1/2021 TO 2/28/2022...
CLIMATE NORMAL PERIOD 1991 TO 2020
CLIMATE RECORD PERIOD 9999 TO 9999
WEATHER OBSERVED NORMAL DEPART LAST YEAR`S
VALUE DATE(S) VALUE FROM VALUE
NORMAL
..............................................................
TEMPERATURE (F)
RECORD
HIGH MM MM
LOW -9 02/17/2021
HIGHEST 65 12/10 MM MM 62
12/15
12/16
LOWEST 01/26 MM MM -9
AVG. MAXIMUM 41.0 38.1 2.9 36.0
AVG. MINIMUM 21.2 22.9 -1.7 21.0
MEAN 31.1 30.5 0.6 28.5
DAYS MAX >= 90 0 0.0 0.0 0
DAYS MAX <= 32 25 28.3 -3.3 28
DAYS MIN <= 32 76 74.0 2.0 81
DAYS MIN <= 0 3 3.7 -0.7 6
PRECIPITATION (INCHES)
RECORD
MAXIMUM 6.48 2021
MINIMUM 6.48 2021
TOTALS 6.52 5.95 0.57 6.48
DAILY AVG. 0.07 0.07
DAYS >= .01 22 24.0 -2.0 20
DAYS >= .10 16 12.3 3.7 14
DAYS >= .50 5 3.6 1.4 4
DAYS >= 1.00 1 1.3 -0.3 1
GREATEST
24 HR. TOTAL 1.02 02/17 TO 02/17 1.29
DEGREE DAYS
HEATING TOTAL 3017 3109 -92 3242
SINCE 7/1 3946 4173 -227 MM
COOLING TOTAL 0 0 0 0
SINCE 1/1 0 0 0 MM
FREEZE DATES
RECORD
EARLIEST MM
LATEST MM
EARLIEST 11/02
LATEST 05/12
..............................................................
WIND (MPH)
AVERAGE WIND SPEED 11.6
HIGHEST WIND SPEED/DIRECTION 38/200 DATE 12/16
HIGHEST GUST SPEED/DIRECTION 56/210 DATE 12/16
SKY COVER
POSSIBLE SUNSHINE (PERCENT) MM
AVERAGE SKY COVER 0.40
NUMBER OF DAYS FAIR 46
NUMBER OF DAYS PC 23
NUMBER OF DAYS CLOUDY 21
AVERAGE RH (PERCENT) 77
WEATHER CONDITIONS. NUMBER OF DAYS WITH
THUNDERSTORM 3 MIXED PRECIP 0
HEAVY RAIN 4 RAIN 11
LIGHT RAIN 23 FREEZING RAIN 2
LT FREEZING RAIN 3 HAIL 0
HEAVY SNOW 2 SNOW 3
LIGHT SNOW 19 SLEET 0
FOG 50 FOG W/VIS <= 1/4 MILE 8
HAZE 9
- INDICATES NEGATIVE NUMBERS.
R INDICATES RECORD WAS SET OR TIED.
MM INDICATES DATA IS MISSING.
T INDICATES TRACE AMOUNT.
$$