000
CXUS53 KARX 252015
CF6DEH
PRELIMINARY LOCAL CLIMATOLOGICAL DATA (WS FORM: F-6)
STATION: DECORAH IA
MONTH: FEBRUARY
YEAR: 2022
LATITUDE: 43 16 N
LONGITUDE: 91 44 W
TEMPERATURE IN F: :PCPN: SNOW: WIND :SUNSHINE: SKY :PK WND
================================================================================
1 2 3 4 5 6A 6B 7 8 9 10 11 12 13 14 15 16 17 18
12Z AVG MX 2MIN
DY MAX MIN AVG DEP HDD CDD WTR SNW DPTH SPD SPD DIR MIN PSBL S-S WX SPD DR
================================================================================
1 37 9 23 M 42 0 M M M 10.9 17 320 M M 5 28 160
2 9 3 6 M 59 0 M M M 14.0 18 350 M M 4 24 340
3 7 -6 1 M 64 0 M M M 6.6 16 350 M M 1 21 360
4 10 -8 1 M 64 0 M M M 5.9 14 310 M M 7 21 300
5 M -8 M M M M 0.00 0.0 M 8.5 16 170 M M 4 29 170
6 32 10 21 M 44 0 M M M 7.5 16 320 M M 7 1 24 320
7 18 -2 8 M 57 0 M M M 3.7 9 330 M M 5 13 99
8 36 14 25 M 40 0 0.00 M M 6.5 12 170 M M 1 18 160
9 36 25 31 M 34 0 M M M 10.1 15 300 M M 10 31 300
10 37 16 27 M 38 0 M M M 11.2 18 190 M M 8 38 210
11 37 9 23 M 42 0 M M M 13.9 23 330 M M 10 33 330
12 7 0 4 M 61 0 M M M 7.6 20 330 M M 5 1 23 340
13 7 -2 3 M 62 0 M M M 5.6 10 350 M M 6 15 340
14 19 7 13 M 52 0 M M M 5.0 9 150 M M 4 21 99
15 39 10 25 M 40 0 M M M 10.9 18 150 M M 4 35 140
16 43 23 33 M 32 0 M M M 13.3 21 340 M M 4 30 340
17 23 1 12 M 53 0 M M M 14.7 20 350 M M 2 26 340
18 39 1 20 M 45 0 M M M 12.6 27 320 M M 7 48 310
19 21 1 11 M 54 0 M M M 10.9 18 320 M M 3 33 320
20 46 21 34 M 31 0 0.00 0.0 M 9.4 18 220 M M 3 28 210
21 36 19 28 M 37 0 M M M 13.2 20 80 M M 9 1 28 100
22 19 5 12 M 53 0 0.05 M M 12.9 21 320 M M 9 1 32 340
23 10 0 5 M 60 0 0.00 0.0 M 9.1 14 320 M M 3 20 320
24 19 7 13 M 52 0 M M M 6.5 12 90 M M 9 16 100
25 19 7 13 M 52 0 0.01 M M 5.0 9 300 M M 3 13 99
26 28 5 17 M 48 0 M M M 7.4 12 220 M M 1 20 220
27 32 16 24 M 41 0 M M M 4.5 9 240 M M 1 16 240
28 45 25 35 M 30 0 0.00 0.0 M 4.4 10 150 M M 1 15 250
================================================================================
SM 711 208 1287 0 0.06 0.0 251.9 M 136
================================================================================
AV 26.3 7.4 9.0 FASTST M M 5 MAX(MPH)
MISC ----> 27 320 48 310
================================================================================
NOTES:
# LAST OF SEVERAL OCCURRENCES
COLUMN 17 PEAK WIND IN M.P.H.
PRELIMINARY LOCAL CLIMATOLOGICAL DATA (WS FORM: F-6) , PAGE 2
STATION: DECORAH IA
MONTH: FEBRUARY
YEAR: 2022
LATITUDE: 43 16 N
LONGITUDE: 91 44 W
[TEMPERATURE DATA] [PRECIPITATION DATA] SYMBOLS USED IN COLUMN 16
AVERAGE MONTHLY: 16.9 TOTAL FOR MONTH: 0.06 1 = FOG OR MIST
DPTR FM NORMAL: 0.0 DPTR FM NORMAL: 0.06 2 = FOG REDUCING VISIBILITY
HIGHEST: 46 ON 20 GRTST 24HR 0.05 ON 22-22 TO 1/4 MILE OR LESS
LOWEST: -8 ON 5, 4 3 = THUNDER
SNOW, ICE PELLETS, HAIL 4 = ICE PELLETS
TOTAL MONTH: 0.0 INCH 5 = HAIL
GRTST 24HR 0.0 6 = FREEZING RAIN OR DRIZZLE
GRTST DEPTH: M ON M 7 = DUSTSTORM OR SANDSTORM:
VSBY 1/2 MILE OR LESS
8 = SMOKE OR HAZE
[NO. OF DAYS WITH] [WEATHER - DAYS WITH] 9 = BLOWING SNOW
X = TORNADO
MAX 32 OR BELOW: 16 0.01 INCH OR MORE: 2
MAX 90 OR ABOVE: 0 0.10 INCH OR MORE: 0
MIN 32 OR BELOW: 28 0.50 INCH OR MORE: 0
MIN 0 OR BELOW: 7 1.00 INCH OR MORE: 0
[HDD (BASE 65) ]
TOTAL THIS MO. 1287 CLEAR (SCALE 0-3) 8
DPTR FM NORMAL M PTCLDY (SCALE 4-7) 15
TOTAL FM JUL 1 5225 CLOUDY (SCALE 8-10) 5
DPTR FM NORMAL M
[CDD (BASE 65) ]
TOTAL THIS MO. 0
DPTR FM NORMAL M [PRESSURE DATA]
TOTAL FM JAN 1 0 HIGHEST SLP M ON M
DPTR FM NORMAL M LOWEST SLP M ON M
[REMARKS]
#FINAL-02-22#