000
CXUS53 KARX 020620
CF6DEH
PRELIMINARY LOCAL CLIMATOLOGICAL DATA (WS FORM: F-6)
STATION: DECORAH IA
MONTH: DECEMBER
YEAR: 2023
LATITUDE: 43 16 N
LONGITUDE: 91 44 W
TEMPERATURE IN F: :PCPN: SNOW: WIND :SUNSHINE: SKY :PK WND
================================================================================
1 2 3 4 5 6A 6B 7 8 9 10 11 12 13 14 15 16 17 18
12Z AVG MX 2MIN
DY MAX MIN AVG DEP HDD CDD WTR SNW DPTH SPD SPD DIR MIN PSBL S-S WX SPD DR
================================================================================
1 34 27 31 M 34 0 0.00 0.0 0 6.7 10 20 M M 2 16 30
2 34 23 29 M 36 0 M M 0 4.5 7 120 M M 10 1 M M
3 34 32 33 M 32 0 0.07 M M 1.8 7 360 M M 10 1 M M
4 36 30 33 M 32 0 M M M 4.3 8 160 M M 10 17 220
5 34 30 32 M 33 0 M M M 7.3 15 330 M M 10 1 20 330
6 41 25 33 M 32 0 0.00 0.0 M 7.0 13 190 M M 2 1 22 190
7 52 32 42 M 23 0 0.00 0.0 0 7.4 12 150 M M 1 17 140
8 52 41 47 M 18 0 0.00 0.0 0 7.0 14 190 M M 3 22 190
9 43 28 36 M 29 0 0.01 M 0 8.9 16 300 M M 9 25 300
10 28 23 26 M 39 0 0.00 0.0 0 7.4 14 340 M M 10 24 310
11 32 19 26 M 39 0 0.00 0.0 0 3.8 10 260 M M 6 18 210
12 32 21 27 M 38 0 0.00 0.0 0 7.2 14 300 M M 0 24 310
13 45 19 32 M 33 0 0.00 0.0 0 4.6 10 230 M M 5 16 260
14 52 30 41 M 24 0 0.00 0.0 0 4.7 8 99 M M 3 17 200
15 45 34 40 M 25 0 T 0.0 0 4.7 7 160 M M 5 12 99
16 41 37 39 M 26 0 0.11 0.0 0 4.0 8 130 M M 10 12 14 140
17 37 32 35 M 30 0 T T 0 7.6 15 320 M M 10 12 29 320
18 32 12 22 M 43 0 0.00 0.0 0 14.4 28 340 M M 3 40 330
19 34 12 23 M 42 0 0.00 0.0 0 7.5 15 180 M M 1 24 180
20 41 25 33 M 32 0 0.00 0.0 0 6.6 9 100 M M 5 16 99
21 39 30 35 M 30 0 0.00 0.0 0 6.9 12 110 M M 9 17 110
22 48 37 43 M 22 0 0.00 0.0 0 4.5 8 150 M M 10 1 12 170
23 46 39 43 M 22 0 0.00 0.0 0 4.8 10 140 M M 10 12 17 150
24 54 45 50 M 15 0 0.19 0.0 0 12.4 15 160 M M 10 12 27 140
25 54 39 47 M 18 0 0.58 0.0 0 12.6 18 100 M M 10 1 27 100
26 39 30 35 M 30 0 M M 0 7.1 10 230 M M 10 1 18 200
27 37 28 33 M 32 0 0.00 0.0 0 5.5 9 30 M M 9 15 30
28 32 27 30 M 35 0 M M 0 11.7 20 340 M M 8 27 340
29 39 28 34 M 31 0 0.00 0.0 M 7.7 14 350 M M 4 20 350
30 36 27 32 M 33 0 M M M 6.6 10 320 M M 5 16 20 300
31 30 27 29 M 36 0 M M M 10.4 17 340 M M 10 1 27 340
================================================================================
SM 1233 889 944 0 0.96 T 217.6 M 210
================================================================================
AV 39.8 28.7 7.0 FASTST M M 7 MAX(MPH)
MISC ----> 28 340 40 330
================================================================================
NOTES:
# LAST OF SEVERAL OCCURRENCES
COLUMN 17 PEAK WIND IN M.P.H.
PRELIMINARY LOCAL CLIMATOLOGICAL DATA (WS FORM: F-6) , PAGE 2
STATION: DECORAH IA
MONTH: DECEMBER
YEAR: 2023
LATITUDE: 43 16 N
LONGITUDE: 91 44 W
[TEMPERATURE DATA] [PRECIPITATION DATA] SYMBOLS USED IN COLUMN 16
AVERAGE MONTHLY: 34.2 TOTAL FOR MONTH: 0.96 1 = FOG OR MIST
DPTR FM NORMAL: 0.0 DPTR FM NORMAL: M 2 = FOG REDUCING VISIBILITY
HIGHEST: 54 ON 25,24 GRTST 24HR 0.58 ON 25-25 TO 1/4 MILE OR LESS
LOWEST: 12 ON 19,18 3 = THUNDER
SNOW, ICE PELLETS, HAIL 4 = ICE PELLETS
TOTAL MONTH: T 5 = HAIL
GRTST 24HR T ON 17-17 6 = FREEZING RAIN OR DRIZZLE
GRTST DEPTH: 0 7 = DUSTSTORM OR SANDSTORM:
VSBY 1/2 MILE OR LESS
8 = SMOKE OR HAZE
[NO. OF DAYS WITH] [WEATHER - DAYS WITH] 9 = BLOWING SNOW
X = TORNADO
MAX 32 OR BELOW: 6 0.01 INCH OR MORE: 5
MAX 90 OR ABOVE: 0 0.10 INCH OR MORE: 3
MIN 32 OR BELOW: 24 0.50 INCH OR MORE: 1
MIN 0 OR BELOW: 0 1.00 INCH OR MORE: 0
[HDD (BASE 65) ]
TOTAL THIS MO. 944 CLEAR (SCALE 0-3) 7
DPTR FM NORMAL M PTCLDY (SCALE 4-7) 8
TOTAL FM JUL 1 2207 CLOUDY (SCALE 8-10) 16
DPTR FM NORMAL M
[CDD (BASE 65) ]
TOTAL THIS MO. 0
DPTR FM NORMAL M [PRESSURE DATA]
TOTAL FM JAN 1 714 HIGHEST SLP M ON M
DPTR FM NORMAL M LOWEST SLP M ON M
[REMARKS]
#FINAL-12-23#