000
CXUS55 KBOU 031318
CF6DEN
PRELIMINARY LOCAL CLIMATOLOGICAL DATA (WS FORM: F-6)
STATION: DENVER CO
MONTH: JULY
YEAR: 2021
LATITUDE: 39 52 N
LONGITUDE: 104 40 W
TEMPERATURE IN F: :PCPN: SNOW: WIND :SUNSHINE: SKY :PK WND
================================================================================
1 2 3 4 5 6A 6B 7 8 9 10 11 12 13 14 15 16 17 18
12Z AVG MX 2MIN
DY MAX MIN AVG DEP HDD CDD WTR SNW DPTH SPD SPD DIR MIN PSBL S-S WX SPD DR
================================================================================
1 82 60 71 -2 0 6 0.07 0.0 0 8.0 33 90 M M 8 13 46 80
2 86 57 72 -1 0 7 T 0.0 0 10.1 22 230 M M 5 138 30 240
3 93 58 76 3 0 11 T 0.0 0 7.5 26 350 M M 3 3 34 330
4 92 62 77 3 0 12 0.00 0.0 0 8.2 26 10 M M 3 38 34 20
5 91 57 74 0 0 9 T 0.0 0 8.9 31 220 M M 4 3 41 220
6 85 62 74 0 0 9 0.00 0.0 0 9.8 21 40 M M 7 27 20
7 90 58 74 0 0 9 0.00 0.0 0 10.6 30 190 M M 2 39 190
8 102 69 86 12 0 21 T 0.0 0 12.8 30 190 M M 5 3 39 190
9 98 67 83 8 0 18 0.00 0.0 0 10.1 32 340 M M 5 8 42 350
10 85 63 74 -1 0 9 0.00 0.0 0 7.6 38 350 M M 4 8 49 340
11 88 54 71 -4 0 6 0.00 0.0 0 6.7 17 170 M M 2 23 160
12 91 61 76 1 0 11 0.00 0.0 0 9.1 21 210 M M 3 27 210
13 85 65 75 0 0 10 0.00 0.0 0 10.1 26 300 M M 7 32 300
14 79 59 69 -6 0 4 T 0.0 0 8.6 24 220 M M 8 32 210
15 89 52 71 -5 0 6 0.00 0.0 0 8.3 26 320 M M 3 36 330
16 94 62 78 2 0 13 0.00 0.0 0 9.9 23 170 M M 4 31 300
17 94 59 77 1 0 12 0.14 0.0 0 8.4 24 210 M M 4 3 31 140
18 92 58 75 -1 0 10 0.00 0.0 0 9.1 18 190 M M 1 24 60
19 94 60 77 1 0 12 0.00 0.0 0 8.6 21 70 M M 1 27 90
20 95 64 80 4 0 15 0.00 0.0 0 12.8 25 170 M M 4 32 170
21 93 65 79 3 0 14 T 0.0 0 10.6 22 190 M M 6 28 190
22 97 67 82 6 0 17 0.02 0.0 0 7.0 28 250 M M 5 3 36 260
23 95 68 82 6 0 17 T 0.0 0 14.4 35 360 M M 6 47 350
24 89 65 77 1 0 12 0.00 0.0 0 7.5 15 50 M M 7 8 24 130
25 94 64 79 3 0 14 0.00 0.0 0 10.0 31 140 M M 6 39 140
26 95 61 78 2 0 13 0.00 0.0 0 7.2 14 180 M M 2 24 70
27 96 63 80 4 0 15 0.00 0.0 0 10.7 23 110 M M 2 32 100
28 100 67 84 8 0 19 0.00 0.0 0 8.7 18 150 M M 1 32 20
29 95 68 82 6 0 17 0.00 0.0 0 10.4 22 130 M M 5 28 150
30 95 64 80 4 0 15 0.02 0.0 0 12.1 30 350 M M 6 38 38 350
31 79 63 71 -4 0 6 0.09 0.0 0 7.6 17 280 M M 9 18 23 40
================================================================================
SM 2833 1922 0 369 0.34 0.0 291.4 M 138
================================================================================
AV 91.4 62.0 9.4 FASTST M M 4 MAX(MPH)
MISC ----> 38 350 49 340
================================================================================
NOTES:
# LAST OF SEVERAL OCCURRENCES
COLUMN 17 PEAK WIND IN M.P.H.
PRELIMINARY LOCAL CLIMATOLOGICAL DATA (WS FORM: F-6) , PAGE 2
STATION: DENVER CO
MONTH: JULY
YEAR: 2021
LATITUDE: 39 52 N
LONGITUDE: 104 40 W
[TEMPERATURE DATA] [PRECIPITATION DATA] SYMBOLS USED IN COLUMN 16
AVERAGE MONTHLY: 76.7 TOTAL FOR MONTH: 0.34 1 = FOG OR MIST
DPTR FM NORMAL: 1.6 DPTR FM NORMAL: -1.80 2 = FOG REDUCING VISIBILITY
HIGHEST: 102 ON 8 GRTST 24HR 0.14 ON 17-17 TO 1/4 MILE OR LESS
LOWEST: 52 ON 15 3 = THUNDER
SNOW, ICE PELLETS, HAIL 4 = ICE PELLETS
TOTAL MONTH: 0.0 INCH 5 = HAIL
GRTST 24HR 0.0 6 = FREEZING RAIN OR DRIZZLE
GRTST DEPTH: 0 7 = DUSTSTORM OR SANDSTORM:
VSBY 1/2 MILE OR LESS
8 = SMOKE OR HAZE
[NO. OF DAYS WITH] [WEATHER - DAYS WITH] 9 = BLOWING SNOW
X = TORNADO
MAX 32 OR BELOW: 0 0.01 INCH OR MORE: 5
MAX 90 OR ABOVE: 21 0.10 INCH OR MORE: 1
MIN 32 OR BELOW: 0 0.50 INCH OR MORE: 0
MIN 0 OR BELOW: 0 1.00 INCH OR MORE: 0
[HDD (BASE 65) ]
TOTAL THIS MO. 0 CLEAR (SCALE 0-3) 10
DPTR FM NORMAL -4 PTCLDY (SCALE 4-7) 20
TOTAL FM JUL 1 0 CLOUDY (SCALE 8-10) 1
DPTR FM NORMAL 0
[CDD (BASE 65) ]
TOTAL THIS MO. 369
DPTR FM NORMAL 54 [PRESSURE DATA]
TOTAL FM JAN 1 599 HIGHEST SLP 30.24 ON 31
DPTR FM NORMAL 110 LOWEST SLP 29.68 ON 8
[REMARKS]
#FINAL-07-21#