415
CXUS55 KBOU 041310
CF6DEN
PRELIMINARY LOCAL CLIMATOLOGICAL DATA (WS FORM: F-6)
STATION: DENVER CO
MONTH: NOVEMBER
YEAR: 2020
LATITUDE: 39 52 N
LONGITUDE: 104 40 W
TEMPERATURE IN F: :PCPN: SNOW: WIND :SUNSHINE: SKY :PK WND
================================================================================
1 2 3 4 5 6A 6B 7 8 9 10 11 12 13 14 15 16 17 18
12Z AVG MX 2MIN
DY MAX MIN AVG DEP HDD CDD WTR SNW DPTH SPD SPD DIR MIN PSBL S-S WX SPD DR
================================================================================
1 68 31 50 5 15 0 0.00 0.0 0 8.0 16 230 M M 1 20 230
2 77 41 59 15 6 0 0.00 0.0 0 10.6 16 220 M M 0 20 220
3 79 48 64 20 1 0 0.00 0.0 0 8.3 16 220 M M 5 21 220
4 77 47 62 18 3 0 0.00 0.0 0 8.3 14 220 M M 2 19 210
5 77 46 62 19 3 0 0.00 0.0 0 12.7 21 180 M M 0 28 190
6 74 44 59 16 6 0 0.00 0.0 0 8.4 21 190 M M 6 26 190
7 73 53 63 21 2 0 0.00 0.0 0 20.8 36 200 M M 6 47 190
8 60 41 51 9 14 0 T 0.0 0 17.5 38 210 M M 4 53 210
9 43 25 34 -7 31 0 0.05 T 0 8.2 16 60 M M 9 1 21 50
10 48 16 32 -9 33 0 0.00 0.0 T 6.3 16 10 M M 4 1 21 280
11 49 15 32 -8 33 0 0.00 0.0 0 9.2 21 70 M M 1 27 70
12 45 18 32 -8 33 0 0.00 0.0 0 10.7 21 100 M M 2 28 110
13 64 20 42 3 23 0 0.00 0.0 0 12.6 22 210 M M 2 27 230
14 51 26 39 0 26 0 0.01 0.0 0 15.9 45 290 M M 4 60 290
15 59 16 38 0 27 0 0.00 0.0 0 14.1 35 290 M M 3 46 290
16 68 31 50 12 15 0 0.00 0.0 0 8.7 18 130 M M 3 24 130
17 76 33 55 17 10 0 0.00 0.0 0 9.8 16 210 M M 5 21 210
18 74 44 59 22 6 0 0.00 0.0 0 11.8 18 210 M M 4 30 220
19 65 32 49 12 16 0 0.00 0.0 0 12.5 20 110 M M 0 24 110
20 56 29 43 7 22 0 0.00 0.0 0 11.9 22 140 M M 3 36 120
21 49 28 39 3 26 0 0.00 0.0 0 6.1 13 230 M M 4 16 240
22 51 19 35 0 30 0 0.00 0.0 0 8.3 18 150 M M 3 27 170
23 66 27 47 12 18 0 0.00 0.0 0 6.6 16 10 M M 5 20 10
24 42 18 30 -4 35 0 0.44 5.0 2 10.7 22 360 M M 6 128 29 360
25 45 14 30 -4 35 0 0.00 0.0 4 8.1 18 200 M M 1 23 200
26 40 18 29 -5 36 0 T T 2 9.1 16 20 M M 3 20 10
27 40 18 29 -4 36 0 0.00 0.0 1 8.1 15 160 M M 1 19 160
28 51 25 38 5 27 0 0.00 0.0 T 8.7 16 220 M M 1 23 210
29 37 19 28 -5 37 0 0.00 0.0 0 8.5 22 10 M M 2 33 360
30 57 18 38 6 27 0 0.00 0.0 0 11.3 20 220 M M 1 25 220
================================================================================
SM 1761 860 632 0 0.50 5.0 311.8 M 91
================================================================================
AV 58.7 28.7 10.4 FASTST M M 3 MAX(MPH)
MISC ----> 45 290 60 290
================================================================================
NOTES:
# LAST OF SEVERAL OCCURRENCES
COLUMN 17 PEAK WIND IN M.P.H.
PRELIMINARY LOCAL CLIMATOLOGICAL DATA (WS FORM: F-6) , PAGE 2
STATION: DENVER CO
MONTH: NOVEMBER
YEAR: 2020
LATITUDE: 39 52 N
LONGITUDE: 104 40 W
[TEMPERATURE DATA] [PRECIPITATION DATA] SYMBOLS USED IN COLUMN 16
AVERAGE MONTHLY: 43.7 TOTAL FOR MONTH: 0.50 1 = FOG OR MIST
DPTR FM NORMAL: 5.4 DPTR FM NORMAL: -0.11 2 = FOG REDUCING VISIBILITY
HIGHEST: 79 ON 3 GRTST 24HR 0.44 ON 24-24 TO 1/4 MILE OR LESS
LOWEST: 14 ON 25 3 = THUNDER
SNOW, ICE PELLETS, HAIL 4 = ICE PELLETS
TOTAL MONTH: 5.0 INCHES 5 = HAIL
GRTST 24HR 5.0 ON 24-24 6 = FREEZING RAIN OR DRIZZLE
GRTST DEPTH: 4 ON 25 7 = DUSTSTORM OR SANDSTORM:
VSBY 1/2 MILE OR LESS
8 = SMOKE OR HAZE
[NO. OF DAYS WITH] [WEATHER - DAYS WITH] 9 = BLOWING SNOW
X = TORNADO
MAX 32 OR BELOW: 0 0.01 INCH OR MORE: 3
MAX 90 OR ABOVE: 0 0.10 INCH OR MORE: 1
MIN 32 OR BELOW: 21 0.50 INCH OR MORE: 0
MIN 0 OR BELOW: 0 1.00 INCH OR MORE: 0
[HDD (BASE 65) ]
TOTAL THIS MO. 632 CLEAR (SCALE 0-3) 19
DPTR FM NORMAL -169 PTCLDY (SCALE 4-7) 10
TOTAL FM JUL 1 1235 CLOUDY (SCALE 8-10) 1
DPTR FM NORMAL -147
[CDD (BASE 65) ]
TOTAL THIS MO. 0
DPTR FM NORMAL 0 [PRESSURE DATA]
TOTAL FM JAN 1 1155 HIGHEST SLP 30.54 ON 29
DPTR FM NORMAL 386 LOWEST SLP 29.09 ON 8
[REMARKS]
#FINAL-11-20#