000
CXUS54 KSHV 041401
CF6DEQ
PRELIMINARY LOCAL CLIMATOLOGICAL DATA (WS FORM: F-6)
STATION: DE QUEEN
MONTH: JUNE
YEAR: 2022
LATITUDE: 34 2 N
LONGITUDE: 94 24 W
TEMPERATURE IN F: :PCPN: SNOW: WIND :SUNSHINE: SKY :PK WND
================================================================================
1 2 3 4 5 6A 6B 7 8 9 10 11 12 13 14 15 16 17 18
12Z AVG MX 2MIN
DY MAX MIN AVG DEP HDD CDD WTR SNW DPTH SPD SPD DIR MIN PSBL S-S WX SPD DR
================================================================================
1 93 71 82 6 0 17 T 0.0 0 3.5 16 170 M M 1 13 21 180
2 83 68 76 0 0 11 1.48 0.0 0 4.8 22 320 M M 5 13 32 310
3 84 64 74 -2 0 9 0.00 0.0 0 2.5 12 80 M M 2 12 15 90
4 85 61 73 -3 0 8 0.00 0.0 0 1.4 8 130 M M 0 1 11 80
5 86 63 75 -2 0 10 0.22 0.0 0 4.1 18 290 M M 2 13 28 270
6 87 63 75 -2 0 10 0.19 0.0 0 4.6 22 40 M M 5 13 29 30
7 83 71 77 0 0 12 0.72 0.0 0 3.3 29 310 M M 3 13 39 310
8 84 68 76 -1 0 11 0.16 0.0 0 3.3 15 250 M M 5 13 22 260
9 88 65 77 -1 0 12 0.00 0.0 0 1.8 9 110 M M 2 1 12 110
10 85 70 78 0 0 13 0.86 0.0 0 3.0 25 310 M M 3 13 37 310
11 91 70 81 3 0 16 0.04 0.0 0 3.4 9 170 M M 5 13 17 150
12 95 74 85 7 0 20 0.00 0.0 0 4.2 14 180 M M 1 12 19 250
13 95 73 84 6 0 19 0.00 0.0 0 5.0 14 170 M M 0 1 17 190
14 94 72 83 4 0 18 0.00 0.0 0 6.2 16 190 M M 0 21 160
15 93 71 82 3 0 17 0.00 0.0 0 4.5 14 210 M M 0 19 190
16 96 74 85 6 0 20 0.00 0.0 0 2.4 9 280 M M M 1 14 230
17 98 73 86 7 0 21 0.00 0.0 0 1.0 7 40 M M M 1 11 120
18 97 73 85 6 0 20 0.05 0.0 0 1.5 23 70 M M M 23 32 80
19 92 70 81 1 0 16 0.00 0.0 0 5.7 13 90 M M M 8 17 120
20 94 61 78 -2 0 13 0.00 0.0 0 2.5 9 110 M M M 15 70
21 97 68 83 3 0 18 0.00 0.0 0 2.3 9 230 M M 0 1 14 280
22 98 73 86 6 0 21 0.00 0.0 0 0.8 8 110 M M 0 18 14 300
23 98 74 86 6 0 21 0.00 0.0 0 1.2 8 240 M M 2 128 12 250
24 99 74 87 7 0 22 0.00 0.0 0 3.1 8 120 M M 1 18 11 210
25 99 76 88 8 0 23 0.00 0.0 0 2.3 10 260 M M 0 18 13 210
26 101 73 87 7 0 22 0.00 0.0 0 3.2 25 130 M M 1 13 35 90
27 89 64 77 -4 0 12 0.00 0.0 0 5.1 15 70 M M 4 19 60
28 89 61 75 -6 0 10 0.00 0.0 0 3.0 15 40 M M 0 1 18 40
29 92 59 76 -5 0 11 0.00 0.0 0 3.3 13 140 M M 0 1 15 110
30 94 66 80 -1 0 15 0.00 0.0 0 2.5 9 150 M M 1 1 14 170
================================================================================
SM 2759 2063 0 468 3.72 0.0 95.5 M 43
================================================================================
AV 92.0 68.8 3.2 FASTST M M 2 MAX(MPH)
MISC ----> 29 310 39 310
================================================================================
NOTES:
# LAST OF SEVERAL OCCURRENCES
COLUMN 17 PEAK WIND IN M.P.H.
PRELIMINARY LOCAL CLIMATOLOGICAL DATA (WS FORM: F-6) , PAGE 2
STATION: DE QUEEN
MONTH: JUNE
YEAR: 2022
LATITUDE: 34 2 N
LONGITUDE: 94 24 W
[TEMPERATURE DATA] [PRECIPITATION DATA] SYMBOLS USED IN COLUMN 16
AVERAGE MONTHLY: 80.4 TOTAL FOR MONTH: 3.72 1 = FOG OR MIST
DPTR FM NORMAL: 1.7 DPTR FM NORMAL: -0.58 2 = FOG REDUCING VISIBILITY
HIGHEST: 101 ON 26 GRTST 24HR 1.48 ON 1- 2 TO 1/4 MILE OR LESS
LOWEST: 59 ON 29 3 = THUNDER
SNOW, ICE PELLETS, HAIL 4 = ICE PELLETS
TOTAL MONTH: 0.0 INCH 5 = HAIL
GRTST 24HR 0.0 6 = FREEZING RAIN OR DRIZZLE
GRTST DEPTH: 0 7 = DUSTSTORM OR SANDSTORM:
VSBY 1/2 MILE OR LESS
8 = SMOKE OR HAZE
[NO. OF DAYS WITH] [WEATHER - DAYS WITH] 9 = BLOWING SNOW
X = TORNADO
MAX 32 OR BELOW: 0 0.01 INCH OR MORE: 8
MAX 90 OR ABOVE: 19 0.10 INCH OR MORE: 6
MIN 32 OR BELOW: 0 0.50 INCH OR MORE: 3
MIN 0 OR BELOW: 0 1.00 INCH OR MORE: 1
[HDD (BASE 65) ]
TOTAL THIS MO. 0 CLEAR (SCALE 0-3) 19
DPTR FM NORMAL 0 PTCLDY (SCALE 4-7) 6
TOTAL FM JUL 1 2501 CLOUDY (SCALE 8-10) 5
DPTR FM NORMAL -305
[CDD (BASE 65) ]
TOTAL THIS MO. 468
DPTR FM NORMAL 57 [PRESSURE DATA]
TOTAL FM JAN 1 840 HIGHEST SLP 30.20 ON 28
DPTR FM NORMAL 159 LOWEST SLP 29.64 ON 5
[REMARKS]
#FINAL-06-22#