000
CXUS54 KSHV 011300
CF6DEQ
PRELIMINARY LOCAL CLIMATOLOGICAL DATA (WS FORM: F-6)
STATION: DE QUEEN
MONTH: OCTOBER
YEAR: 2021
LATITUDE: 34 2 N
LONGITUDE: 94 24 W
TEMPERATURE IN F: :PCPN: SNOW: WIND :SUNSHINE: SKY :PK WND
================================================================================
1 2 3 4 5 6A 6B 7 8 9 10 11 12 13 14 15 16 17 18
12Z AVG MX 2MIN
DY MAX MIN AVG DEP HDD CDD WTR SNW DPTH SPD SPD DIR MIN PSBL S-S WX SPD DR
================================================================================
1 77 67 72 2 0 7 0.17 0.0 0 0.5 14 130 M M 7 138 18 150
2 85 70 78 9 0 13 0.03 0.0 0 3.1 12 280 M M 7 1 15 250
3 86 61 74 5 0 9 0.00 0.0 0 2.9 14 280 M M 4 12 20 320
4 88 56 72 4 0 7 0.00 0.0 0 1.5 12 10 M M 2 1 19 40
5 88 55 72 4 0 7 0.00 0.0 0 1.7 10 40 M M 2 1 15 30
6 85 57 71 3 0 6 0.00 0.0 0 2.6 13 240 M M 0 1 17 240
7 88 55 72 5 0 7 0.00 0.0 0 2.2 13 260 M M 2 12 18 260
8 92 58 75 8 0 10 0.00 0.0 0 3.5 14 200 M M 0 1 19 170
9 91 57 74 8 0 9 0.00 0.0 0 4.1 14 170 M M 0 128 19 160
10 88 62 75 9 0 10 0.14 0.0 0 7.2 25 240 M M 6 123 35 270
11 79 55 67 1 0 2 0.85 0.0 0 7.2 29 220 M M 5 13 43 240
12 76 53 65 0 0 0 0.03 0.0 0 5.2 12 120 M M 6 12 18 90
13 85 72 79 14 0 14 T 0.0 0 5.2 14 160 M M 6 1 19 170
14 79 65 72 8 0 7 0.32 0.0 0 2.8 18 260 M M 8 12 26 270
15 77 52 65 1 0 0 0.04 0.0 0 4.4 18 300 M M 7 12 26 290
16 73 43 58 -6 7 0 0.00 0.0 0 2.1 13 340 M M 0 12 18 330
17 75 40 58 -5 7 0 0.00 0.0 0 0.4 7 130 M M 0 1 10 180
18 M M M M M M M 0.0 0 2.8 9 130 M M 0 1 M M
19 75 45 60 -2 5 0 0.00 0.0 0 3.5 13 150 M M 0 1 17 130
20 80 51 66 4 0 1 0.00 0.0 0 1.2 8 150 M M 7 12 11 150
21 84 50 67 5 0 2 0.00 0.0 0 3.4 13 320 M M 3 1 15 10
22 78 45 62 1 3 0 0.00 0.0 0 1.6 10 130 M M 1 18 13 130
23 83 52 68 7 0 3 0.00 0.0 0 2.9 14 210 M M 4 8 19 220
24 86 63 75 15 0 10 0.00 0.0 0 4.9 18 230 M M 5 12 27 240
25 87 51 69 9 0 4 0.00 0.0 0 2.4 10 30 M M 3 12 19 280
26 74 55 65 5 0 0 0.00 0.0 0 9.0 15 100 M M 7 20 100
27 71 57 64 5 1 0 1.16 0.0 0 8.7 21 270 M M 10 123 31 280
28 61 55 58 -1 7 0 T 0.0 0 16.2 29 330 M M 10 45 320
29 60 45 53 -6 12 0 0.00 0.0 0 9.8 25 310 M M 6 37 300
30 73 41 57 -1 8 0 0.00 0.0 0 2.9 13 280 M M 0 1 17 270
31 77 38 58 0 7 0 0.00 0.0 0 0.9 7 220 M M 0 1 10 280
================================================================================
SM 2401 1626 57 128 2.74 0.0 126.8 M 118
================================================================================
AV 80.0 54.2 4.1 FASTST M M 4 MAX(MPH)
MISC ----> # 29 220 45 320
================================================================================
NOTES:
# LAST OF SEVERAL OCCURRENCES
COLUMN 17 PEAK WIND IN M.P.H.
PRELIMINARY LOCAL CLIMATOLOGICAL DATA (WS FORM: F-6) , PAGE 2
STATION: DE QUEEN
MONTH: OCTOBER
YEAR: 2021
LATITUDE: 34 2 N
LONGITUDE: 94 24 W
[TEMPERATURE DATA] [PRECIPITATION DATA] SYMBOLS USED IN COLUMN 16
AVERAGE MONTHLY: 67.1 TOTAL FOR MONTH: 2.74 1 = FOG OR MIST
DPTR FM NORMAL: 3.4 DPTR FM NORMAL: -1.08 2 = FOG REDUCING VISIBILITY
HIGHEST: 92 ON 8 GRTST 24HR 1.16 ON 27-27 TO 1/4 MILE OR LESS
LOWEST: 38 ON 31 3 = THUNDER
SNOW, ICE PELLETS, HAIL 4 = ICE PELLETS
TOTAL MONTH: 0.0 INCH 5 = HAIL
GRTST 24HR 0.0 6 = FREEZING RAIN OR DRIZZLE
GRTST DEPTH: 0 7 = DUSTSTORM OR SANDSTORM:
VSBY 1/2 MILE OR LESS
8 = SMOKE OR HAZE
[NO. OF DAYS WITH] [WEATHER - DAYS WITH] 9 = BLOWING SNOW
X = TORNADO
MAX 32 OR BELOW: 0 0.01 INCH OR MORE: 8
MAX 90 OR ABOVE: 2 0.10 INCH OR MORE: 5
MIN 32 OR BELOW: 0 0.50 INCH OR MORE: 2
MIN 0 OR BELOW: 0 1.00 INCH OR MORE: 1
[HDD (BASE 65) ]
TOTAL THIS MO. 57 CLEAR (SCALE 0-3) 15
DPTR FM NORMAL -68 PTCLDY (SCALE 4-7) 13
TOTAL FM JUL 1 57 CLOUDY (SCALE 8-10) 3
DPTR FM NORMAL -74
[CDD (BASE 65) ]
TOTAL THIS MO. 128
DPTR FM NORMAL 45 [PRESSURE DATA]
TOTAL FM JAN 1 2200 HIGHEST SLP 30.33 ON 17
DPTR FM NORMAL 84 LOWEST SLP 29.44 ON 28
[REMARKS]
#FINAL-10-21#