000
CXUS56 KOTX 011010
CF6DEW
PRELIMINARY LOCAL CLIMATOLOGICAL DATA (WS FORM: F-6)
STATION: DEER_PARK WA AIRPORT
MONTH: DECEMBER
YEAR: 2023
LATITUDE: 47 58 N
LONGITUDE: 117 25 W
TEMPERATURE IN F: :PCPN: SNOW: WIND :SUNSHINE: SKY :PK WND
================================================================================
1 2 3 4 5 6A 6B 7 8 9 10 11 12 13 14 15 16 17 18
12Z AVG MX 2MIN
DY MAX MIN AVG DEP HDD CDD WTR SNW DPTH SPD SPD DIR MIN PSBL S-S WX SPD DR
================================================================================
1 30 25 28 -2 37 0 T M M 3.6 9 170 M M 10 128 12 160
2 37 15 26 -4 39 0 0.04 M M 6.1 18 240 M M 7 128 23 200
3 36 13 25 -4 40 0 0.14 M M 1.4 12 190 M M 10 12 13 190
4 37 33 35 6 30 0 0.18 M M 3.8 10 30 M M 10 12 14 20
5 49 35 42 13 23 0 1.30 M M 5.4 15 170 M M 10 12 19 170
6 47 40 44 16 21 0 1.25 M M 3.9 13 210 M M 10 12 17 220
7 44 35 40 12 25 0 0.31 M M 7.5 17 240 M M 9 1 23 210
8 41 19 30 2 35 0 0.01 M M 4.0 13 190 M M 3 1 15 210
9 33 18 26 -2 39 0 T M M 3.5 8 140 M M 5 1 11 140
10 35 32 34 6 31 0 0.15 M M 2.8 8 30 M M 10 1 10 30
11 39 34 37 9 28 0 0.06 M M 5.5 10 20 M M 10 1 14 20
12 39 34 37 10 28 0 0.00 M M 4.6 9 20 M M 10 12 20
13 37 25 31 4 34 0 0.00 M M 4.6 10 40 M M 3 13 40
14 37 28 33 6 32 0 0.00 M M 2.9 9 60 M M 7 28 13 50
15 42 21 32 5 33 0 0.00 M M 3.1 9 50 M M 7 128 13 30
16 32 20 26 -1 39 0 0.00 M M 0.8 6 320 M M 8 128 7 140
17 37 25 31 4 34 0 0.00 M M 4.1 10 50 M M 5 1 12 40
18 39 27 33 7 32 0 0.10 M M 2.0 8 40 M M 8 1 12 20
19 39 33 36 10 29 0 0.15 M M 6.6 13 30 M M 10 1 17 20
20 40 29 35 9 30 0 T M M 1.2 5 260 M M 10 12 7 10
21 37 31 34 8 31 0 0.00 M M 0.3 5 350 M M 10 12 6 230
22 34 31 33 7 32 0 0.16 M M 3.9 17 220 M M 10 126 22 210
23 33 25 29 3 36 0 0.00 M M 2.5 13 180 M M 9 12 16 180
24 34 18 26 0 39 0 0.00 M M 5.6 16 40 M M 4 1 22 30
25 37 28 33 7 32 0 0.00 M M 8.7 15 50 M M 8 20 40
26 35 30 33 7 32 0 T M M 6.0 15 30 M M 10 1 22 30
27 38 33 36 10 29 0 T M M 9.3 23 40 M M 4 32 30
28 44 25 35 9 30 0 0.00 M M 4.3 15 30 M M 3 20 40
29 48 37 43 17 22 0 0.00 M M 11.0 18 40 M M 6 28 50
30 44 26 35 9 30 0 0.00 M M 1.2 14 20 M M 1 18 20
31 38 32 35 9 30 0 0.02 M M 0.3 6 320 M M 10 12 7 310
================================================================================
SM 1192 857 982 0 3.87 M 130.5 M 237
================================================================================
AV 38.5 27.6 4.2 FASTST M M 8 MAX(MPH)
MISC ----> 23 40 32 30
================================================================================
NOTES:
# LAST OF SEVERAL OCCURRENCES
COLUMN 17 PEAK WIND IN M.P.H.
PRELIMINARY LOCAL CLIMATOLOGICAL DATA (WS FORM: F-6) , PAGE 2
STATION: DEER_PARK WA AIRPORT
MONTH: DECEMBER
YEAR: 2023
LATITUDE: 47 58 N
LONGITUDE: 117 25 W
[TEMPERATURE DATA] [PRECIPITATION DATA] SYMBOLS USED IN COLUMN 16
AVERAGE MONTHLY: 33.0 TOTAL FOR MONTH: 3.87 1 = FOG OR MIST
DPTR FM NORMAL: 5.8 DPTR FM NORMAL: 0.81 2 = FOG REDUCING VISIBILITY
HIGHEST: 49 ON 5 GRTST 24HR 1.38 ON 5- 6 TO 1/4 MILE OR LESS
LOWEST: 13 ON 3 3 = THUNDER
SNOW, ICE PELLETS, HAIL 4 = ICE PELLETS
TOTAL MONTH: M 5 = HAIL
GRTST 24HR M ON M 6 = FREEZING RAIN OR DRIZZLE
GRTST DEPTH: M ON M 7 = DUSTSTORM OR SANDSTORM:
VSBY 1/2 MILE OR LESS
8 = SMOKE OR HAZE
[NO. OF DAYS WITH] [WEATHER - DAYS WITH] 9 = BLOWING SNOW
X = TORNADO
MAX 32 OR BELOW: 2 0.01 INCH OR MORE: 13
MAX 90 OR ABOVE: 0 0.10 INCH OR MORE: 9
MIN 32 OR BELOW: 22 0.50 INCH OR MORE: 2
MIN 0 OR BELOW: 0 1.00 INCH OR MORE: 2
[HDD (BASE 65) ]
TOTAL THIS MO. 982 CLEAR (SCALE 0-3) 3
DPTR FM NORMAL -190 PTCLDY (SCALE 4-7) 12
TOTAL FM JUL 1 2694 CLOUDY (SCALE 8-10) 16
DPTR FM NORMAL -419
[CDD (BASE 65) ]
TOTAL THIS MO. 0
DPTR FM NORMAL 0 [PRESSURE DATA]
TOTAL FM JAN 1 408 HIGHEST SLP M ON M
DPTR FM NORMAL 192 LOWEST SLP 29.53 ON 2
[REMARKS]
#FINAL-12-23#