000
CXUS55 KCYS 011000
CF6DGW
PRELIMINARY LOCAL CLIMATOLOGICAL DATA (WS FORM: F-6)
STATION: CONVERSE CO (DOUGLAS) WY ARPT
MONTH: JULY
YEAR: 2020
LATITUDE: 42 46 N
LONGITUDE: 105 22 W
TEMPERATURE IN F: :PCPN: SNOW: WIND :SUNSHINE: SKY :PK WND
================================================================================
1 2 3 4 5 6A 6B 7 8 9 10 11 12 13 14 15 16 17 18
12Z AVG MX 2MIN
DY MAX MIN AVG DEP HDD CDD WTR SNW DPTH SPD SPD DIR MIN PSBL S-S WX SPD DR
================================================================================
1 88 52 70 1 0 5 0.00 M M 11.4 24 220 M M 0 34 210
2 96 54 75 6 0 10 0.00 M M 11.2 23 240 M M 0 31 230
3 96 47 72 3 0 7 0.00 M M 10.6 29 160 M M 0 43 170
4 95 56 76 7 0 11 0.00 M M 10.6 28 340 M M 0 3 35 80
5 93 53 73 3 0 8 0.25 M M 6.9 37 230 M M 0 3 47 220
6 93 52 73 3 0 8 0.00 M M 9.4 21 150 M M 0 27 130
7 101 54 78 8 0 13 0.00 M M 13.0 30 260 M M 1 40 240
8 95 50 73 3 0 8 0.00 M M 11.2 30 280 M M 0 43 260
9 90 56 73 3 0 8 0.00 M M 7.1 23 130 M M 2 31 130
10 100 58 79 8 0 14 0.00 M M 14.2 35 260 M M 0 45 260
11 95 50 73 2 0 8 0.00 M M 8.2 17 110 M M 0 26 330
12 101 50 76 5 0 11 T M M 8.5 20 280 M M 0 3 36 240
13 94 59 77 6 0 12 0.00 M M 10.9 33 10 M M 0 45 10
14 82 58 70 -1 0 5 0.00 M M 11.7 24 130 M M 3 31 150
15 84 57 71 0 0 6 0.00 M M 13.9 23 140 M M 2 31 140
16 93 52 73 1 0 8 0.00 M M 7.8 15 140 M M 0 20 140
17 100 66 83 11 0 18 0.00 M M 13.4 29 270 M M 0 44 280
18 88 65 77 5 0 12 0.00 M M 11.4 22 340 M M 0 33 320
19 94 62 78 6 0 13 0.00 M M 11.5 33 70 M M 1 3 43 90
20 87 56 72 0 0 7 0.00 M M 8.6 29 50 M M 2 123 36 50
21 86 56 71 -1 0 6 T M M 10.0 23 130 M M 2 29 140
22 97 58 78 6 0 13 0.00 M M 11.2 25 130 M M 0 33 130
23 96 65 81 9 0 16 0.00 M M 11.9 31 270 M M 0 40 260
24 88 58 73 1 0 8 0.01 M M 5.2 20 200 M M 3 27 200
25 94 54 74 2 0 9 0.00 M M 7.6 20 290 M M 0 32 310
26 86 56 71 -1 0 6 0.01 M M 11.3 23 140 M M 1 3 31 130
27 93 56 75 3 0 10 0.00 M M 6.2 15 30 M M 1 22 130
28 90 56 73 1 0 8 T M M 7.3 29 260 M M 3 3 37 260
29 80 54 67 -5 0 2 0.57 M M 7.3 32 330 M M 3 138 43 330
30 83 60 72 0 0 7 0.00 M M 7.5 16 160 M M 5 20 160
31 90 53 72 0 0 7 T M M 5.1 16 20 M M 0 23 30
================================================================================
SM 2848 1733 0 284 0.84 M 302.1 M 29
================================================================================
AV 91.9 55.9 9.7 FASTST M M 1 MAX(MPH)
MISC ----> # 37 230 # 47 220
================================================================================
NOTES:
# LAST OF SEVERAL OCCURRENCES
COLUMN 17 PEAK WIND IN M.P.H.
PRELIMINARY LOCAL CLIMATOLOGICAL DATA (WS FORM: F-6) , PAGE 2
STATION: CONVERSE CO (DOUGLAS) WY ARPT
MONTH: JULY
YEAR: 2020
LATITUDE: 42 46 N
LONGITUDE: 105 22 W
[TEMPERATURE DATA] [PRECIPITATION DATA] SYMBOLS USED IN COLUMN 16
AVERAGE MONTHLY: 73.9 TOTAL FOR MONTH: 0.84 1 = FOG OR MIST
DPTR FM NORMAL: 2.8 DPTR FM NORMAL: -0.52 2 = FOG REDUCING VISIBILITY
HIGHEST: 101 ON 12, 7 GRTST 24HR 0.57 ON 29-29 TO 1/4 MILE OR LESS
LOWEST: 47 ON 3 3 = THUNDER
SNOW, ICE PELLETS, HAIL 4 = ICE PELLETS
TOTAL MONTH: M 5 = HAIL
GRTST 24HR M ON M 6 = FREEZING RAIN OR DRIZZLE
GRTST DEPTH: M ON M 7 = DUSTSTORM OR SANDSTORM:
VSBY 1/2 MILE OR LESS
8 = SMOKE OR HAZE
[NO. OF DAYS WITH] [WEATHER - DAYS WITH] 9 = BLOWING SNOW
X = TORNADO
MAX 32 OR BELOW: 0 0.01 INCH OR MORE: 4
MAX 90 OR ABOVE: 21 0.10 INCH OR MORE: 2
MIN 32 OR BELOW: 0 0.50 INCH OR MORE: 1
MIN 0 OR BELOW: 0 1.00 INCH OR MORE: 0
[HDD (BASE 65) ]
TOTAL THIS MO. 0 CLEAR (SCALE 0-3) 29
DPTR FM NORMAL -15 PTCLDY (SCALE 4-7) 2
TOTAL FM JUL 1 0 CLOUDY (SCALE 8-10) 0
DPTR FM NORMAL -15
[CDD (BASE 65) ]
TOTAL THIS MO. 284
DPTR FM NORMAL 79 [PRESSURE DATA]
TOTAL FM JAN 1 406 HIGHEST SLP 30.17 ON 11
DPTR FM NORMAL 124 LOWEST SLP 29.54 ON 7
[REMARKS]
#FINAL-07-20#