000
CXUS55 KCYS 060426
CLADGW
CLIMATE REPORT
NATIONAL WEATHER SERVICE CHEYENNE WY
926 PM MST THU JAN 05 2023
...................................
...THE CONVERSE CO (DOUGLAS) WY ARPT CLIMATE SUMMARY FOR THE YEAR OF 2022...
CLIMATE NORMAL PERIOD 1991 TO 2020
CLIMATE RECORD PERIOD 1998 TO 2023
WEATHER OBSERVED NORMAL DEPART LAST YEAR`S
VALUE DATE(S) VALUE FROM VALUE DATE(S)
NORMAL
................................................................
TEMPERATURE (F)
RECORD
HIGH 105 07/29/2006
07/18/2006
07/16/2005
LOW -33 01/27/2009
02/18/2006
HIGHEST 102 07/18 MM MM 100 07/26
07/27
07/28
LOWEST -29 12/22 MM MM -17 02/15
AVG. MAXIMUM 61.7 61.1 0.6 62.2
AVG. MINIMUM 30.1 31.5 -1.4 31.9
MEAN 45.9 46.3 -0.4 47.1
DAYS MAX >= 90 59 43.3 15.7 58
DAYS MAX <= 32 38 36.7 1.3 28
DAYS MIN <= 32 207 188.9 18.1 194
DAYS MIN <= 0 26 18.2 7.8 18
PRECIPITATION (INCHES)
RECORD
MAXIMUM 5.70 2020
MINIMUM 2.77 2022
TOTALS MM 11.22 MM 5.27
DAILY AVG. 0.01 0.03 -0.02 T
DAYS >= .01 41 83.9 -42.9 49
DAYS >= .10 10 30.1 -20.1 15
DAYS >= .50 0 4.7 -4.7 2
DAYS >= 1.00 0 0.4 -0.4 0
GREATEST
24 HR. TOTAL 0.30 0.69 09/19 TO 09/20
STORM TOTAL 0.30 0.63
(MM/DD(HH)) MM
DEGREE DAYS
HEATING TOTAL 7548 7303 245 7099
SINCE 7/1 3046 3009 37 MM
COOLING TOTAL 713 512 201 715
SINCE 1/1 713 512 201 MM
................................................................
WIND (MPH)
AVERAGE WIND SPEED 10.2
HIGHEST WIND SPEED/DIRECTION 53/330 DATE 04/23
HIGHEST GUST SPEED/DIRECTION 76/310 DATE 04/23
SKY COVER
POSSIBLE SUNSHINE (PERCENT) MM
AVERAGE SKY COVER 0.26
NUMBER OF DAYS FAIR 253
NUMBER OF DAYS PC 81
NUMBER OF DAYS CLOUDY 30
AVERAGE RH (PERCENT) 55
WEATHER CONDITIONS. NUMBER OF DAYS WITH
THUNDERSTORM 40 MIXED PRECIP 0
HEAVY RAIN 4 RAIN 13
LIGHT RAIN 66 FREEZING RAIN 0
LT FREEZING RAIN 0 HAIL 0
HEAVY SNOW 8 SNOW 16
LIGHT SNOW 61 SLEET 0
FOG 72 FOG W/VIS <= 1/4 MILE 18
HAZE 50
- INDICATES NEGATIVE NUMBERS.
R INDICATES RECORD WAS SET OR TIED.
MM INDICATES DATA IS MISSING.
T INDICATES TRACE AMOUNT.
$$