000
CXUS56 KTFX 011110
CF6DLN
PRELIMINARY LOCAL CLIMATOLOGICAL DATA (WS FORM: F-6)
STATION: DILLON AIRPORT MT
MONTH: OCTOBER
YEAR: 2023
LATITUDE: 45 15 N
LONGITUDE: 112 33 W
TEMPERATURE IN F: :PCPN: SNOW: WIND :SUNSHINE: SKY :PK WND
================================================================================
1 2 3 4 5 6A 6B 7 8 9 10 11 12 13 14 15 16 17 18
12Z AVG MX 2MIN
DY MAX MIN AVG DEP HDD CDD WTR SNW DPTH SPD SPD DIR MIN PSBL S-S WX SPD DR
================================================================================
1 49 37 43 -6 22 0 T M M 11.2 26 30 M M 9 12 34 30
2 56 35 46 -2 19 0 T M M 3.8 12 40 M M 8 1 16 30
3 57 39 48 0 17 0 T M M 5.5 15 360 M M 7 1 19 10
4 61 33 47 0 18 0 0.00 M M 11.2 23 270 M M 6 31 260
5 64 35 50 3 15 0 0.00 M M 7.3 16 210 M M 3 23 290
6 64 34 49 3 16 0 0.00 M M 5.2 14 190 M M 0 8 19 70
7 71 33 52 6 13 0 0.00 M M 5.6 14 210 M M 0 17 200
8 75 36 56 10 9 0 0.00 M M 8.9 13 170 M M 0 18 210
9 77 41 59 14 6 0 0.01 M M 8.4 31 240 M M 2 40 300
10 66 44 55 10 10 0 T M M 8.1 25 230 M M 5 33 220
11 57 37 47 3 18 0 0.10 M M 5.0 15 320 M M 7 1 19 320
12 47 39 43 -1 22 0 T M M 4.7 15 20 M M 10 21 10
13 54 33 44 1 21 0 0.00 M M 2.3 10 50 M M 7 13 280
14 57 29 43 0 22 0 0.00 M M 5.3 12 180 M M 4 15 230
15 67 37 52 10 13 0 0.00 M M 5.8 13 240 M M 3 16 230
16 73 42 58 16 7 0 0.00 M M 7.7 15 170 M M 0 21 170
17 66 36 51 9 14 0 0.00 M M 12.4 31 250 M M 2 43 260
18 70 31 51 10 14 0 0.00 M M 6.3 16 190 M M 0 21 160
19 77 42 60 19 5 0 0.00 M M 11.6 17 280 M M 0 24 210
20 75 42 59 19 6 0 0.00 M M 11.5 20 210 M M 0 25 210
21 63 37 50 10 15 0 0.00 M M 6.9 15 220 M M 0 19 220
22 66 36 51 11 14 0 T M M 7.2 30 240 M M 3 43 220
23 57 35 46 7 19 0 0.00 M M 4.6 12 190 M M 5 14 220
24 57 27 42 3 23 0 0.00 M M 10.1 23 260 M M 2 31 230
25 27 14 21 -17 44 0 0.18 M M 13.8 23 50 M M 10 12 29 50
26 18 11 15 -23 50 0 0.11 M M 6.6 17 60 M M 9 12 23 50
27 18 7 13 -25 52 0 T M M 7.6 15 50 M M 10 128 19 40
28 19 4 12 -25 53 0 T M M 3.3 9 120 M M 6 1 11 80
29 24 0 12 -25 53 0 0.00 M M 4.3 12 200 M M 1 14 190
30 33 5 19 -18 46 0 0.00 M M 4.2 10 170 M M 0 17 200
31 41 12 27 -9 38 0 0.00 M M 5.1 15 220 M M 0 20 210
================================================================================
SM 1706 923 694 0 0.40 M 221.5 M 119
================================================================================
AV 55.0 29.8 7.1 FASTST M M 4 MAX(MPH)
MISC ----> # 31 240 # 43 260
================================================================================
NOTES:
# LAST OF SEVERAL OCCURRENCES
COLUMN 17 PEAK WIND IN M.P.H.
PRELIMINARY LOCAL CLIMATOLOGICAL DATA (WS FORM: F-6) , PAGE 2
STATION: DILLON AIRPORT MT
MONTH: OCTOBER
YEAR: 2023
LATITUDE: 45 15 N
LONGITUDE: 112 33 W
[TEMPERATURE DATA] [PRECIPITATION DATA] SYMBOLS USED IN COLUMN 16
AVERAGE MONTHLY: 42.4 TOTAL FOR MONTH: 0.40 1 = FOG OR MIST
DPTR FM NORMAL: 0.2 DPTR FM NORMAL: -0.32 2 = FOG REDUCING VISIBILITY
HIGHEST: 77 ON 19, 9 GRTST 24HR 0.27 ON 25-26 TO 1/4 MILE OR LESS
LOWEST: 0 ON 29 3 = THUNDER
SNOW, ICE PELLETS, HAIL 4 = ICE PELLETS
TOTAL MONTH: M 5 = HAIL
GRTST 24HR M ON M 6 = FREEZING RAIN OR DRIZZLE
GRTST DEPTH: M ON M 7 = DUSTSTORM OR SANDSTORM:
VSBY 1/2 MILE OR LESS
8 = SMOKE OR HAZE
[NO. OF DAYS WITH] [WEATHER - DAYS WITH] 9 = BLOWING SNOW
X = TORNADO
MAX 32 OR BELOW: 5 0.01 INCH OR MORE: 4
MAX 90 OR ABOVE: 0 0.10 INCH OR MORE: 3
MIN 32 OR BELOW: 10 0.50 INCH OR MORE: 0
MIN 0 OR BELOW: 1 1.00 INCH OR MORE: 0
[HDD (BASE 65) ]
TOTAL THIS MO. 694 CLEAR (SCALE 0-3) 16
DPTR FM NORMAL -13 PTCLDY (SCALE 4-7) 10
TOTAL FM JUL 1 1052 CLOUDY (SCALE 8-10) 5
DPTR FM NORMAL -124
[CDD (BASE 65) ]
TOTAL THIS MO. 0
DPTR FM NORMAL 0 [PRESSURE DATA]
TOTAL FM JAN 1 123 HIGHEST SLP 30.81 ON 29
DPTR FM NORMAL 6 LOWEST SLP 29.43 ON 10
[REMARKS]
#FINAL-10-23#