000
CXUS51 KLWX 010815
CF6DMH
PRELIMINARY LOCAL CLIMATOLOGICAL DATA (WS FORM: F-6)
STATION: BALTIMORE INNER HARBOR
MONTH: APRIL
YEAR: 2023
LATITUDE: 39 16 N
LONGITUDE: 76 37 W
TEMPERATURE IN F: :PCPN: SNOW: WIND :SUNSHINE: SKY :PK WND
================================================================================
1 2 3 4 5 6A 6B 7 8 9 10 11 12 13 14 15 16 17 18
12Z AVG MX 2MIN
DY MAX MIN AVG DEP HDD CDD WTR SNW DPTH SPD SPD DIR MIN PSBL S-S WX SPD DR
================================================================================
1 78 50 64 12 1 0 0.24 0.0 0 M M M M M 0 13 M M
2 58 45 52 0 13 0 0.00 0.0 0 M M M M M 0 M M
3 67 42 55 3 10 0 0.00 M M M M M M M 0 M M
4 78 52 65 12 0 0 0.00 M M M M M M M 0 M M
5 84 59 72 19 0 7 0.00 M M M M M M M 0 M M
6 84 61 73 20 0 8 0.07 M M M M M M M 0 M M
7 61 53 57 3 8 0 0.00 M M M M M M M 0 M M
8 54 44 49 -5 16 0 0.00 M M M M M M M 0 M M
9 62 41 52 -2 13 0 0.00 M M M M M M M 0 M M
10 66 44 55 0 10 0 0.00 M M M M M M M 0 M M
11 78 47 63 8 2 0 0.00 M M M M M M M 0 M M
12 86 59 73 18 0 8 0.00 M M M M M M M 0 M M
13 90 65 78 22 0 13 0.00 M M M M M M M 0 M M
14 85 60 73 17 0 8 0.00 M M M M M M M 0 M M
15 76 63 70 14 0 5 0.58 M M M M M M M 0 3 M M
16 80 63 72 15 0 7 0.00 M M M M M M M 0 M M
17 72 56 64 7 1 0 0.00 M M M M M M M 0 M M
18 72 49 61 4 4 0 0.00 M M M M M M M 0 M M
19 75 46 61 3 4 0 0.00 M M M M M M M 0 M M
20 80 56 68 10 0 3 0.00 M M M M M M M 0 M M
21 83 57 70 12 0 5 0.00 M M M M M M M 0 M M
22 77 59 68 9 0 3 0.93 M M M M M M M 0 M M
23 67 49 58 -1 7 0 0.00 M M M M M M M M M M
24 62 47 55 -4 10 0 0.00 M M M M M M M M M M
25 61 46 54 -6 11 0 0.00 M M M M M M M M M M
26 67 48 58 -2 7 0 0.01 M M M M M M M 0 M M
27 69 52 61 1 4 0 0.09 M M M M M M M 0 M M
28 57 53 55 -6 10 0 1.62 0.0 0 M M M M M 0 1 M M
29 69 54 62 1 3 0 0.01 M M M M M M M M M M
30 65 56 61 0 4 0 0.26 0.0 0 M M M M M 0 M M
================================================================================
SM 2163 1576 138 67 3.81 0.0 M M 0
================================================================================
AV 72.1 52.5 M FASTST M M 0 MAX(MPH)
MISC ----> M M M M
================================================================================
NOTES:
# LAST OF SEVERAL OCCURRENCES
COLUMN 17 PEAK WIND IN M.P.H.
PRELIMINARY LOCAL CLIMATOLOGICAL DATA (WS FORM: F-6) , PAGE 2
STATION: BALTIMORE INNER HARBOR
MONTH: APRIL
YEAR: 2023
LATITUDE: 39 16 N
LONGITUDE: 76 37 W
[TEMPERATURE DATA] [PRECIPITATION DATA] SYMBOLS USED IN COLUMN 16
AVERAGE MONTHLY: 62.3 TOTAL FOR MONTH: 3.81 1 = FOG OR MIST
DPTR FM NORMAL: 5.7 DPTR FM NORMAL: 0.59 2 = FOG REDUCING VISIBILITY
HIGHEST: 90 ON 13 GRTST 24HR 1.62 ON 28-28 TO 1/4 MILE OR LESS
LOWEST: 41 ON 9 3 = THUNDER
SNOW, ICE PELLETS, HAIL 4 = ICE PELLETS
TOTAL MONTH: 0.0 INCH 5 = HAIL
GRTST 24HR 0.0 6 = FREEZING RAIN OR DRIZZLE
GRTST DEPTH: 0 7 = DUSTSTORM OR SANDSTORM:
VSBY 1/2 MILE OR LESS
8 = SMOKE OR HAZE
[NO. OF DAYS WITH] [WEATHER - DAYS WITH] 9 = BLOWING SNOW
X = TORNADO
MAX 32 OR BELOW: 0 0.01 INCH OR MORE: 9
MAX 90 OR ABOVE: 1 0.10 INCH OR MORE: 5
MIN 32 OR BELOW: 0 0.50 INCH OR MORE: 3
MIN 0 OR BELOW: 0 1.00 INCH OR MORE: 1
[HDD (BASE 65) ]
TOTAL THIS MO. 138 CLEAR (SCALE 0-3) 26
DPTR FM NORMAL -140 PTCLDY (SCALE 4-7) 0
TOTAL FM JUL 1 2750 CLOUDY (SCALE 8-10) 4
DPTR FM NORMAL -1194
[CDD (BASE 65) ]
TOTAL THIS MO. 67
DPTR FM NORMAL 43 [PRESSURE DATA]
TOTAL FM JAN 1 67 HIGHEST SLP 30.56 ON 8
DPTR FM NORMAL 42 LOWEST SLP 29.17 ON 30
[REMARKS]
#FINAL-04-23#