000
CXUS51 KLWX 010915
CF6DMH
PRELIMINARY LOCAL CLIMATOLOGICAL DATA (WS FORM: F-6)
STATION: BALTIMORE INNER HARBOR
MONTH: JANUARY
YEAR: 2023
LATITUDE: 39 16 N
LONGITUDE: 76 37 W
TEMPERATURE IN F: :PCPN: SNOW: WIND :SUNSHINE: SKY :PK WND
================================================================================
1 2 3 4 5 6A 6B 7 8 9 10 11 12 13 14 15 16 17 18
12Z AVG MX 2MIN
DY MAX MIN AVG DEP HDD CDD WTR SNW DPTH SPD SPD DIR MIN PSBL S-S WX SPD DR
================================================================================
1 64 43 54 18 11 0 0.00 M M M M M M M 0 M M
2 60 42 51 15 14 0 0.00 M M M M M M M 0 M M
3 67 47 57 21 8 0 0.00 M M M M M M M 0 M M
4 65 54 60 24 5 0 0.01 M M M M M M M 0 M M
5 64 51 58 22 7 0 0.01 M M M M M M M 0 M M
6 52 44 48 12 17 0 0.00 M M M M M M M 0 M M
7 51 39 45 9 20 0 0.00 M M M M M M M 0 M M
8 43 34 39 3 26 0 0.00 M M M M M M M 0 M M
9 50 38 44 8 21 0 0.01 M M M M M M M 0 M M
10 49 34 42 6 23 0 0.00 M M M M M M M 0 M M
11 45 34 40 4 25 0 0.00 M M M M M M M M M M
12 52 41 47 11 18 0 0.10 M M M M M M M M M M
13 56 40 48 12 17 0 0.09 M M M M M M M M M M
14 40 33 37 1 28 0 0.00 M M M M M M M M M M
15 46 32 39 3 26 0 0.00 M M M M M M M M M M
16 56 35 46 10 19 0 0.00 M M M M M M M 0 M M
17 51 41 46 10 19 0 0.04 M M M M M M M 0 M M
18 57 43 50 14 15 0 0.00 M M M M M M M 0 M M
19 46 43 45 9 20 0 0.41 0.0 0 M M M M M 0 M M
20 51 41 46 10 19 0 0.00 0.0 0 M M M M M 0 M M
21 45 37 41 5 24 0 0.00 0.0 0 M M M M M 0 M M
22 42 34 38 2 27 0 0.33 0.0 0 M M M M M 0 M M
23 47 40 44 8 21 0 0.11 M M M M M M M 0 M M
24 51 36 44 8 21 0 0.00 M M M M M M M 0 M M
25 52 36 44 8 21 0 0.73 M M M M M M M 0 M M
26 49 40 45 9 20 0 0.00 M M M M M M M 0 M M
27 45 34 40 4 25 0 0.00 M M M M M M M 0 M M
28 56 34 45 9 20 0 0.00 M M M M M M M 0 M M
29 52 36 44 8 21 0 0.01 M M M M M M M 0 M M
30 57 42 50 14 15 0 0.00 M M M M M M M 0 M M
31 49 37 43 7 22 0 0.07 M M M M M M M 0 M M
================================================================================
SM 1610 1215 595 0 1.92 0.0 M M 0
================================================================================
AV 51.9 39.2 M FASTST M M 0 MAX(MPH)
MISC ----> M M M M
================================================================================
NOTES:
# LAST OF SEVERAL OCCURRENCES
COLUMN 17 PEAK WIND IN M.P.H.
PRELIMINARY LOCAL CLIMATOLOGICAL DATA (WS FORM: F-6) , PAGE 2
STATION: BALTIMORE INNER HARBOR
MONTH: JANUARY
YEAR: 2023
LATITUDE: 39 16 N
LONGITUDE: 76 37 W
[TEMPERATURE DATA] [PRECIPITATION DATA] SYMBOLS USED IN COLUMN 16
AVERAGE MONTHLY: 45.6 TOTAL FOR MONTH: 1.92 1 = FOG OR MIST
DPTR FM NORMAL: 9.8 DPTR FM NORMAL: -1.00 2 = FOG REDUCING VISIBILITY
HIGHEST: 67 ON 3 GRTST 24HR 0.73 ON 25-25 TO 1/4 MILE OR LESS
LOWEST: 32 ON 15 3 = THUNDER
SNOW, ICE PELLETS, HAIL 4 = ICE PELLETS
TOTAL MONTH: 0.0 INCH 5 = HAIL
GRTST 24HR 0.0 6 = FREEZING RAIN OR DRIZZLE
GRTST DEPTH: 0 7 = DUSTSTORM OR SANDSTORM:
VSBY 1/2 MILE OR LESS
8 = SMOKE OR HAZE
[NO. OF DAYS WITH] [WEATHER - DAYS WITH] 9 = BLOWING SNOW
X = TORNADO
MAX 32 OR BELOW: 0 0.01 INCH OR MORE: 12
MAX 90 OR ABOVE: 0 0.10 INCH OR MORE: 5
MIN 32 OR BELOW: 1 0.50 INCH OR MORE: 1
MIN 0 OR BELOW: 0 1.00 INCH OR MORE: 0
[HDD (BASE 65) ]
TOTAL THIS MO. 595 CLEAR (SCALE 0-3) 26
DPTR FM NORMAL -310 PTCLDY (SCALE 4-7) 0
TOTAL FM JUL 1 1596 CLOUDY (SCALE 8-10) 5
DPTR FM NORMAL -746
[CDD (BASE 65) ]
TOTAL THIS MO. 0
DPTR FM NORMAL 0 [PRESSURE DATA]
TOTAL FM JAN 1 0 HIGHEST SLP 30.37 ON 8
DPTR FM NORMAL 0 LOWEST SLP 29.52 ON 26
[REMARKS]
#FINAL-01-23#