000
CXUS51 KLWX 020901
CF6DMH
PRELIMINARY LOCAL CLIMATOLOGICAL DATA (WS FORM: F-6)
STATION: BALTIMORE INNER HARBOR MD
MONTH: MAY
YEAR: 2020
LATITUDE: 39 16 N
LONGITUDE: 76 37 W
TEMPERATURE IN F: :PCPN: SNOW: WIND :SUNSHINE: SKY :PK WND
================================================================================
1 2 3 4 5 6A 6B 7 8 9 10 11 12 13 14 15 16 17 18
12Z AVG MX 2MIN
DY MAX MIN AVG DEP HDD CDD WTR SNW DPTH SPD SPD DIR MIN PSBL S-S WX SPD DR
================================================================================
1 66 56 61 -1 4 0 0.07 M M M M M M M M M M
2 76 53 65 3 0 0 0.00 M M M M M M M M M M
3 82 60 71 9 0 6 0.31 M M M M M M M M M M
4 74 55 65 3 0 0 0.01 M M M M M M M M M M
5 61 50 56 -7 9 0 0.04 M M M M M M M M M M
6 52 47 50 -13 15 0 0.38 M M M M M M M M M M
7 68 44 56 -7 9 0 0.00 M M M M M M M M M M
8 60 41 51 -13 14 0 0.20 M M M M M M M M M M
9 52 37 45 -19 20 0 0.00 M M M M M M M M M M
10 67 38 53 -11 12 0 0.00 M M M M M M M M M M
11 62 47 55 -9 10 0 0.04 M M M M M M M M M M
12 62 43 53 -12 12 0 0.00 M M M M M M M M M M
13 71 47 59 -6 6 0 0.00 M M M M M M M M M M
14 75 50 63 -2 2 0 0.00 M M M M M M M M M M
15 88 63 76 10 0 11 0.00 M M M M M M M M M M
16 82 64 73 7 0 8 0.00 M M M M M M M M M M
17 69 59 64 -2 1 0 0.00 M M M M M M M M M M
18 69 56 63 -4 2 0 0.00 M M M M M M M M M M
19 70 55 63 -4 2 0 0.00 M M M M M M M M M M
20 65 51 58 -9 7 0 0.00 M M M M M M M M M M
21 72 48 60 -8 5 0 0.00 M M M M M M M M M M
22 72 59 66 -2 0 1 0.32 M M M M M M M M M M
23 84 64 74 6 0 9 0.16 M M M M M M M M M M
24 68 59 64 -4 1 0 0.00 M M M M M M M M M M
25 74 61 68 -1 0 3 0.00 M M M M M M M M M M
26 79 62 71 2 0 6 0.00 M M M M M M M M M M
27 81 66 74 4 0 9 0.00 M M M M M M M M M M
28 79 71 75 5 0 10 0.13 M M M M M M M M M M
29 88 73 81 11 0 16 0.00 M M M M M M M M M M
30 84 69 77 7 0 12 0.00 M M M M M M M M M M
31 76 61 69 -2 0 4 0.00 M M M M M M M M M M
================================================================================
SM 2228 1709 131 95 1.66 M M M M
================================================================================
AV 71.9 55.1 M FASTST M M M MAX(MPH)
MISC ----> M M M M
================================================================================
NOTES:
# LAST OF SEVERAL OCCURRENCES
COLUMN 17 PEAK WIND IN M.P.H.
PRELIMINARY LOCAL CLIMATOLOGICAL DATA (WS FORM: F-6) , PAGE 2
STATION: BALTIMORE INNER HARBOR MD
MONTH: MAY
YEAR: 2020
LATITUDE: 39 16 N
LONGITUDE: 76 37 W
[TEMPERATURE DATA] [PRECIPITATION DATA] SYMBOLS USED IN COLUMN 16
AVERAGE MONTHLY: 63.5 TOTAL FOR MONTH: 1.66 1 = FOG OR MIST
DPTR FM NORMAL: -2.6 DPTR FM NORMAL: -1.83 2 = FOG REDUCING VISIBILITY
HIGHEST: 88 ON 29,15 GRTST 24HR 1.27 ON 30- 1 TO 1/4 MILE OR LESS
LOWEST: 37 ON 9 3 = THUNDER
SNOW, ICE PELLETS, HAIL 4 = ICE PELLETS
TOTAL MONTH: M 5 = HAIL
GRTST 24HR M ON M 6 = FREEZING RAIN OR DRIZZLE
GRTST DEPTH: M ON M 7 = DUSTSTORM OR SANDSTORM:
VSBY 1/2 MILE OR LESS
8 = SMOKE OR HAZE
[NO. OF DAYS WITH] [WEATHER - DAYS WITH] 9 = BLOWING SNOW
X = TORNADO
MAX 32 OR BELOW: 0 0.01 INCH OR MORE: 10
MAX 90 OR ABOVE: 0 0.10 INCH OR MORE: 6
MIN 32 OR BELOW: 0 0.50 INCH OR MORE: 0
MIN 0 OR BELOW: 0 1.00 INCH OR MORE: 0
[HDD (BASE 65) ]
TOTAL THIS MO. 131 CLEAR (SCALE 0-3) 0
DPTR FM NORMAL 50 PTCLDY (SCALE 4-7) 0
TOTAL FM JUL 1 3532 CLOUDY (SCALE 8-10) 31
DPTR FM NORMAL -494
[CDD (BASE 65) ]
TOTAL THIS MO. 95
DPTR FM NORMAL -19 [PRESSURE DATA]
TOTAL FM JAN 1 101 HIGHEST SLP 30.38 ON 21
DPTR FM NORMAL -38 LOWEST SLP 29.58 ON 8
[REMARKS]
#FINAL-05-20#