000
CXUS51 KLWX 030211
CF6DMH
PRELIMINARY LOCAL CLIMATOLOGICAL DATA (WS FORM: F-6)
STATION: BALTIMORE INNER HARBOR MD
MONTH: JANUARY
YEAR: 2020
LATITUDE: 39 16 N
LONGITUDE: 76 37 W
TEMPERATURE IN F: :PCPN: SNOW: WIND :SUNSHINE: SKY :PK WND
================================================================================
1 2 3 4 5 6A 6B 7 8 9 10 11 12 13 14 15 16 17 18
12Z AVG MX 2MIN
DY MAX MIN AVG DEP HDD CDD WTR SNW DPTH SPD SPD DIR MIN PSBL S-S WX SPD DR
================================================================================
1 48 37 43 7 22 0 0.00 M M M M M M M M M M
2 50 33 42 6 23 0 0.00 M M M M M M M M M M
3 54 46 50 14 15 0 0.28 M M M M M M M M M M
4 59 47 53 17 12 0 0.15 M M M M M M M M M M
5 47 35 41 5 24 0 0.00 M M M M M M M M M M
6 53 36 45 9 20 0 0.00 M M M M M M M M M M
7 47 32 40 4 25 0 0.39 M M M M M M M M M M
8 44 32 38 2 27 0 0.00 M M M M M M M M M M
9 38 27 33 -3 32 0 0.00 M M M M M M M M M M
10 56 34 45 9 20 0 0.00 M M M M M M M M M M
11 71 47 59 23 6 0 0.00 M M M M M M M M M M
12 70 49 60 24 5 0 0.23 M M M M M M M M M M
13 53 44 49 13 16 0 0.00 M M M M M M M M M M
14 48 43 46 10 19 0 0.07 M M M M M M M M M M
15 55 42 49 13 16 0 0.00 M M M M M M M M M M
16 55 37 46 10 19 0 0.00 M M M M M M M M M M
17 37 29 33 -3 32 0 0.00 M M M M M M M M M M
18 41 27 34 -2 31 0 0.33 M M M M M M M M M M
19 44 27 36 0 29 0 0.05 M M M M M M M M M M
20 34 25 30 -6 35 0 0.00 M M M M M M M M M M
21 35 23 29 -7 36 0 0.00 M M M M M M M M M M
22 42 26 34 -2 31 0 0.00 M M M M M M M M M M
23 41 29 35 -1 30 0 0.00 M M M M M M M M M M
24 52 34 43 7 22 0 0.00 M M M M M M M M M M
25 52 41 47 11 18 0 1.57 M M M M M M M M M M
26 49 38 44 8 21 0 0.00 M M M M M M M M M M
27 49 37 43 7 22 0 0.00 M M M M M M M M M M
28 46 40 43 7 22 0 0.00 M M M M M M M M M M
29 45 37 41 5 24 0 0.00 M M M M M M M M M M
30 42 30 36 0 29 0 0.00 M M M M M M M M M M
31 46 34 40 4 25 0 0.02 M M M M M M M M M M
================================================================================
SM 1503 1098 708 0 3.09 M M M M
================================================================================
AV 48.5 35.4 M FASTST M M 0 MAX(MPH)
MISC ----> M M M M
================================================================================
NOTES:
# LAST OF SEVERAL OCCURRENCES
COLUMN 17 PEAK WIND IN M.P.H.
PRELIMINARY LOCAL CLIMATOLOGICAL DATA (WS FORM: F-6) , PAGE 2
STATION: BALTIMORE INNER HARBOR MD
MONTH: JANUARY
YEAR: 2020
LATITUDE: 39 16 N
LONGITUDE: 76 37 W
[TEMPERATURE DATA] [PRECIPITATION DATA] SYMBOLS USED IN COLUMN 16
AVERAGE MONTHLY: 42.0 TOTAL FOR MONTH: 3.09 1 = FOG OR MIST
DPTR FM NORMAL: 6.2 DPTR FM NORMAL: 0.17 2 = FOG REDUCING VISIBILITY
HIGHEST: 71 ON 11 GRTST 24HR 1.57 ON 25-25 TO 1/4 MILE OR LESS
LOWEST: 23 ON 21 3 = THUNDER
SNOW, ICE PELLETS, HAIL 4 = ICE PELLETS
TOTAL MONTH: M 5 = HAIL
GRTST 24HR M ON M 6 = FREEZING RAIN OR DRIZZLE
GRTST DEPTH: M ON M 7 = DUSTSTORM OR SANDSTORM:
VSBY 1/2 MILE OR LESS
8 = SMOKE OR HAZE
[NO. OF DAYS WITH] [WEATHER - DAYS WITH] 9 = BLOWING SNOW
X = TORNADO
MAX 32 OR BELOW: 0 0.01 INCH OR MORE: 9
MAX 90 OR ABOVE: 0 0.10 INCH OR MORE: 6
MIN 32 OR BELOW: 11 0.50 INCH OR MORE: 1
MIN 0 OR BELOW: 0 1.00 INCH OR MORE: 1
[HDD (BASE 65) ]
TOTAL THIS MO. 708 CLEAR (SCALE 0-3) 0
DPTR FM NORMAL -197 PTCLDY (SCALE 4-7) 0
TOTAL FM JUL 1 2081 CLOUDY (SCALE 8-10) 0
DPTR FM NORMAL -267
[CDD (BASE 65) ]
TOTAL THIS MO. 0
DPTR FM NORMAL 0 [PRESSURE DATA]
TOTAL FM JAN 1 0 HIGHEST SLP 30.83 ON 9
DPTR FM NORMAL 0 LOWEST SLP 29.54 ON 4
[REMARKS]
#FINAL-01-20#