000
CXUS54 KEPZ 011130
CF6DMN
PRELIMINARY LOCAL CLIMATOLOGICAL DATA (WS FORM: F-6)
STATION: DEMING
MONTH: JANUARY
YEAR: 2024
LATITUDE: 32 15 N
LONGITUDE: 107 42 W
TEMPERATURE IN F: :PCPN: SNOW: WIND :SUNSHINE: SKY :PK WND
================================================================================
1 2 3 4 5 6A 6B 7 8 9 10 11 12 13 14 15 16 17 18
12Z AVG MX 2MIN
DY MAX MIN AVG DEP HDD CDD WTR SNW DPTH SPD SPD DIR MIN PSBL S-S WX SPD DR
================================================================================
1 58 22 40 -1 25 0 0.00 M M 4.9 16 310 M M 1 31 340
2 58 36 47 6 18 0 0.00 M M 7.6 16 240 M M 3 22 240
3 57 27 42 1 23 0 0.00 M M 4.7 14 170 M M 0 19 160
4 49 34 42 1 23 0 0.01 M M 14.7 37 270 M M 5 8 47 270
5 51 30 41 0 24 0 0.00 M M 13.6 29 260 M M 0 37 260
6 50 28 39 -2 26 0 0.00 M M 9.5 18 320 M M 0 25 290
7 58 20 39 -2 26 0 0.02 M M 13.8 36 290 M M 2 18 54 300
8 40 23 32 -9 33 0 T T 0 17.6 30 280 M M 1 1 40 280
9 46 20 33 -9 32 0 0.00 M M 9.2 20 250 M M 0 27 250
10 57 22 40 -2 25 0 0.00 M M 12.1 30 260 M M 0 44 250
11 54 27 41 -1 24 0 T M M 18.3 45 270 M M 2 18 60 280
12 50 20 35 -7 30 0 0.00 M M 9.5 30 270 M M 0 39 280
13 59 21 40 -2 25 0 0.00 M M 8.8 25 250 M M 0 33 230
14 62 30 46 4 19 0 0.00 M M 14.4 32 260 M M 0 41 250
15 62 27 45 3 20 0 0.00 M M 11.6 28 260 M M 0 37 260
16 56 25 41 -1 24 0 0.00 M M 6.0 13 70 M M 0 17 270
17 66 22 44 2 21 0 0.00 M M 8.4 26 270 M M 0 35 260
18 69 33 51 9 14 0 0.00 M M 12.6 30 280 M M 0 41 290
19 63 29 46 4 19 0 0.00 M M 7.3 15 70 M M 0 21 100
20 57 33 45 2 20 0 0.00 M M 7.2 13 70 M M 0 17 80
21 53 40 47 4 18 0 0.09 M M 6.9 18 300 M M 10 23 300
22 57 41 49 6 16 0 T M M 6.7 20 270 M M 7 27 280
23 54 40 47 4 18 0 0.28 M M 4.8 17 280 M M 9 13 26 180
24 55 38 47 4 18 0 0.00 M M 9.9 22 260 M M 5 27 260
25 56 35 46 3 19 0 0.04 M M 11.0 24 250 M M 3 33 250
26 59 37 48 5 17 0 0.00 M M 8.6 20 290 M M 3 26 290
27 58 35 47 3 18 0 0.00 M M 8.1 16 60 M M 0 21 90
28 60 32 46 2 19 0 0.00 M M 7.0 15 80 M M 0 22 50
29 65 30 48 4 17 0 0.00 M M 2.6 13 70 M M 0 16 90
30 65 35 50 6 15 0 T M M 5.5 16 50 M M 1 20 60
31 67 44 56 12 9 0 0.01 M M 5.1 14 20 M M 5 17 20
================================================================================
SM 1771 936 655 0 0.45 T 288.0 M 57
================================================================================
AV 57.1 30.2 9.3 FASTST M M 2 MAX(MPH)
MISC ----> 45 270 60 280
================================================================================
NOTES:
# LAST OF SEVERAL OCCURRENCES
COLUMN 17 PEAK WIND IN M.P.H.
PRELIMINARY LOCAL CLIMATOLOGICAL DATA (WS FORM: F-6) , PAGE 2
STATION: DEMING
MONTH: JANUARY
YEAR: 2024
LATITUDE: 32 15 N
LONGITUDE: 107 42 W
[TEMPERATURE DATA] [PRECIPITATION DATA] SYMBOLS USED IN COLUMN 16
AVERAGE MONTHLY: 43.7 TOTAL FOR MONTH: 0.45 1 = FOG OR MIST
DPTR FM NORMAL: 1.4 DPTR FM NORMAL: -0.02 2 = FOG REDUCING VISIBILITY
HIGHEST: 69 ON 18 GRTST 24HR 0.28 ON 23-23 TO 1/4 MILE OR LESS
LOWEST: 20 ON 12, 9 3 = THUNDER
SNOW, ICE PELLETS, HAIL 4 = ICE PELLETS
TOTAL MONTH: T 5 = HAIL
GRTST 24HR T ON 8- 8 6 = FREEZING RAIN OR DRIZZLE
GRTST DEPTH: 0 7 = DUSTSTORM OR SANDSTORM:
VSBY 1/2 MILE OR LESS
8 = SMOKE OR HAZE
[NO. OF DAYS WITH] [WEATHER - DAYS WITH] 9 = BLOWING SNOW
X = TORNADO
MAX 32 OR BELOW: 0 0.01 INCH OR MORE: 6
MAX 90 OR ABOVE: 0 0.10 INCH OR MORE: 1
MIN 32 OR BELOW: 18 0.50 INCH OR MORE: 0
MIN 0 OR BELOW: 0 1.00 INCH OR MORE: 0
[HDD (BASE 65) ]
TOTAL THIS MO. 655 CLEAR (SCALE 0-3) 24
DPTR FM NORMAL -49 PTCLDY (SCALE 4-7) 5
TOTAL FM JUL 1 1719 CLOUDY (SCALE 8-10) 2
DPTR FM NORMAL -249
[CDD (BASE 65) ]
TOTAL THIS MO. 0
DPTR FM NORMAL 0 [PRESSURE DATA]
TOTAL FM JAN 1 0 HIGHEST SLP 30.39 ON 27
DPTR FM NORMAL 0 LOWEST SLP 29.49 ON 7
[REMARKS]
#FINAL-01-24#