000
CXUS53 KEAX 010913 RRA
CLMDMO
CLIMATE REPORT
NATIONAL WEATHER SERVICE KANSAS CITY/PLEASANT HILL MO
408 AM CDT SUN OCT 01 2023
...................................
...THE SEDALIA MO CLIMATE SUMMARY FOR THE MONTH OF SEPTEMBER 2023...
CLIMATE NORMAL PERIOD: 1991 TO 2020
CLIMATE RECORD PERIOD: 9999 TO 9999
WEATHER OBSERVED NORMAL DEPART LAST YEAR`S
VALUE DATE(S) VALUE FROM VALUE DATE(S)
NORMAL
................................................................
TEMPERATURE (F)
HIGHEST 96 09/04 92 4 97 09/21
09/05
LOWEST 50 09/18 38 12 42 09/29
09/30
AVG. MAXIMUM 85.3 78.7 6.6 83.2
AVG. MINIMUM 59.3 56.9 2.4 58.4
MEAN 72.3 67.8 4.5 70.8
DAYS MAX >= 90 8 3.9 4.1 4
DAYS MAX <= 32 0 0.0 0.0 0
DAYS MIN <= 32 0 0.0 0.0 0
DAYS MIN <= 0 0 0.0 0.0 0
PRECIPITATION (INCHES)
TOTALS 0.84R 3.01 -2.17 1.27
DAILY AVG. 0.03 0.10 -0.07 0.04
DAYS >= .01 7 8.2 -1.2 5
DAYS >= .10 3 4.7 -1.7 3
DAYS >= .50 0 2.2 -2.2 1
DAYS >= 1.00 0 1.0 -1.0 0
GREATEST
24 HR. TOTAL 0.28 09/21 TO 09/22
DEGREE DAYS
HEATING TOTAL 0 56 -56 30
SINCE 7/1 0 59 -59 MM
COOLING TOTAL 226 140 86 212
SINCE 1/1 1575 1236 339 MM
................................................................
WIND (MPH)
AVERAGE WIND SPEED 6.2
HIGHEST WIND SPEED/DIRECTION 40/130 DATE 09/23
HIGHEST GUST SPEED/DIRECTION 55/130 DATE 09/23
SKY COVER
POSSIBLE SUNSHINE (PERCENT) MM
AVERAGE SKY COVER 0.20
NUMBER OF DAYS FAIR 26
NUMBER OF DAYS PC 3
NUMBER OF DAYS CLOUDY 1
AVERAGE RH (PERCENT) 63
WEATHER CONDITIONS. NUMBER OF DAYS WITH
THUNDERSTORM 7 MIXED PRECIP 0
HEAVY RAIN 2 RAIN 2
LIGHT RAIN 7 FREEZING RAIN 0
LT FREEZING RAIN 0 HAIL 0
HEAVY SNOW 0 SNOW 0
LIGHT SNOW 0 SLEET 0
FOG 9 FOG W/VIS <= 1/4 MILE 1
HAZE 7
- INDICATES NEGATIVE NUMBERS.
R INDICATES RECORD WAS SET OR TIED.
MM INDICATES DATA IS MISSING.
T INDICATES TRACE AMOUNT.
$$