000
CXUS53 KEAX 011614 RRA
CLSDMO
CLIMATE REPORT
NATIONAL WEATHER SERVICE KANSAS CITY/PLEASANT HILL MO
1008 AM CST FRI DEC 01 2023
...................................
...THE SEDALIA MO CLIMATE SUMMARY FOR THE SEASON, FROM
9/1/2023 TO 11/30/2023...
CLIMATE NORMAL PERIOD: 1991 TO 2020
CLIMATE RECORD PERIOD: 9999 TO 9999
WEATHER OBSERVED NORMAL DEPART LAST YEAR`S
VALUE DATE(S) VALUE FROM VALUE DATE(S)
NORMAL
................................................................
TEMPERATURE (F)
HIGHEST 96 09/04 92 4 97 09/21
09/05
LOWEST 19 11/01 17 2 18 11/18
AVG. MAXIMUM 71.5 66.5 5.0 69.6
AVG. MINIMUM 48.3 45.8 2.5 45.8
MEAN 59.9 56.2 3.7 57.7
DAYS MAX >= 90 9 4.1 4.9 4
DAYS MAX <= 32 0 0.8 -0.8 2
DAYS MIN <= 32 10 12.3 -2.3 18
DAYS MIN <= 0 0 0.0 0.0 0
PRECIPITATION (INCHES)
TOTALS 5.09R 8.55 -3.46 8.15
DAILY AVG. 0.06 0.09 -0.03 0.09
DAYS >= .01 22 25.0 -3.0 20
DAYS >= .10 13 14.2 -1.2 11
DAYS >= .50 3 5.8 -2.8 6
DAYS >= 1.00 0 2.3 -2.3 2
GREATEST
24 HR. TOTAL 1.04 10/28 TO 10/29
DEGREE DAYS
HEATING TOTAL 745 972 -227 897
COOLING TOTAL 304 170 134 258
................................................................
WIND (MPH)
AVERAGE WIND SPEED 8.0
HIGHEST WIND SPEED/DIRECTION 40/130 DATE 09/23
HIGHEST GUST SPEED/DIRECTION 55/130 DATE 09/23
SKY COVER
POSSIBLE SUNSHINE (PERCENT) MM
AVERAGE SKY COVER 0.24
NUMBER OF DAYS FAIR 69
NUMBER OF DAYS PC 11
NUMBER OF DAYS CLOUDY 11
AVERAGE RH (PERCENT) 62
WEATHER CONDITIONS. NUMBER OF DAYS WITH
THUNDERSTORM 9 MIXED PRECIP 0
HEAVY RAIN 8 RAIN 10
LIGHT RAIN 27 FREEZING RAIN 0
LT FREEZING RAIN 0 HAIL 0
HEAVY SNOW 0 SNOW 0
LIGHT SNOW 1 SLEET 0
FOG 24 FOG W/VIS <= 1/4 MILE 1
HAZE 19
- INDICATES NEGATIVE NUMBERS.
R INDICATES RECORD WAS SET OR TIED.
MM INDICATES DATA IS MISSING.
T INDICATES TRACE AMOUNT.
$$