000
CXUS52 KCAE 011400
CF6DNL
PRELIMINARY LOCAL CLIMATOLOGICAL DATA (WS FORM: F-6)
STATION: AUGUSTA DANIEL FIELD GA
MONTH: JUNE
YEAR: 2022
LATITUDE: 33 28 N
LONGITUDE: 82 2 W
TEMPERATURE IN F: :PCPN: SNOW: WIND :SUNSHINE: SKY :PK WND
================================================================================
1 2 3 4 5 6A 6B 7 8 9 10 11 12 13 14 15 16 17 18
12Z AVG MX 2MIN
DY MAX MIN AVG DEP HDD CDD WTR SNW DPTH SPD SPD DIR MIN PSBL S-S WX SPD DR
================================================================================
1 95 73 84 6 0 19 0.00 M M 3.6 12 340 M M 2 16 330
2 97 75 86 7 0 21 0.00 M M 4.8 14 210 M M 2 8 18 210
3 96 72 84 5 0 19 T M M 5.9 24 30 M M 3 3 34 10
4 89 70 80 1 0 15 0.00 M M 7.9 16 70 M M 4 21 20
5 90 69 80 1 0 15 0.00 M M 7.5 18 40 M M 1 24 40
6 91 71 81 2 0 16 0.00 M M 6.8 15 170 M M 1 20 170
7 92 71 82 2 0 17 0.00 M M 3.2 10 160 M M 5 14 190
8 93 76 85 5 0 20 T M M 5.6 15 270 M M 2 21 260
9 93 73 83 3 0 18 0.05 M M 7.3 16 310 M M 3 1 25 250
10 91 70 81 1 0 16 0.00 M M 6.9 15 60 M M 1 21 60
11 97 75 86 6 0 21 T M M 4.8 16 150 M M 3 8 22 150
12 96 75 86 6 0 21 0.00 M M 4.6 15 110 M M 4 19 120
13 103 77 90 9 0 25 0.00 M M 3.5 13 340 M M 1 17 230
14 94 76 85 4 0 20 0.31 M M 4.3 17 110 M M 1 13 25 110
15 101 75 88 7 0 23 0.00 M M 5.8 14 130 M M 1 13 23 100
16 97 78 88 7 0 23 0.00 M M 5.8 16 130 M M 0 23 130
17 102 78 90 9 0 25 0.00 M M 6.4 23 40 M M 1 3 28 40
18 99 75 87 5 0 22 0.00 M M M 16 320 M M 0 22 330
19 92 71 82 0 0 17 0.00 M M 8.3 18 40 M M M 23 50
20 95 67 81 -1 0 16 0.00 M M 3.6 12 340 M M M 16 10
21 100 72 86 4 0 21 0.00 M M 5.4 15 310 M M 0 19 350
22 103 72 88 6 0 23 0.00 M M 4.3 14 340 M M 0 21 350
23 102 77 90 8 0 25 0.00 M M 7.6 16 110 M M 2 21 90
24 94 75 85 3 0 20 0.00 M M 7.9 15 70 M M 2 20 130
25 94 74 84 2 0 19 0.00 M M 6.8 14 130 M M 3 1 19 90
26 94 72 83 0 0 18 0.00 M M 4.8 14 140 M M 1 20 140
27 89 73 81 -2 0 16 0.01 M M 3.3 9 120 M M 3 8 16 110
28 86 73 80 -3 0 15 0.19 M M 5.3 13 140 M M 7 13 17 130
29 85 73 79 -4 0 14 0.24 M M 5.6 13 70 M M 7 13 16 70
30 91 72 82 -1 0 17 T M M 5.0 20 150 M M 2 25 150
================================================================================
SM 2841 2200 0 577 0.80 M 162.6 M 62
================================================================================
AV 94.7 73.3 5.6 FASTST M M 2 MAX(MPH)
MISC ----> 24 30 34 10
================================================================================
NOTES:
# LAST OF SEVERAL OCCURRENCES
COLUMN 17 PEAK WIND IN M.P.H.
PRELIMINARY LOCAL CLIMATOLOGICAL DATA (WS FORM: F-6) , PAGE 2
STATION: AUGUSTA DANIEL FIELD GA
MONTH: JUNE
YEAR: 2022
LATITUDE: 33 28 N
LONGITUDE: 82 2 W
[TEMPERATURE DATA] [PRECIPITATION DATA] SYMBOLS USED IN COLUMN 16
AVERAGE MONTHLY: 84.0 TOTAL FOR MONTH: 0.80 1 = FOG OR MIST
DPTR FM NORMAL: 3.0 DPTR FM NORMAL: -3.92 2 = FOG REDUCING VISIBILITY
HIGHEST: 103 ON 22,13 GRTST 24HR 0.41 ON 28-29 TO 1/4 MILE OR LESS
LOWEST: 67 ON 20 3 = THUNDER
SNOW, ICE PELLETS, HAIL 4 = ICE PELLETS
TOTAL MONTH: M 5 = HAIL
GRTST 24HR M ON M 6 = FREEZING RAIN OR DRIZZLE
GRTST DEPTH: M ON M 7 = DUSTSTORM OR SANDSTORM:
VSBY 1/2 MILE OR LESS
8 = SMOKE OR HAZE
[NO. OF DAYS WITH] [WEATHER - DAYS WITH] 9 = BLOWING SNOW
X = TORNADO
MAX 32 OR BELOW: 0 0.01 INCH OR MORE: 5
MAX 90 OR ABOVE: 26 0.10 INCH OR MORE: 3
MIN 32 OR BELOW: 0 0.50 INCH OR MORE: 0
MIN 0 OR BELOW: 0 1.00 INCH OR MORE: 0
[HDD (BASE 65) ]
TOTAL THIS MO. 0 CLEAR (SCALE 0-3) 23
DPTR FM NORMAL 0 PTCLDY (SCALE 4-7) 5
TOTAL FM JUL 1 1487 CLOUDY (SCALE 8-10) 2
DPTR FM NORMAL -395
[CDD (BASE 65) ]
TOTAL THIS MO. 577
DPTR FM NORMAL 97 [PRESSURE DATA]
TOTAL FM JAN 1 1158 HIGHEST SLP 30.26 ON 20
DPTR FM NORMAL 196 LOWEST SLP 29.74 ON 3
[REMARKS]
#FINAL-06-22#