000
CXUS54 KEWX 051820
CF6DRT
PRELIMINARY LOCAL CLIMATOLOGICAL DATA (WS FORM: F-6)
STATION: DEL RIO
MONTH: JULY
YEAR: 2022
LATITUDE: 29 22 N
LONGITUDE: 100 55 W
TEMPERATURE IN F: :PCPN: SNOW: WIND :SUNSHINE: SKY :PK WND
================================================================================
1 2 3 4 5 6A 6B 7 8 9 10 11 12 13 14 15 16 17 18
12Z AVG MX 2MIN
DY MAX MIN AVG DEP HDD CDD WTR SNW DPTH SPD SPD DIR MIN PSBL S-S WX SPD DR
================================================================================
1 104 81 93 7 0 28 0.00 0.0 0 10.2 17 110 M M 1 28 80
2 104 79 92 6 0 27 T 0.0 0 11.4 26 220 M M 1 37 20
3 89 74 82 -4 0 17 T 0.0 0 9.4 20 150 M M 2 27 120
4 100 76 88 2 0 23 0.00 0.0 0 13.1 24 150 M M 2 33 150
5 101 78 90 4 0 25 0.00 0.0 0 12.7 23 150 M M 2 30 130
6 102 77 90 4 0 25 0.00 0.0 0 11.6 21 160 M M 0 32 130
7 103 79 91 4 0 26 0.00 0.0 0 10.2 20 140 M M 0 26 130
8 105 76 91 4 0 26 0.00 0.0 0 9.0 16 160 M M 0 23 90
9 106 80 93 6 0 28 0.00 0.0 0 9.2 17 140 M M 1 25 100
10 107 81 94 7 0 29 T 0.0 0 7.8 23 150 M M 1 3 40 150
11 110 79 95 8 0 30 0.00 0.0 0 4.2 14 180 M M 0 23 170
12 108 84 96 9 0 31 0.00 0.0 0 9.9 20 130 M M 0 30 170
13 106 84 95 8 0 30 0.00 0.0 0 10.2 20 120 M M 0 30 110
14 105 78 92 5 0 27 T 0.0 0 10.2 31 70 M M 1 8 47 40
15 100 75 88 1 0 23 0.00 0.0 0 9.0 21 130 M M 1 29 130
16 102 76 89 2 0 24 0.00 0.0 0 9.6 18 160 M M 1 28 150
17 104 78 91 4 0 26 0.00 0.0 0 10.4 21 150 M M 0 29 120
18 104 79 92 5 0 27 0.00 0.0 0 9.8 18 160 M M 0 26 160
19 106 80 93 6 0 28 0.00 0.0 0 11.4 21 150 M M 0 26 160
20 108 82 95 7 0 30 0.00 0.0 0 10.8 22 110 M M 0 32 120
21 102 80 91 3 0 26 0.00 0.0 0 12.0 22 120 M M 3 33 130
22 102 75 89 1 0 24 0.00 0.0 0 13.3 22 110 M M 2 32 110
23 102 77 90 2 0 25 0.00 0.0 0 13.1 23 150 M M 1 38 120
24 104 78 91 3 0 26 0.00 0.0 0 14.2 26 120 M M 1 36 120
25 102 79 91 3 0 26 0.00 0.0 0 13.2 24 150 M M 0 34 150
26 103 79 91 3 0 26 0.00 0.0 0 11.9 23 150 M M 0 30 170
27 101 79 90 2 0 25 0.00 0.0 0 12.2 22 140 M M 0 33 130
28 102 80 91 3 0 26 0.00 0.0 0 11.6 21 150 M M 1 33 110
29 103 79 91 3 0 26 0.00 0.0 0 12.8 23 160 M M 1 30 110
30 103 80 92 4 0 27 0.00 0.0 0 13.4 22 150 M M 0 35 160
31 101 78 90 2 0 25 0.00 0.0 0 11.5 21 150 M M 0 30 130
================================================================================
SM 3199 2440 0 812 T 0.0 339.3 M 22
================================================================================
AV103.2 78.7 10.9 FASTST M M 1 MAX(MPH)
MISC ----> 31 70 47 40
================================================================================
NOTES:
# LAST OF SEVERAL OCCURRENCES
COLUMN 17 PEAK WIND IN M.P.H.
PRELIMINARY LOCAL CLIMATOLOGICAL DATA (WS FORM: F-6) , PAGE 2
STATION: DEL RIO
MONTH: JULY
YEAR: 2022
LATITUDE: 29 22 N
LONGITUDE: 100 55 W
[TEMPERATURE DATA] [PRECIPITATION DATA] SYMBOLS USED IN COLUMN 16
AVERAGE MONTHLY: 91.0 TOTAL FOR MONTH: T 1 = FOG OR MIST
DPTR FM NORMAL: 3.8 DPTR FM NORMAL: -1.50 2 = FOG REDUCING VISIBILITY
HIGHEST: 110 ON 11 GRTST 24HR T ON 2- 2 TO 1/4 MILE OR LESS
LOWEST: 74 ON 3 3 = THUNDER
SNOW, ICE PELLETS, HAIL 4 = ICE PELLETS
TOTAL MONTH: 0.0 INCH 5 = HAIL
GRTST 24HR 0.0 6 = FREEZING RAIN OR DRIZZLE
GRTST DEPTH: 0 7 = DUSTSTORM OR SANDSTORM:
VSBY 1/2 MILE OR LESS
8 = SMOKE OR HAZE
[NO. OF DAYS WITH] [WEATHER - DAYS WITH] 9 = BLOWING SNOW
X = TORNADO
MAX 32 OR BELOW: 0 0.01 INCH OR MORE: 0
MAX 90 OR ABOVE: 30 0.10 INCH OR MORE: 0
MIN 32 OR BELOW: 0 0.50 INCH OR MORE: 0
MIN 0 OR BELOW: 0 1.00 INCH OR MORE: 0
[HDD (BASE 65) ]
TOTAL THIS MO. 0 CLEAR (SCALE 0-3) 31
DPTR FM NORMAL 0 PTCLDY (SCALE 4-7) 0
TOTAL FM JUL 1 0 CLOUDY (SCALE 8-10) 0
DPTR FM NORMAL 0
[CDD (BASE 65) ]
TOTAL THIS MO. 812
DPTR FM NORMAL 124 [PRESSURE DATA]
TOTAL FM JAN 1 2715 HIGHEST SLP 30.06 ON 31
DPTR FM NORMAL 577 LOWEST SLP 29.68 ON 11
[REMARKS]
#FINAL-07-22#