000
CXUS53 KDMX 050259
CF6DSM
PRELIMINARY LOCAL CLIMATOLOGICAL DATA (WS FORM: F-6)
STATION: DES MOINES IA
MONTH: JUNE
YEAR: 2022
LATITUDE: 41 31 N
LONGITUDE: 93 39 W
TEMPERATURE IN F: :PCPN: SNOW: WIND :SUNSHINE: SKY :PK WND
================================================================================
1 2 3 4 5 6A 6B 7 8 9 10 11 12 13 14 15 16 17 18
12Z AVG MX 2MIN
DY MAX MIN AVG DEP HDD CDD WTR SNW DPTH SPD SPD DIR MIN PSBL S-S WX SPD DR
================================================================================
1 73 56 65 -3 0 0 0.00 0.0 0 7.4 16 350 M M 7 22 360
2 80 49 65 -3 0 0 0.00 0.0 0 5.9 20 280 M M 2 26 270
3 82 57 70 1 0 5 0.00 0.0 0 4.4 12 330 M M 3 19 80
4 78 59 69 0 0 4 0.06 0.0 0 6.8 17 250 M M 9 28 250
5 84 59 72 2 0 7 1.18 0.0 0 8.2 38 250 M M 8 13 50 250
6 77 62 70 0 0 5 0.11 0.0 0 6.6 15 40 M M 8 13 21 20
7 79 60 70 0 0 5 0.32 0.0 0 5.7 14 230 M M 5 13 19 230
8 77 59 68 -2 0 3 0.11 0.0 0 8.2 25 150 M M 5 3 36 150
9 79 56 68 -3 0 3 0.02 0.0 0 3.6 13 320 M M 7 8 18 290
10 76 62 69 -2 0 4 0.13 0.0 0 6.6 12 110 M M 8 1 19 100
11 84 63 74 3 0 9 0.04 0.0 0 7.0 15 170 M M 7 1 19 170
12 88 68 78 6 0 13 0.00 0.0 0 6.8 14 140 M M 6 20 120
13 95 76 86 14 0 21 0.01 0.0 0 12.2 21 170 M M 7 3 37 170
14 95 78 87 15 0 22 0.00 0.0 0 16.9 28 200 M M 3 41 200
15 86 66 76 4 0 11 0.08 0.0 0 10.9 32 330 M M 7 13 47 320
16 90 62 76 4 0 11 0.00 0.0 0 6.0 14 280 M M 2 19 270
17 90 69 80 7 0 15 0.00 0.0 0 5.7 14 20 M M 4 18 90
18 87 68 78 5 0 13 0.00 0.0 0 11.5 21 140 M M 2 28 160
19 90 66 78 5 0 13 0.00 0.0 0 12.9 21 170 M M 1 29 180
20 93 69 81 8 0 16 0.00 0.0 0 13.8 21 180 M M 0 31 190
21 95 75 85 11 0 20 0.00 0.0 0 12.0 21 240 M M 2 30 230
22 89 67 78 4 0 13 0.00 0.0 0 5.4 16 330 M M 4 22 290
23 90 66 78 4 0 13 0.00 0.0 0 8.5 24 220 M M 4 36 220
24 80 66 73 -1 0 8 0.91 0.0 0 12.7 23 170 M M 8 13 31 170
25 84 70 77 3 0 12 0.13 0.0 0 9.3 17 320 M M 8 13 26 330
26 78 58 68 -6 0 3 0.00 0.0 0 10.7 22 310 M M 3 33 320
27 83 55 69 -6 0 4 0.00 0.0 0 5.4 12 230 M M 1 16 210
28 85 60 73 -2 0 8 0.00 0.0 0 11.4 23 200 M M 2 34 200
29 92 65 79 4 0 14 0.00 0.0 0 10.7 24 200 M M 1 34 190
30 91 69 80 5 0 15 0.00 0.0 0 13.0 26 220 M M 6 38 200
================================================================================
SM 2550 1915 0 290 3.10 0.0 266.2 M 140
================================================================================
AV 85.0 63.8 8.9 FASTST M M 5 MAX(MPH)
MISC ----> 38 250 50 250
================================================================================
NOTES:
# LAST OF SEVERAL OCCURRENCES
COLUMN 17 PEAK WIND IN M.P.H.
PRELIMINARY LOCAL CLIMATOLOGICAL DATA (WS FORM: F-6) , PAGE 2
STATION: DES MOINES IA
MONTH: JUNE
YEAR: 2022
LATITUDE: 41 31 N
LONGITUDE: 93 39 W
[TEMPERATURE DATA] [PRECIPITATION DATA] SYMBOLS USED IN COLUMN 16
AVERAGE MONTHLY: 74.4 TOTAL FOR MONTH: 3.10 1 = FOG OR MIST
DPTR FM NORMAL: 2.2 DPTR FM NORMAL: -2.16 2 = FOG REDUCING VISIBILITY
HIGHEST: 95 ON 13,21 GRTST 24HR 1.29 ON 5- 6 TO 1/4 MILE OR LESS
LOWEST: 49 ON 2 3 = THUNDER
SNOW, ICE PELLETS, HAIL 4 = ICE PELLETS
TOTAL MONTH: 0.0 INCH 5 = HAIL
GRTST 24HR 0.0 6 = FREEZING RAIN OR DRIZZLE
GRTST DEPTH: 0 7 = DUSTSTORM OR SANDSTORM:
VSBY 1/2 MILE OR LESS
8 = SMOKE OR HAZE
[NO. OF DAYS WITH] [WEATHER - DAYS WITH] 9 = BLOWING SNOW
X = TORNADO
MAX 32 OR BELOW: 0 0.01 INCH OR MORE: 12
MAX 90 OR ABOVE: 10 0.10 INCH OR MORE: 7
MIN 32 OR BELOW: 0 0.50 INCH OR MORE: 2
MIN 0 OR BELOW: 0 1.00 INCH OR MORE: 1
[HDD (BASE 65) ]
TOTAL THIS MO. 0 CLEAR (SCALE 0-3) 11
DPTR FM NORMAL -15 PTCLDY (SCALE 4-7) 17
TOTAL FM JUL 1 5977 CLOUDY (SCALE 8-10) 2
DPTR FM NORMAL -198
[CDD (BASE 65) ]
TOTAL THIS MO. 290
DPTR FM NORMAL 60 [PRESSURE DATA]
TOTAL FM JAN 1 420 HIGHEST SLP 30.32 ON 27
DPTR FM NORMAL 107 LOWEST SLP 29.56 ON 13
[REMARKS]
#FINAL-06-22#