000
CXUS55 KDVN 011000
CF6DVN
PRELIMINARY LOCAL CLIMATOLOGICAL DATA (WS FORM: F-6)
STATION: DAVENPORT IA
MONTH: OCTOBER
YEAR: 2021
LATITUDE: 41 37 N
LONGITUDE: 90 35 W
TEMPERATURE IN F: :PCPN: SNOW: WIND :SUNSHINE: SKY :PK WND
================================================================================
1 2 3 4 5 6A 6B 7 8 9 10 11 12 13 14 15 16 17 18
12Z AVG MX 2MIN
DY MAX MIN AVG DEP HDD CDD WTR SNW DPTH SPD SPD DIR MIN PSBL S-S WX SPD DR
================================================================================
1 87 58 73 14 0 8 T 0.0 0 7.3 18 160 M M 2 28 150
2 80 66 73 15 0 8 0.02 0.0 0 5.9 12 220 M M 4 13 18 160
3 78 59 69 11 0 4 T 0.0 0 6.3 14 300 M M 7 20 290
4 74 57 66 8 0 1 0.00 0.0 0 7.4 14 10 M M 9 17 30
5 73 56 65 8 0 0 0.00 0.0 0 8.6 15 70 M M 8 19 80
6 72 64 68 11 0 3 0.06 0.0 0 10.4 17 70 M M 10 18 22 70
7 73 61 67 11 0 2 0.49 0.0 0 3.9 12 140 M M 7 1 16 130
8 72 57 65 9 0 0 0.19 0.0 0 3.5 8 110 M M 6 1 10 130
9 83 57 70 14 0 5 0.00 0.0 0 9.1 17 120 M M 0 1 26 100
10 80 65 73 18 0 8 0.04 0.0 0 11.8 26 180 M M 4 3 44 180
11 71 56 64 9 1 0 0.56 0.0 0 8.5 21 40 M M 7 1 25 110
12 72 52 62 8 3 0 0.00 0.0 0 8.3 15 280 M M 3 23 290
13 72 56 64 10 1 0 1.34 0.0 0 10.2 26 280 M M 6 13 39 270
14 71 46 59 5 6 0 T 0.0 0 5.2 12 220 M M 3 8 20 260
15 61 41 51 -2 14 0 T 0.0 0 7.4 15 270 M M 5 22 270
16 62 38 50 -3 15 0 0.00 0.0 0 11.7 24 280 M M 0 8 33 290
17 69 38 54 2 11 0 0.00 0.0 0 7.0 16 270 M M 0 8 21 280
18 75 41 58 6 7 0 0.00 0.0 0 5.3 14 190 M M 0 19 190
19 73 48 61 10 4 0 0.00 0.0 0 9.0 17 180 M M 1 28 160
20 74 52 63 12 2 0 T 0.0 0 11.6 25 240 M M 3 33 260
21 57 44 51 1 14 0 0.01 0.0 0 14.3 24 260 M M 10 18 34 270
22 56 32 44 -6 21 0 T 0.0 0 7.1 15 320 M M 4 21 330
23 56 30 43 -7 22 0 0.00 0.0 0 6.0 12 60 M M 1 1 17 60
24 48 43 46 -3 19 0 1.41 0.0 0 19.0 36 70 M M 8 13 49 60
25 56 37 47 -2 18 0 0.41 0.0 0 14.7 32 10 M M 6 1 45 20
26 58 35 47 -1 18 0 0.00 0.0 0 10.0 16 100 M M 0 25 110
27 59 43 51 3 14 0 0.00 0.0 0 14.6 22 120 M M 3 29 100
28 51 46 49 2 16 0 0.52 0.0 0 12.7 18 360 M M 10 1 27 20
29 54 48 51 4 14 0 0.09 0.0 0 17.3 23 360 M M 10 1 32 10
30 61 41 51 5 14 0 0.00 0.0 0 8.8 18 360 M M 5 23 360
31 53 33 43 -3 22 0 0.00 0.0 0 13.2 26 300 M M 1 35 320
================================================================================
SM 2081 1500 256 39 5.14 0.0 296.1 M 143
================================================================================
AV 67.1 48.4 9.6 FASTST M M 5 MAX(MPH)
MISC ----> 36 70 49 60
================================================================================
NOTES:
# LAST OF SEVERAL OCCURRENCES
COLUMN 17 PEAK WIND IN M.P.H.
PRELIMINARY LOCAL CLIMATOLOGICAL DATA (WS FORM: F-6) , PAGE 2
STATION: DAVENPORT IA
MONTH: OCTOBER
YEAR: 2021
LATITUDE: 41 37 N
LONGITUDE: 90 35 W
[TEMPERATURE DATA] [PRECIPITATION DATA] SYMBOLS USED IN COLUMN 16
AVERAGE MONTHLY: 57.8 TOTAL FOR MONTH: 5.14 1 = FOG OR MIST
DPTR FM NORMAL: 5.3 DPTR FM NORMAL: 2.44 2 = FOG REDUCING VISIBILITY
HIGHEST: 87 ON 1 GRTST 24HR 1.78 ON 24-25 TO 1/4 MILE OR LESS
LOWEST: 30 ON 23 3 = THUNDER
SNOW, ICE PELLETS, HAIL 4 = ICE PELLETS
TOTAL MONTH: 0.0 INCH 5 = HAIL
GRTST 24HR 0.0 6 = FREEZING RAIN OR DRIZZLE
GRTST DEPTH: 0 7 = DUSTSTORM OR SANDSTORM:
VSBY 1/2 MILE OR LESS
8 = SMOKE OR HAZE
[NO. OF DAYS WITH] [WEATHER - DAYS WITH] 9 = BLOWING SNOW
X = TORNADO
MAX 32 OR BELOW: 0 0.01 INCH OR MORE: 12
MAX 90 OR ABOVE: 0 0.10 INCH OR MORE: 7
MIN 32 OR BELOW: 2 0.50 INCH OR MORE: 4
MIN 0 OR BELOW: 0 1.00 INCH OR MORE: 2
[HDD (BASE 65) ]
TOTAL THIS MO. 256 CLEAR (SCALE 0-3) 11
DPTR FM NORMAL -146 PTCLDY (SCALE 4-7) 13
TOTAL FM JUL 1 281 CLOUDY (SCALE 8-10) 7
DPTR FM NORMAL -237
[CDD (BASE 65) ]
TOTAL THIS MO. 39
DPTR FM NORMAL 23 [PRESSURE DATA]
TOTAL FM JAN 1 1098 HIGHEST SLP 30.29 ON 31
DPTR FM NORMAL 219 LOWEST SLP 29.51 ON 11
[REMARKS]
#FINAL-10-21#