000
CXUS54 KEWX 011010
CF6DZB
PRELIMINARY LOCAL CLIMATOLOGICAL DATA (WS FORM: F-6)
STATION: HORSESHOE BAY
MONTH: APRIL
YEAR: 2023
LATITUDE: 30 31 N
LONGITUDE: 98 22 W
TEMPERATURE IN F: :PCPN: SNOW: WIND :SUNSHINE: SKY :PK WND
================================================================================
1 2 3 4 5 6A 6B 7 8 9 10 11 12 13 14 15 16 17 18
12Z AVG MX 2MIN
DY MAX MIN AVG DEP HDD CDD WTR SNW DPTH SPD SPD DIR MIN PSBL S-S WX SPD DR
================================================================================
1 83 42 63 M 2 0 0.00 M M 3.4 8 140 M M 0 8 M M
2 88 61 75 M 0 10 0.00 M M 7.2 15 210 M M 6 8 23 180
3 96 65 81 M 0 16 0.00 M M 7.7 15 190 M M 1 18 27 180
4 89 73 81 M 0 16 0.00 M M 8.2 13 190 M M 3 8 23 170
5 76 57 67 M 0 2 0.10 M M 8.1 14 360 M M 6 18 30 270
6 58 46 52 M 13 0 0.32 M M 5.5 8 10 M M 8 38 20 10
7 54 48 51 M 14 0 0.34 M M 3.9 9 70 M M 10 13 20 70
8 65 52 59 M 6 0 0.00 M M 2.1 5 130 M M 8 1 M M
9 74 55 65 M 0 0 0.00 M M 2.3 6 130 M M 9 1 M M
10 73 53 63 M 2 0 0.00 M M 0.8 6 120 M M 4 1 M M
11 76 48 62 M 3 0 0.00 M M 2.3 8 130 M M 3 12 M M
12 78 46 62 M 3 0 0.00 M M 3.0 7 100 M M 0 16 0
13 81 50 66 M 0 1 0.00 M M 7.0 12 160 M M 0 20 160
14 83 63 73 M 0 8 0.00 M M 8.6 14 180 M M 6 21 180
15 91 62 77 M 0 12 0.00 M M 7.6 22 260 M M 2 33 260
16 75 52 64 M 1 0 0.00 M M 4.7 9 20 M M 0 18 20
17 80 46 63 M 2 0 0.00 M M 7.1 14 150 M M 0 22 150
18 79 63 71 M 0 6 0.01 M M 9.6 16 170 M M 8 24 170
19 82 68 75 M 0 10 0.00 M M 9.0 14 170 M M 10 18 22 160
20 91 65 78 M 0 13 0.25 M M 6.5 12 180 M M 7 38 21 170
21 79 56 68 M 0 3 0.01 M M 4.4 12 350 M M 4 16 350
22 80 55 68 M 0 3 0.00 M M 7.3 13 150 M M 4 21 150
23 68 49 59 M 6 0 0.00 M M 7.2 12 30 M M 10 21 30
24 72 52 62 M 3 0 0.00 M M 4.4 9 150 M M 9 17 170
25 73 61 67 M 0 2 0.00 M M 4.8 10 140 M M 9 1 20 140
26 89 64 77 M 0 12 0.13 M M 7.9 14 190 M M 7 3 21 190
27 81 59 70 M 0 5 0.00 M M 7.0 14 330 M M 3 20 320
28 93 55 74 M 0 9 0.56 M M 9.5 21 210 M M 2 3 33 210
29 76 51 64 M 1 0 0.00 M M 9.4 20 340 M M 0 29 340
30 91 46 69 M 0 4 0.00 M M 6.2 18 190 M M 0 27 180
================================================================================
SM 2374 1663 56 132 1.72 M 182.6 M 139
================================================================================
AV 79.1 55.4 6.1 FASTST M M 5 MAX(MPH)
MISC ----> 22 260 # 33 260
================================================================================
NOTES:
# LAST OF SEVERAL OCCURRENCES
COLUMN 17 PEAK WIND IN M.P.H.
PRELIMINARY LOCAL CLIMATOLOGICAL DATA (WS FORM: F-6) , PAGE 2
STATION: HORSESHOE BAY
MONTH: APRIL
YEAR: 2023
LATITUDE: 30 31 N
LONGITUDE: 98 22 W
[TEMPERATURE DATA] [PRECIPITATION DATA] SYMBOLS USED IN COLUMN 16
AVERAGE MONTHLY: 67.3 TOTAL FOR MONTH: 1.72 1 = FOG OR MIST
DPTR FM NORMAL: 0.0 DPTR FM NORMAL: M 2 = FOG REDUCING VISIBILITY
HIGHEST: 96 ON 3 GRTST 24HR 0.56 ON 28-28 TO 1/4 MILE OR LESS
LOWEST: 42 ON 1 3 = THUNDER
SNOW, ICE PELLETS, HAIL 4 = ICE PELLETS
TOTAL MONTH: M 5 = HAIL
GRTST 24HR M ON M 6 = FREEZING RAIN OR DRIZZLE
GRTST DEPTH: M ON M 7 = DUSTSTORM OR SANDSTORM:
VSBY 1/2 MILE OR LESS
8 = SMOKE OR HAZE
[NO. OF DAYS WITH] [WEATHER - DAYS WITH] 9 = BLOWING SNOW
X = TORNADO
MAX 32 OR BELOW: 0 0.01 INCH OR MORE: 8
MAX 90 OR ABOVE: 5 0.10 INCH OR MORE: 5
MIN 32 OR BELOW: 0 0.50 INCH OR MORE: 1
MIN 0 OR BELOW: 0 1.00 INCH OR MORE: 0
[HDD (BASE 65) ]
TOTAL THIS MO. 56 CLEAR (SCALE 0-3) 12
DPTR FM NORMAL M PTCLDY (SCALE 4-7) 11
TOTAL FM JUL 1 1531 CLOUDY (SCALE 8-10) 7
DPTR FM NORMAL M
[CDD (BASE 65) ]
TOTAL THIS MO. 132
DPTR FM NORMAL M [PRESSURE DATA]
TOTAL FM JAN 1 264 HIGHEST SLP M ON M
DPTR FM NORMAL M LOWEST SLP M ON M
[REMARKS]
#FINAL-04-23#